{"id":7623,"date":"2021-02-01T11:16:27","date_gmt":"2021-02-01T10:16:27","guid":{"rendered":"http:\/\/agora.xtec.cat\/inspm\/?page_id=7623"},"modified":"2026-02-03T13:09:23","modified_gmt":"2026-02-03T12:09:23","slug":"sol%e2%80%a2licitud-de-titol-academic","status":"publish","type":"page","link":"https:\/\/agora.xtec.cat\/inspm\/secretaria\/documents-secretaria\/sol%e2%80%a2licitud-de-titol-academic\/","title":{"rendered":"Sol\u2022licitud de t\u00edtol acad\u00e8mic"},"content":{"rendered":"<h3>T\u00edtols de GESO i Grau B\u00e0sic<\/h3>\n<p style=\"text-align: justify;\">Els T\u00edtols que es sol\u00b7liciten per primera vegada, els gestiona el centre d\u2019ofici.<\/p>\n<p style=\"text-align: justify;\">Els codis d&#8217;aquests t\u00edtols s\u00f3n:<\/p>\n<ul style=\"text-align: justify;\">\n<li>ESO_LOML:\u00a0codi assignat als t\u00edtols d&#8217;ESO obtinguts de forma ordin\u00e0ria.<\/li>\n<li>ESO_LOMLCFPB: codi assignat als t\u00edtols d&#8217;ESO obtinguts a partir de la superaci\u00f3 d&#8217;un cicle de formaci\u00f3 professional b\u00e0sica.<\/li>\n<li>CFPB_EE10:\u00a0codi assignat al t\u00edtol del cicle de formaci\u00f3 professional b\u00e0sica\u00a0en electricitat i electr\u00f2nica.<\/li>\n<\/ul>\n<p style=\"text-align: justify;\">Un cop l\u2019alumne\/a hagi recollit el T\u00edtol, pot sol\u00b7licitar un\u00a0<u>Duplicat\u00a0o\u00a0Actualitzaci\u00f3<\/u>\u00a0del\u00a0t\u00edtol que\u00a0es trobi en estat \u201cLliurat a l\u2019alumne\u201d.<\/p>\n<p style=\"text-align: justify;\"><strong>Instruccions\u00a0per sol\u00b7licitar\u00a0un duplicat o\u00a0una\u00a0actualitzaci\u00f3 del t\u00edtol\u00a0ja expedit<\/strong><\/p>\n<ul>\n<li><a href=\"https:\/\/drive.google.com\/file\/d\/1aZnleteMixqfHnNIiU1udFdOFfp2SXfH\/view?usp=drive_link\" target=\"_blank\" rel=\"noopener\">Com puc sol\u00b7licitar un duplicat o actualitzaci\u00f3 d&#8217;un t\u00edtol ja expedit?<\/a><\/li>\n<li style=\"text-align: justify;\"><a href=\"https:\/\/tramits.gencat.cat\/ca\/tramits\/tramits-temes\/titols-academics-no-universitaris?category=742b7874-a82c-11e3-a972-000c29052e2c\" target=\"_blank\" rel=\"noopener\" data-saferedirecturl=\"https:\/\/www.google.com\/url?q=https:\/\/tramits.gencat.cat\/ca\/tramits\/tramits-temes\/titols-academics-no-universitaris?category%3D742b7874-a82c-11e3-a972-000c29052e2c&amp;source=gmail&amp;ust=1770200888806000&amp;usg=AOvVaw23hB0vpg0xyLnK5RM2kFoR\">Sol\u00b7licitud<\/a><\/li>\n<\/ul>\n<h3 style=\"text-align: justify;\">T\u00edtol\u00a0d&#8217;ensenyaments no obligatoris<\/h3>\n<p style=\"text-align: justify;\">At\u00e8s que aquests t\u00edtols corresponen a ensenyaments no obligatoris, la seva tramitaci\u00f3 no \u00e9s d\u2019ofici sin\u00f3 que \u00e9s el propi alumne\/a qui ha de fer la sol\u00b7licitud.<\/p>\n<p style=\"text-align: justify;\"><strong>Instruccions\u00a0per sol\u00b7licitar\u00a0un t\u00edtol per primera vegada,\u00a0un duplicat o\u00a0una\u00a0actualitzaci\u00f3 del t\u00edtol\u00a0ja expedit<\/strong><\/p>\n<ul>\n<li style=\"text-align: justify;\"><a href=\"https:\/\/drive.google.com\/file\/d\/1x2yV-zYTK9qbL8iMwpe-e47ox31so9bA\/view?usp=drive_link\" target=\"_blank\" rel=\"noopener\">Com puc sol\u00b7licitar un\u00a0t\u00edtol per primera vegada?<\/a><em>\u00a0<\/em><\/li>\n<li style=\"text-align: justify;\"><a href=\"https:\/\/drive.google.com\/file\/d\/1aZnleteMixqfHnNIiU1udFdOFfp2SXfH\/view?usp=drive_link\" target=\"_blank\" rel=\"noopener\">Com puc sol\u00b7licitar un duplicat o actualitzaci\u00f3 d&#8217;un t\u00edtol ja expedit?<\/a><\/li>\n<li style=\"text-align: justify;\"><a href=\"https:\/\/tramits.gencat.cat\/ca\/tramits\/tramits-temes\/titols-academics-no-universitaris?category=742b7874-a82c-11e3-a972-000c29052e2c\" target=\"_blank\" rel=\"noopener\" data-saferedirecturl=\"https:\/\/www.google.com\/url?q=https:\/\/tramits.gencat.cat\/ca\/tramits\/tramits-temes\/titols-academics-no-universitaris?category%3D742b7874-a82c-11e3-a972-000c29052e2c&amp;source=gmail&amp;ust=1770200888806000&amp;usg=AOvVaw23hB0vpg0xyLnK5RM2kFoR\">Sol\u00b7licitud del t\u00edtol<\/a><\/li>\n<\/ul>\n<p style=\"text-align: justify;\"><strong>Batxillerat<\/strong><\/p>\n<p style=\"text-align: justify;\">Els codis dels t\u00edtols de batxiller en funci\u00f3 de la modalitat i la via cursada s\u00f3n:<\/p>\n<ul style=\"text-align: justify;\">\n<li>BATXLLOE2000: T\u00edtol de batxiller en la modalitat de ci\u00e8ncies i tecnologia<\/li>\n<li>BATXLLOE3000:\u00a0T\u00edtol de batxiller en la modalitat d&#8217;humanitats i ci\u00e8ncies socials<\/li>\n<\/ul>\n<p style=\"text-align: justify;\">Els codis dels t\u00edtols de cicles formatius en funci\u00f3 de la modalitat cursada s\u00f3n:<\/p>\n<p style=\"text-align: justify;\"><strong>Grau mitj\u00e0<\/strong><\/p>\n<ul style=\"text-align: justify;\">\n<li>CFPM AE10: T\u00edtol de t\u00e8cnic en guia del medi natural i de temps de lleure<\/li>\n<li>CFPM AG10: T\u00edtol de t\u00e8cnic en gesti\u00f3 administrativa<\/li>\n<li>CFPM AR50: T\u00edtol de t\u00e8cnic en jardineria i floristeria<\/li>\n<li>CFPM CM10: T\u00edtol de t\u00e8cnic en activitats comercials<\/li>\n<li>CFPM EE10: T\u00edtol de t\u00e8cnic en instal\u00b7lacions el\u00e8ctriques i autom\u00e0tiques<\/li>\n<li>CFPM TM10: T\u00edtol de t\u00e8cnic\u00a0en electromec\u00e0nica de vehicles autom\u00f2bils<\/li>\n<\/ul>\n<p style=\"text-align: justify;\"><strong>Grau superior<\/strong><\/p>\n<ul style=\"text-align: justify;\">\n<li>CFPS AGB0: T\u00edtol de t\u00e8cnic superior en administraci\u00f3 i finances<\/li>\n<li>CFPS CMD0: T\u00edtol de t\u00e8cnic superior en m\u00e0rqueting i publicitat<\/li>\n<\/ul>\n<p style=\"text-align: justify;\"><strong>Ensenyaments esportius<\/strong><\/p>\n<ul style=\"text-align: justify;\">\n<li>TEGM8201: T\u00e8cnic esportiu en futbol<\/li>\n<li>TEGMBA10: T\u00e8cnic esportiu en basquetbol<\/li>\n<\/ul>\n<p style=\"text-align: justify;\">Per saber quan pots venir a\u00a0<u><strong>recollir\u00a0<\/strong><\/u><u><strong>el\u00a0teu\u00a0t\u00edtol<\/strong><\/u>, pots consultar l&#8217;estat del tr\u00e0mit a la teva\u00a0<a href=\"https:\/\/ovt.gencat.cat\/carpetaciutadana360\/mfe-main-app\/?set-locale=ca_ES#\/acces\" target=\"_blank\" rel=\"noopener\" data-saferedirecturl=\"https:\/\/www.google.com\/url?q=https:\/\/ovt.gencat.cat\/carpetaciutadana360\/mfe-main-app\/?set-locale%3Dca_ES%23\/acces&amp;source=gmail&amp;ust=1770200888806000&amp;usg=AOvVaw3W0Ro8BN5CLMXyTWN19bAf\">\u00c0rea privada<\/a>\u00a0(amb l&#8217;idCAT M\u00f2bil o el certificat digital).\u00a0Quan l&#8217;estat sigui &#8220;T\u00edtol lliurat al centre&#8221;, ja pots anar al teu centre a recollir-lo.<\/p>\n<p style=\"text-align: justify;\">\n","protected":false},"excerpt":{"rendered":"<p>T\u00edtols de GESO i Grau B\u00e0sic<br \/>\nEls T\u00edtols que es sol\u00b7liciten per primera vegada, els gestiona el centre d\u2019ofici.<br \/>\nEls codis d&#8217;aquests t\u00edtols s\u00f3n:<\/p>\n<ul style=\"text-align: justify;\">\n<li>ESO_LOML:\u00a0codi assignat als t\u00edtols d&#8217;ESO obtinguts de forma ordin\u00e0ria.<\/li>\n<li>ESO_LOMLCFPB: codi assignat als t\u00edtols d&#8217;ESO obtinguts a partir de la superaci\u00f3 d&#8217;un cicle&hellip;  <a href=\"https:\/\/agora.xtec.cat\/inspm\/secretaria\/documents-secretaria\/sol%e2%80%a2licitud-de-titol-academic\/\" title=\"Read Sol\u2022licitud de t\u00edtol acad\u00e8mic\">Llegeix m\u00e9s\u00bb<\/a><br \/>\n","protected":false},"author":502,"featured_media":0,"parent":7615,"menu_order":30,"comment_status":"closed","ping_status":"closed","template":"page-templates\/side-menu.php","meta":{"_bbp_topic_count":0,"_bbp_reply_count":0,"_bbp_total_topic_count":0,"_bbp_total_reply_count":0,"_bbp_voice_count":0,"_bbp_anonymous_reply_count":0,"_bbp_topic_count_hidden":0,"_bbp_reply_count_hidden":0,"_bbp_forum_subforum_count":0,"footnotes":""},"class_list":["post-7623","page","type-page","status-publish","hentry"],"post_mailing_queue_ids":[],"_links":{"self":[{"href":"https:\/\/agora.xtec.cat\/inspm\/wp-json\/wp\/v2\/pages\/7623","targetHints":{"allow":["GET"]}}],"collection":[{"href":"https:\/\/agora.xtec.cat\/inspm\/wp-json\/wp\/v2\/pages"}],"about":[{"href":"https:\/\/agora.xtec.cat\/inspm\/wp-json\/wp\/v2\/types\/page"}],"author":[{"embeddable":true,"href":"https:\/\/agora.xtec.cat\/inspm\/wp-json\/wp\/v2\/users\/502"}],"replies":[{"embeddable":true,"href":"https:\/\/agora.xtec.cat\/inspm\/wp-json\/wp\/v2\/comments?post=7623"}],"version-history":[{"count":7,"href":"https:\/\/agora.xtec.cat\/inspm\/wp-json\/wp\/v2\/pages\/7623\/revisions"}],"predecessor-version":[{"id":13268,"href":"https:\/\/agora.xtec.cat\/inspm\/wp-json\/wp\/v2\/pages\/7623\/revisions\/13268"}],"up":[{"embeddable":true,"href":"https:\/\/agora.xtec.cat\/inspm\/wp-json\/wp\/v2\/pages\/7615"}],"wp:attachment":[{"href":"https:\/\/agora.xtec.cat\/inspm\/wp-json\/wp\/v2\/media?parent=7623"}],"curies":[{"name":"wp","href":"https:\/\/api.w.org\/{rel}","templated":true}]}}