{"id":5524,"date":"2019-03-03T19:45:13","date_gmt":"2019-03-03T18:45:13","guid":{"rendered":"http:\/\/agora.xtec.cat\/inspm\/?page_id=5524"},"modified":"2026-03-07T13:39:26","modified_gmt":"2026-03-07T12:39:26","slug":"pfi-auxiliar-de-vivers-i-jardins","status":"publish","type":"page","link":"https:\/\/agora.xtec.cat\/inspm\/estudis\/programes-de-formacio-i-insercio\/pfi-auxiliar-de-vivers-i-jardins\/","title":{"rendered":"PFI Auxiliar de Vivers i Jardins"},"content":{"rendered":"<p style=\"text-align: justify;\"><a href=\"https:\/\/sites.google.com\/ipm.cat\/ipmaulajardi\" rel=\"attachment wp-att-898\"><img loading=\"lazy\" decoding=\"async\" class=\"wp-image-898 size-large aligncenter\" src=\"http:\/\/agora.xtec.cat\/inspm\/wp-content\/uploads\/usu581\/2016\/01\/mesinfo-1024x81.jpg\" alt=\"mesinfo\" width=\"1024\" height=\"81\" srcset=\"https:\/\/agora.xtec.cat\/inspm\/wp-content\/uploads\/usu581\/2016\/01\/mesinfo-1024x81.jpg 1024w, https:\/\/agora.xtec.cat\/inspm\/wp-content\/uploads\/usu581\/2016\/01\/mesinfo-300x24.jpg 300w, https:\/\/agora.xtec.cat\/inspm\/wp-content\/uploads\/usu581\/2016\/01\/mesinfo-768x61.jpg 768w, https:\/\/agora.xtec.cat\/inspm\/wp-content\/uploads\/usu581\/2016\/01\/mesinfo.jpg 1890w\" sizes=\"auto, (max-width: 1024px) 100vw, 1024px\" \/><\/a><\/p>\n<p style=\"text-align: center;\"><iframe loading=\"lazy\" src=\" https:\/\/drive.google.com\/file\/d\/1yXzSzhl3Fq_4NWSRAcZ5ucOp0BuLjOV8\/preview\" width=\"100%\" height=\"1200\"><\/iframe><\/p>\n<p style=\"text-align: justify;\"><strong>Fam\u00edlia professional<\/strong>: Agr\u00e0ria<br \/>\n<strong>T\u00edtol de refer\u00e8ncia<\/strong>: Professional b\u00e0sic en agro-jardineria i composicions florals<br \/>\n<strong>Durada total<\/strong>: 1000 hores<\/p>\n\r\n\t<div class=\"slideshow_container slideshow_container_style-light\" style=\" \" data-slideshow-id=\"10037\" data-style-name=\"style-light\" data-style-version=\"2.3.1\" >\r\n\r\n\t\t\t\t\t<div class=\"slideshow_loading_icon\"><\/div>\r\n\t\t\r\n\t\t<div class=\"slideshow_content\" style=\"display: none;\">\r\n\r\n\t\t\t<div class=\"slideshow_view\">\r\n\t\t\t\t<div class=\"slideshow_slide slideshow_slide_image\">\r\n\t\t\t\t\t\t\t\t\t\t\t<img src=\"https:\/\/agora.xtec.cat\/inspm\/wp-content\/uploads\/usu581\/2023\/02\/PFIj01_1024.jpg\" alt=\"PFI Jardins 1\" width=\"1024\" height=\"1170\" \/>\r\n\t\t\t\t\t\t\t\t\t\t<div class=\"slideshow_description_box slideshow_transparent\">\r\n\t\t\t\t\t\t<div class=\"slideshow_title\">PFI Jardins 1<\/div>\t\t\t\t\t\t\t\t\t\t\t<\/div>\r\n\t\t\t\t<\/div>\r\n\r\n\t\t\t\t\t\t<div style=\"clear: both;\"><\/div><\/div><div class=\"slideshow_view\">\r\n\t\t\t\t<div class=\"slideshow_slide slideshow_slide_image\">\r\n\t\t\t\t\t\t\t\t\t\t\t<img src=\"https:\/\/agora.xtec.cat\/inspm\/wp-content\/uploads\/usu581\/2023\/02\/PFIj02_1024.jpg\" alt=\"PFI Jardins 2\" width=\"1024\" height=\"909\" \/>\r\n\t\t\t\t\t\t\t\t\t\t<div class=\"slideshow_description_box slideshow_transparent\">\r\n\t\t\t\t\t\t<div class=\"slideshow_title\">PFI Jardins 2<\/div>\t\t\t\t\t\t\t\t\t\t\t<\/div>\r\n\t\t\t\t<\/div>\r\n\r\n\t\t\t\t\t\t<div style=\"clear: both;\"><\/div><\/div><div class=\"slideshow_view\">\r\n\t\t\t\t<div class=\"slideshow_slide slideshow_slide_image\">\r\n\t\t\t\t\t\t\t\t\t\t\t<img src=\"https:\/\/agora.xtec.cat\/inspm\/wp-content\/uploads\/usu581\/2023\/02\/PFIj03_1024.jpg\" alt=\"PFI Jardins 3\" width=\"1024\" height=\"1274\" \/>\r\n\t\t\t\t\t\t\t\t\t\t<div class=\"slideshow_description_box slideshow_transparent\">\r\n\t\t\t\t\t\t<div class=\"slideshow_title\">PFI Jardins 3<\/div>\t\t\t\t\t\t\t\t\t\t\t<\/div>\r\n\t\t\t\t<\/div>\r\n\r\n\t\t\t\t\t\t<div style=\"clear: both;\"><\/div><\/div>\r\n\t\t<\/div>\r\n\r\n\t\t<div class=\"slideshow_controlPanel slideshow_transparent\" style=\"display: none;\"><ul><li class=\"slideshow_togglePlay\" data-play-text=\"Visualitza\" data-pause-text=\"Pausa\"><\/li><\/ul><\/div>\r\n\r\n\t\t<div class=\"slideshow_button slideshow_previous slideshow_transparent\" role=\"button\" data-previous-text=\"Anterior\" style=\"display: none;\"><\/div>\r\n\t\t<div class=\"slideshow_button slideshow_next slideshow_transparent\" role=\"button\" data-next-text=\"Seg\u00fcent\" style=\"display: none;\"><\/div>\r\n\r\n\t\t<div class=\"slideshow_pagination\" style=\"display: none;\" data-go-to-text=\"V\u00e9s a la diapositiva\"><div class=\"slideshow_pagination_center\"><\/div><\/div>\r\n\r\n\t\t<!-- WordPress Slideshow Version 2.3.1 -->\r\n\r\n\t\t\t<\/div>\r\n\r\n\n<p style=\"text-align: justify;\">Els programes de formaci\u00f3 i inserci\u00f3 s\u2019estructuren en:<\/p>\n<ol style=\"text-align: justify;\">\n<li>M\u00f2duls de formaci\u00f3 professional, per a l\u2019assoliment de les compet\u00e8ncies professionals, que inclouen un m\u00f2dul de pr\u00e0ctiques en alternan\u00e7a en centres de treball.<\/li>\n<li>M\u00f2duls de formaci\u00f3 general per a l\u2019adquisici\u00f3 de compet\u00e8ncies instrumentals b\u00e0siques.<\/li>\n<li>Accions de seguiment i orientaci\u00f3 de l\u2019alumne.<\/li>\n<\/ol>\n<p style=\"text-align: justify;\">Els <strong>m\u00f2duls<\/strong> d\u2019aquest perfil professional s\u00f3n els que a continuaci\u00f3 es relacionen:<\/p>\n<ul>\n<li>3053. Operacions b\u00e0siques de producci\u00f3 i manteniment de plantes en vivers i centres de jardineria.<\/li>\n<li>3055. Operacions b\u00e0siques en instal\u00b7laci\u00f3 de jardins, parcs i zones verdes.<\/li>\n<li>3056. Operacions b\u00e0siques per al manteniment de jardins, parcs i zones verdes.<\/li>\n<li>MFPE004. Treballs auxiliars en l\u2019elaboraci\u00f3 de composicions amb flors i plantes.<\/li>\n<li>MFPE005. Serveis b\u00e0sics de floristeria i atenci\u00f3 al p\u00fablic.<\/li>\n<li>MFCT. Formaci\u00f3 en Centres de Treball.<\/li>\n<li>MPI. Projecte Integrat.<\/li>\n<li>MPRL. Prevenci\u00f3 de Riscos Laborals.<\/li>\n<\/ul>\n<p>Aquest perfil desenvolupa les seg\u00fcents <strong>compet\u00e8ncies<\/strong>:<\/p>\n<ol style=\"list-style-type: lower-alpha; text-align: justify;\">\n<li>Preparar i realitzar operacions auxiliars de muntatge, manteniment, neteja i desinfecci\u00f3 d\u2019infraestructures, instal\u00b7lacions, depend\u00e8ncies de floristeria, maquin\u00e0ria i equips, segons procedeixi, garantint e l seu funcionament i higiene.<\/li>\n<li>Preparar el terreny i el substrat per a la implantaci\u00f3 i producci\u00f3 del material vegetal, tenint en compte el seu \u00fas posterior, amb la maquin\u00e0ria, eines i estris necessaris.<\/li>\n<li>Sembrar, plantar o trasplantar cultius, distribuint-los sobre el terreny d&#8217;acord a les especificacions i aconseguint un bon arrelament.<\/li>\n<li>Regar el cultiu i realitzar les tasques culturals utilitzant les t\u00e8cniques que assegurin la satisfacci\u00f3 de l e s seves necessitats h\u00eddriques i el bon desenvolupament del cultiu.<\/li>\n<li>Abonar els cultius de forma homog\u00e8nia i aplicar tractaments fitosanitaris, en la dosi, moment i amb l&#8217;equip indicat, per satisfer les seves necessitats o manques nutritives i per mantenir la sanitat de les plantes.<\/li>\n<li>Rebre i emmagatzemar material de floristeria i auxiliars, atenent lescaracter\u00edstiques del producte acabat.<\/li>\n<li>Realitzar els treballs b\u00e0sics per a la multiplicaci\u00f3 sexual del material vegetal, per dur a terme les tasques de producci\u00f3 de planta en viver.<\/li>\n<li>Muntar i desmuntar treballs de decoraci\u00f3 floral cuidant la seva presentaci\u00f3 per al punt de venda, seguint els criteris del personal decategoria superior, atenent a la tipologia dels materials i mat\u00e8ries primes emprades i el seu tractament.<\/li>\n<li>Embolcallar composicions florals i\/o amb plantes amb criteris est\u00e8tics per a seu \u00f2ptima presentaci\u00f3, aplicant t\u00e8cniques d&#8217;atenci\u00f3 alclient.<\/li>\n<li>Realitzar la neteja i cura de zones enjardinades, executant petites reparacions.<\/li>\n<li>Adaptar-se a les noves situacions laborals originades per canvis tecnol\u00f2gics i organitzatius en la seva activitat laboral, utilitzant les ofertes formatives al seu abast i localitzant els recursos mitjan\u00e7ant les tecnologies de la informaci\u00f3 i la comunicaci\u00f3.<\/li>\n<li>Complir les tasques pr\u00f2pies del seu nivell amb autonomia i responsabilitat, emprant criteris de qualitat i efici\u00e8ncia en el treball assignat i efectuant-lo de forma individual o com a membre d\u2019un equip.<\/li>\n<li>Comunicar-se efica\u00e7ment, respectant l\u2019autonomia i compet\u00e8ncia de les diferents persones que intervenen en el seu \u00e0mbit de treball, contribuint a la qualitat del treball realitzat.<\/li>\n<li>Assumir i complir les mesures de prevenci\u00f3 de riscos i seguretat laboral en la realitzaci\u00f3 de les activitats laborals evitant danys personals, laborals i ambientals.<\/li>\n<li>Actuar amb esperit emprenedor, iniciativa personal i responsabilitat en la realitzaci\u00f3 dels procediments de la seva activitat professional.<\/li>\n<\/ol>\n<div style=\"text-align: justify;\">\u00a0Les ocupacions i llocs de treball m\u00e9s rellevants s\u00f3n els seg\u00fcents:<\/div>\n<div><\/div>\n<ul style=\"list-style-type: square;\">\n<li style=\"text-align: justify;\">Pe\u00f3 agr\u00edcola.<\/li>\n<li style=\"text-align: justify;\">Pe\u00f3 agropecuari.<\/li>\n<li style=\"text-align: justify;\">Pe\u00f3 en horticultura.<\/li>\n<li style=\"text-align: justify;\">Pe\u00f3 en fructicultura.<\/li>\n<li style=\"text-align: justify;\">Pe\u00f3 en cultius herbacis.<\/li>\n<li style=\"text-align: justify;\">Pe\u00f3 en cultius de flor tallada.<\/li>\n<li style=\"text-align: justify;\">Pe\u00f3 de jardineria.<\/li>\n<li style=\"text-align: justify;\">Pe\u00f3 de viver.<\/li>\n<li style=\"text-align: justify;\">Pe\u00f3 de centres de jardineria.<\/li>\n<li style=\"text-align: justify;\">Pe\u00f3 de camps esportius.<\/li>\n<li style=\"text-align: justify;\">Pe\u00f3 de floristeria.<\/li>\n<li style=\"text-align: justify;\">Auxiliar de floristeria.<\/li>\n<li style=\"text-align: justify;\">Auxiliar de magatzem de flors.<\/li>\n<\/ul>\n<h2 style=\"text-align: right;\"><a href=\"https:\/\/www.instagram.com\/aulajardi\/\" target=\"_blank\" rel=\"noopener\">Instagram<\/a><\/h2>\n","protected":false},"excerpt":{"rendered":"<p><a href=\"https:\/\/sites.google.com\/ipm.cat\/ipmaulajardi\" rel=\"attachment wp-att-898\"><\/a><\/p>\n<p>Fam\u00edlia professional: Agr\u00e0ria<br \/>\nT\u00edtol de refer\u00e8ncia: Professional b\u00e0sic en agro-jardineria i composicions florals<br \/>\nDurada total: 1000 hores<\/p>\n<p>\t\t\t\t\t\tPFI Jardins 1\t\t\t\t\t\t\t\t\t\t\t<\/p>\n<p>\t\t\t\t\t\tPFI Jardins 2\t\t\t\t\t\t\t\t\t\t\t<\/p>\n<p>\t\t\t\t\t\tPFI Jardins 3\t\t\t\t\t\t\t\t\t\t\t<\/p>\n<ul>\n<li class=\"slideshow_togglePlay\" data-play-text=\"Visualitza\" data-pause-text=\"Pausa\"><\/li>\n<\/ul>\n<p>Els programes de formaci\u00f3 i inserci\u00f3 s\u2019estructuren en:<\/p>\n<ol style=\"text-align: justify;\">\n<li>M\u00f2duls de formaci\u00f3 professional, per a l\u2019assoliment de les compet\u00e8ncies&hellip;  <a href=\"https:\/\/agora.xtec.cat\/inspm\/estudis\/programes-de-formacio-i-insercio\/pfi-auxiliar-de-vivers-i-jardins\/\" title=\"Read PFI Auxiliar de Vivers i Jardins\">Llegeix m\u00e9s\u00bb<\/a><br \/>\n","protected":false},"author":502,"featured_media":0,"parent":2737,"menu_order":1,"comment_status":"closed","ping_status":"closed","template":"page-templates\/side-menu.php","meta":{"_bbp_topic_count":0,"_bbp_reply_count":0,"_bbp_total_topic_count":0,"_bbp_total_reply_count":0,"_bbp_voice_count":0,"_bbp_anonymous_reply_count":0,"_bbp_topic_count_hidden":0,"_bbp_reply_count_hidden":0,"_bbp_forum_subforum_count":0,"footnotes":""},"class_list":["post-5524","page","type-page","status-publish","hentry"],"post_mailing_queue_ids":[],"_links":{"self":[{"href":"https:\/\/agora.xtec.cat\/inspm\/wp-json\/wp\/v2\/pages\/5524","targetHints":{"allow":["GET"]}}],"collection":[{"href":"https:\/\/agora.xtec.cat\/inspm\/wp-json\/wp\/v2\/pages"}],"about":[{"href":"https:\/\/agora.xtec.cat\/inspm\/wp-json\/wp\/v2\/types\/page"}],"author":[{"embeddable":true,"href":"https:\/\/agora.xtec.cat\/inspm\/wp-json\/wp\/v2\/users\/502"}],"replies":[{"embeddable":true,"href":"https:\/\/agora.xtec.cat\/inspm\/wp-json\/wp\/v2\/comments?post=5524"}],"version-history":[{"count":6,"href":"https:\/\/agora.xtec.cat\/inspm\/wp-json\/wp\/v2\/pages\/5524\/revisions"}],"predecessor-version":[{"id":13366,"href":"https:\/\/agora.xtec.cat\/inspm\/wp-json\/wp\/v2\/pages\/5524\/revisions\/13366"}],"up":[{"embeddable":true,"href":"https:\/\/agora.xtec.cat\/inspm\/wp-json\/wp\/v2\/pages\/2737"}],"wp:attachment":[{"href":"https:\/\/agora.xtec.cat\/inspm\/wp-json\/wp\/v2\/media?parent=5524"}],"curies":[{"name":"wp","href":"https:\/\/api.w.org\/{rel}","templated":true}]}}