{"id":5431,"date":"2019-01-25T16:00:40","date_gmt":"2019-01-25T15:00:40","guid":{"rendered":"http:\/\/agora.xtec.cat\/inspm\/?page_id=5431"},"modified":"2022-11-30T08:54:18","modified_gmt":"2022-11-30T07:54:18","slug":"salut-i-escola","status":"publish","type":"page","link":"https:\/\/agora.xtec.cat\/inspm\/serveis\/salut-i-escola\/","title":{"rendered":"Programa Salut i Escola de l\u2019Equip d\u2019Atenci\u00f3 Prim\u00e0ria Premi\u00e0 de Mar"},"content":{"rendered":"<p style=\"text-align: justify;\"><strong><a href=\"https:\/\/agora.xtec.cat\/inspm\/wp-content\/uploads\/usu581\/2019\/01\/Salut-i-escola.jpg\"><img loading=\"lazy\" decoding=\"async\" class=\"aligncenter wp-image-5432 size-medium\" src=\"https:\/\/agora.xtec.cat\/inspm\/wp-content\/uploads\/usu581\/2019\/01\/Salut-i-escola-300x120.jpg\" alt=\"\" width=\"300\" height=\"120\" srcset=\"https:\/\/agora.xtec.cat\/inspm\/wp-content\/uploads\/usu581\/2019\/01\/Salut-i-escola-300x120.jpg 300w, https:\/\/agora.xtec.cat\/inspm\/wp-content\/uploads\/usu581\/2019\/01\/Salut-i-escola.jpg 430w\" sizes=\"auto, (max-width: 300px) 100vw, 300px\" \/><\/a><\/strong><\/p>\n<p style=\"text-align: justify;\">El <a href=\"https:\/\/salutpublica.gencat.cat\/ca\/ambits\/promocio_salut\/salut-i-escola\/\" target=\"_blank\" rel=\"noopener\">PROGRAMA SALUT I ESCOLA DE CATALUNYA (PSiE)<\/a> va n\u00e9ixer l\u2019any 2004 mitjan\u00e7ant un conveni de col\u00b7laboraci\u00f3 entre els Departaments de Salut i d\u2019Educaci\u00f3 amb el prop\u00f2sit de potenciar la coordinaci\u00f3 dels serveis sanitaris i els centres docents i serveis educatius en accions de promoci\u00f3 de la salut adre\u00e7ada als alumnes. Una adaptaci\u00f3 dels serveis sanitaris per tal d\u2019afavorir l\u2019accessibilitat de la poblaci\u00f3 infantojuvenil, principalment els adolescents, als programes de salut amb garanties de privacitat i confidencialitat mitjan\u00e7ant els professionals sanitaris d&#8217;infermeria dels equips d&#8217;atenci\u00f3 prim\u00e0ria de salut que es desplacen als centres educatius del seu territori en la seva vessant de salut comunit\u00e0ria.<\/p>\n<p style=\"text-align: justify;\">Es tracta d&#8217;un Programa integral i transversal en un \u00e0mbit extrasanitari, el centre educatiu, que representa l&#8217;espai natural d&#8217;aprenentatge i formaci\u00f3 dels infants i joves on es manifesten m\u00e9s prematurament els signes d\u2019alerta de problemes de salut, en els quals una detecci\u00f3 preco\u00e7 i coordinada pot ser la primera acci\u00f3 per iniciar un proc\u00e9s d\u2019ajuda a les necessitats, moltes vegades manifestades en conductes de risc.<\/p>\n<p style=\"text-align: justify;\">La finalitat del Programa \u00e9s millorar la salut dels infants i adolescents, apropar els programes de promoci\u00f3 de salut i prevenci\u00f3 de la malaltia, millorar el seu benestar biopsicosocial, promoure l&#8217;adquisici\u00f3 de coneixements per manegar la seva salut de manera satisfact\u00f2ria i empoderar-los mitjan\u00e7ant l&#8217;educaci\u00f3 per a la salut, afavorir l\u2019accessibilitat dels adolescents als serveis sanitaris, detectar preco\u00e7ment problemes de salut dels alumnes i les situacions de vulnerabilitat, prevenir conductes de risc, resoldre dubtes relacionades, tot treballant en xarxa amb altres professionals experts.<\/p>\n<p style=\"text-align: justify;\">Els \u00e0mbits d\u2019intervenci\u00f3 prioritaris s\u00f3n la salut mental i el benestar emocional, la salut sexual i afectiva, el consum de subst\u00e0ncies addictives (drogues, alcohol i tabac) incloent les addiccions comportaments (TICs, xarxes socials, videojocs,&#8230;), els h\u00e0bits saludables (alimentaci\u00f3 saludable, activitat f\u00edsica, horaris\/son, higiene..), els maltractaments i viol\u00e8ncies (masclista, familiar, entre iguals,&#8230;), la salut social i entorn (pertinen\u00e7a a bandes, immigraci\u00f3,&#8230;).<\/p>\n<p style=\"text-align: justify;\">La poblaci\u00f3 objecte del programa s\u00f3n adolescents que cursen 3r i 4t d\u2019ESO per\u00f2 tamb\u00e9 est\u00e0 obert a 1r i 2on d\u2019ESO i Batxillerat ja que entenem que la salut \u00e9s universal i es fonamenta en el principi d\u2019equitat.<\/p>\n<p>Les intervencions en els centres educatius dins del marc del PSiE s\u00f3n:<\/p>\n<ol>\n<li>La Consulta Oberta: adre\u00e7ada als alumnes de manera individual.<\/li>\n<li>Les Activitats d\u2019educaci\u00f3 i promoci\u00f3 de la salut i prevenci\u00f3 de la malaltia: adre\u00e7ada tamb\u00e9 als alumnes per\u00f2 de manera grupal (grup classe).<\/li>\n<li>L\u2019assessorament en temes de salut que pugui necessitar el centre educatiu: la infermera del PSiE \u00e9s la referent de salut per al centre educatiu.<\/li>\n<\/ol>\n<p style=\"text-align: justify;\">Per a la Consulta Oberta, una infermera del centre d\u2019atenci\u00f3 prim\u00e0ria es despla\u00e7a unes hores setmanals presencials al centre docent. L\u2019alumne pot anar a consulta de manera espont\u00e0nia amb garantia de privacitat i confidencialitat. Els horaris de consulta en el centre es van determinant curs a curs.<\/p>\n","protected":false},"excerpt":{"rendered":"<p><a href=\"https:\/\/agora.xtec.cat\/inspm\/wp-content\/uploads\/usu581\/2019\/01\/Salut-i-escola.jpg\"><\/a><br \/>\nEl <a href=\"https:\/\/salutpublica.gencat.cat\/ca\/ambits\/promocio_salut\/salut-i-escola\/\" target=\"_blank\" rel=\"noopener\">PROGRAMA SALUT I ESCOLA DE CATALUNYA (PSiE)<\/a> va n\u00e9ixer l\u2019any 2004 mitjan\u00e7ant un conveni de col\u00b7laboraci\u00f3 entre els Departaments de Salut i d\u2019Educaci\u00f3 amb el prop\u00f2sit de potenciar la coordinaci\u00f3 dels serveis sanitaris i els centres docents i serveis educatius&hellip;  <a href=\"https:\/\/agora.xtec.cat\/inspm\/serveis\/salut-i-escola\/\" title=\"Read Programa Salut i Escola de l\u2019Equip d\u2019Atenci\u00f3 Prim\u00e0ria Premi\u00e0 de Mar\">Llegeix m\u00e9s\u00bb<\/a><\/p>\n","protected":false},"author":502,"featured_media":0,"parent":63,"menu_order":0,"comment_status":"closed","ping_status":"closed","template":"page-templates\/side-menu.php","meta":{"_bbp_topic_count":0,"_bbp_reply_count":0,"_bbp_total_topic_count":0,"_bbp_total_reply_count":0,"_bbp_voice_count":0,"_bbp_anonymous_reply_count":0,"_bbp_topic_count_hidden":0,"_bbp_reply_count_hidden":0,"_bbp_forum_subforum_count":0,"footnotes":""},"class_list":["post-5431","page","type-page","status-publish","hentry"],"post_mailing_queue_ids":[],"_links":{"self":[{"href":"https:\/\/agora.xtec.cat\/inspm\/wp-json\/wp\/v2\/pages\/5431","targetHints":{"allow":["GET"]}}],"collection":[{"href":"https:\/\/agora.xtec.cat\/inspm\/wp-json\/wp\/v2\/pages"}],"about":[{"href":"https:\/\/agora.xtec.cat\/inspm\/wp-json\/wp\/v2\/types\/page"}],"author":[{"embeddable":true,"href":"https:\/\/agora.xtec.cat\/inspm\/wp-json\/wp\/v2\/users\/502"}],"replies":[{"embeddable":true,"href":"https:\/\/agora.xtec.cat\/inspm\/wp-json\/wp\/v2\/comments?post=5431"}],"version-history":[{"count":3,"href":"https:\/\/agora.xtec.cat\/inspm\/wp-json\/wp\/v2\/pages\/5431\/revisions"}],"predecessor-version":[{"id":9926,"href":"https:\/\/agora.xtec.cat\/inspm\/wp-json\/wp\/v2\/pages\/5431\/revisions\/9926"}],"up":[{"embeddable":true,"href":"https:\/\/agora.xtec.cat\/inspm\/wp-json\/wp\/v2\/pages\/63"}],"wp:attachment":[{"href":"https:\/\/agora.xtec.cat\/inspm\/wp-json\/wp\/v2\/media?parent=5431"}],"curies":[{"name":"wp","href":"https:\/\/api.w.org\/{rel}","templated":true}]}}