{"id":4927,"date":"2018-09-27T12:15:07","date_gmt":"2018-09-27T10:15:07","guid":{"rendered":"http:\/\/agora.xtec.cat\/inspm\/?page_id=4927"},"modified":"2026-03-07T13:33:25","modified_gmt":"2026-03-07T12:33:25","slug":"pfi-auxiliar-dactivitats-doficina-i-en-serveis-administratius-generals","status":"publish","type":"page","link":"https:\/\/agora.xtec.cat\/inspm\/estudis\/programes-de-formacio-i-insercio\/pfi-auxiliar-dactivitats-doficina-i-en-serveis-administratius-generals\/","title":{"rendered":"PFI Auxiliar d\u2019activitats d&#8217;oficina i en serveis administratius generals"},"content":{"rendered":"<p style=\"text-align: center;\"><iframe loading=\"lazy\" src=\" https:\/\/drive.google.com\/file\/d\/1yXzSzhl3Fq_4NWSRAcZ5ucOp0BuLjOV8\/preview\" width=\"100%\" height=\"1200\"><\/iframe><\/p>\n<p>&nbsp;<br \/>\n<strong>Fam\u00edlia professional<\/strong>: Administraci\u00f3 i gesti\u00f3<br \/>\n<strong>T\u00edtol de refer\u00e8ncia<\/strong>: Professional b\u00e0sic en serveis administratius<br \/>\n<strong>Durada total<\/strong>: 1000 hores<\/p>\n\r\n\t<div class=\"slideshow_container slideshow_container_style-light\" style=\"height: 400px; \" data-slideshow-id=\"6873\" data-style-name=\"style-light\" data-style-version=\"2.3.1\" >\r\n\r\n\t\t\t\t\t<div class=\"slideshow_loading_icon\"><\/div>\r\n\t\t\r\n\t\t<div class=\"slideshow_content\" style=\"display: none;\">\r\n\r\n\t\t\t<div class=\"slideshow_view\">\r\n\t\t\t\t<div class=\"slideshow_slide slideshow_slide_image\">\r\n\t\t\t\t\t\t\t\t\t\t\t<img src=\"https:\/\/agora.xtec.cat\/inspm\/wp-content\/uploads\/usu581\/2020\/04\/PFI-Admin-1.jpg\" alt=\"PFI Admin 1\" width=\"640\" height=\"480\" \/>\r\n\t\t\t\t\t\t\t\t\t\t<div class=\"slideshow_description_box slideshow_transparent\">\r\n\t\t\t\t\t\t<div class=\"slideshow_title\">PFI Admin 1<\/div>\t\t\t\t\t\t\t\t\t\t\t<\/div>\r\n\t\t\t\t<\/div>\r\n\r\n\t\t\t\t\t\t<div style=\"clear: both;\"><\/div><\/div><div class=\"slideshow_view\">\r\n\t\t\t\t<div class=\"slideshow_slide slideshow_slide_image\">\r\n\t\t\t\t\t\t\t\t\t\t\t<img src=\"https:\/\/agora.xtec.cat\/inspm\/wp-content\/uploads\/usu581\/2020\/04\/PFI-Admin-3.jpg\" alt=\"PFI Admin 3\" width=\"640\" height=\"480\" \/>\r\n\t\t\t\t\t\t\t\t\t\t<div class=\"slideshow_description_box slideshow_transparent\">\r\n\t\t\t\t\t\t<div class=\"slideshow_title\">PFI Admin 3<\/div>\t\t\t\t\t\t\t\t\t\t\t<\/div>\r\n\t\t\t\t<\/div>\r\n\r\n\t\t\t\t\t\t<div style=\"clear: both;\"><\/div><\/div><div class=\"slideshow_view\">\r\n\t\t\t\t<div class=\"slideshow_slide slideshow_slide_image\">\r\n\t\t\t\t\t\t\t\t\t\t\t<img src=\"https:\/\/agora.xtec.cat\/inspm\/wp-content\/uploads\/usu581\/2020\/04\/PFI-Admin-2.jpg\" alt=\"PFI Admin 2\" width=\"640\" height=\"480\" \/>\r\n\t\t\t\t\t\t\t\t\t\t<div class=\"slideshow_description_box slideshow_transparent\">\r\n\t\t\t\t\t\t<div class=\"slideshow_title\">PFI Admin 2<\/div>\t\t\t\t\t\t\t\t\t\t\t<\/div>\r\n\t\t\t\t<\/div>\r\n\r\n\t\t\t\t\t\t<div style=\"clear: both;\"><\/div><\/div>\r\n\t\t<\/div>\r\n\r\n\t\t<div class=\"slideshow_controlPanel slideshow_transparent\" style=\"display: none;\"><ul><li class=\"slideshow_togglePlay\" data-play-text=\"Visualitza\" data-pause-text=\"Pausa\"><\/li><\/ul><\/div>\r\n\r\n\t\t<div class=\"slideshow_button slideshow_previous slideshow_transparent\" role=\"button\" data-previous-text=\"Anterior\" style=\"display: none;\"><\/div>\r\n\t\t<div class=\"slideshow_button slideshow_next slideshow_transparent\" role=\"button\" data-next-text=\"Seg\u00fcent\" style=\"display: none;\"><\/div>\r\n\r\n\t\t<div class=\"slideshow_pagination\" style=\"display: none;\" data-go-to-text=\"V\u00e9s a la diapositiva\"><div class=\"slideshow_pagination_center\"><\/div><\/div>\r\n\r\n\t\t<!-- WordPress Slideshow Version 2.3.1 -->\r\n\r\n\t\t\t<\/div>\r\n\r\n\n<p>Els programes de formaci\u00f3 i inserci\u00f3 s\u2019estructuren en:<\/p>\n<ol>\n<li>M\u00f2duls de formaci\u00f3 professional, per a l\u2019assoliment de les compet\u00e8ncies professionals, que inclouen un m\u00f2dul de pr\u00e0ctiques en alternan\u00e7a en centres de treball.<\/li>\n<li>M\u00f2duls de formaci\u00f3 general per a l\u2019adquisici\u00f3 de compet\u00e8ncies instrumentals b\u00e0siques.<\/li>\n<li>Accions de seguiment i orientaci\u00f3 de l\u2019alumne.<\/li>\n<\/ol>\n<p>Els <strong>m\u00f2duls<\/strong> d\u2019aquest perfil professional s\u00f3n els que a continuaci\u00f3 es relacionen:<\/p>\n<ul>\n<li>3003. T\u00e8cniques administratives b\u00e0siques.<\/li>\n<li>3004. Arxiu i comunicaci\u00f3.<\/li>\n<li>MFPE001. Ofim\u00e0tica.<\/li>\n<li>MFCT. Formaci\u00f3 en centres de treball.<\/li>\n<li>MPI. Projecte integrat<\/li>\n<li>MPRL. Formaci\u00f3 b\u00e0sica en prevenci\u00f3 de riscos laborals<\/li>\n<\/ul>\n<p>Aquest perfil desenvolupa les seg\u00fcents <strong>compet\u00e8ncies<\/strong>:<\/p>\n<ol style=\"list-style-type: lower-alpha;\">\n<li>Preparar equips i aplicacions inform\u00e0tiques per dur a terme l\u2019enregistrament, tractament i impressi\u00f3 de dades i textos, assegurant el seu funcionament.<\/li>\n<li>Elaborar documents mitjan\u00e7ant les utilitats b\u00e0siques de les aplicacions inform\u00e0tiques dels processadors de text i fulls de c\u00e0lcul aplicant procediments d\u2019escriptura al tacte amb exactitud i rapidesa.<\/li>\n<li>Realitzar tasques b\u00e0siques d\u2019emmagatzemament i arxiu d\u2019informaci\u00f3 i documentaci\u00f3, tant en suport digital com a convencional, d\u2019acord amb els protocols establerts.<\/li>\n<li>Realitzar tasques de reprografia i enquadernat b\u00e0sic de documents d\u2019acord als criteris de<br \/>\nqualitat establerts.<\/li>\n<li>Tramitar correspond\u00e8ncia i paqueteria, interna o externa, utilitzant els mitjans i criteris establerts.<\/li>\n<li>Realitzar operacions b\u00e0siques de tresoreria, utilitzant els documents adequats en cada cas.<\/li>\n<li>Rebre i realitzar comunicacions telef\u00f2niques i inform\u00e0tica transmetent amb precisi\u00f3 la informaci\u00f3 encomanades segons els protocols i la imatge corporativa.<\/li>\n<li>Realitzar les tasques b\u00e0siques de manteniment del magatzem de material d\u2019oficina, preparant les comandes que assegurin un nivell d\u2019exist\u00e8ncies m\u00ednim.<\/li>\n<li>Atendre el client, utilitzant les normes de cortesia i demostrant inter\u00e8s i preocupaci\u00f3 per resoldre satisfact\u00f2riament les seves necessitats.<\/li>\n<li>Adaptar-se a les noves situacions laborals originades per canvis tecnol\u00f2gics i organitzatius en la seva activitat laboral, utilitzant les ofertes formatives al seu abast i localitzant els recursos mitjan\u00e7ant les tecnologies de la informaci\u00f3 i la comunicaci\u00f3.<\/li>\n<li>Complir les tasques pr\u00f2pies del seu nivell amb autonomia i responsabilitat, emprant criteris de qualitat i efici\u00e8ncia en el treball assignat i efectuant-lo de forma individual o com a membre d\u2019un equip.<\/li>\n<li>Comunicar-se efica\u00e7ment, respectant l\u2019autonomia i compet\u00e8ncia de les diferents persones que intervenen en el seu \u00e0mbit de treball, contribuint a la qualitat de la feina realitzada.<\/li>\n<li>Assumir i complir les mesures de prevenci\u00f3 de riscos i seguretat laboral en la realitzaci\u00f3 de les activitats laborals evitant danys personals, laborals i ambientals.<\/li>\n<li>Actuar amb esperit emprenedor, iniciativa personal i responsabilitat en la realitzaci\u00f3 dels procediments de la seva activitat professional.<\/li>\n<\/ol>\n<p>Les <strong>ocupacions i llocs de treball<\/strong> m\u00e9s rellevants s\u00f3n els seg\u00fcents:<\/p>\n<ul style=\"list-style-type: square;\">\n<li>Auxiliar d&#8217;oficina.<\/li>\n<li>Auxiliar de serveis generals.<\/li>\n<li>Auxiliar d&#8217;arxiu.<\/li>\n<li>Ordenan\u00e7a.<\/li>\n<li>Auxiliar d&#8217;informaci\u00f3.<\/li>\n<li>Recepcionista<\/li>\n<li>Classificador i\/o repartidor de correspond\u00e8ncia.<\/li>\n<li>Gravador &#8211; verificador de dades.<\/li>\n<li>Auxiliar de digitalitzaci\u00f3.<\/li>\n<li>Operador documental.<\/li>\n<li>Operador\/a de cobrament o caixer\/a.<\/li>\n<\/ul>\n","protected":false},"excerpt":{"rendered":"<p>&nbsp;<br \/>\nFam\u00edlia professional: Administraci\u00f3 i gesti\u00f3<br \/>\nT\u00edtol de refer\u00e8ncia: Professional b\u00e0sic en serveis administratius<br \/>\nDurada total: 1000 hores<\/p>\n<p>\t\t\t\t\t\tPFI Admin 1\t\t\t\t\t\t\t\t\t\t\t<\/p>\n<p>\t\t\t\t\t\tPFI Admin 3\t\t\t\t\t\t\t\t\t\t\t<\/p>\n<p>\t\t\t\t\t\tPFI Admin 2\t\t\t\t\t\t\t\t\t\t\t<\/p>\n<ul>\n<li class=\"slideshow_togglePlay\" data-play-text=\"Visualitza\" data-pause-text=\"Pausa\"><\/li>\n<\/ul>\n<p>Els programes de formaci\u00f3 i inserci\u00f3 s\u2019estructuren en:<\/p>\n<ol>\n<li>M\u00f2duls de formaci\u00f3 professional, per a l\u2019assoliment de les compet\u00e8ncies professionals, que inclouen un m\u00f2dul&hellip;  <a href=\"https:\/\/agora.xtec.cat\/inspm\/estudis\/programes-de-formacio-i-insercio\/pfi-auxiliar-dactivitats-doficina-i-en-serveis-administratius-generals\/\" title=\"Read PFI Auxiliar d\u2019activitats d&#8217;oficina i en serveis administratius generals\">Llegeix m\u00e9s\u00bb<\/a><br \/>\n","protected":false},"author":502,"featured_media":0,"parent":2737,"menu_order":0,"comment_status":"closed","ping_status":"closed","template":"page-templates\/side-menu.php","meta":{"_bbp_topic_count":0,"_bbp_reply_count":0,"_bbp_total_topic_count":0,"_bbp_total_reply_count":0,"_bbp_voice_count":0,"_bbp_anonymous_reply_count":0,"_bbp_topic_count_hidden":0,"_bbp_reply_count_hidden":0,"_bbp_forum_subforum_count":0,"footnotes":""},"class_list":["post-4927","page","type-page","status-publish","hentry"],"post_mailing_queue_ids":[],"_links":{"self":[{"href":"https:\/\/agora.xtec.cat\/inspm\/wp-json\/wp\/v2\/pages\/4927","targetHints":{"allow":["GET"]}}],"collection":[{"href":"https:\/\/agora.xtec.cat\/inspm\/wp-json\/wp\/v2\/pages"}],"about":[{"href":"https:\/\/agora.xtec.cat\/inspm\/wp-json\/wp\/v2\/types\/page"}],"author":[{"embeddable":true,"href":"https:\/\/agora.xtec.cat\/inspm\/wp-json\/wp\/v2\/users\/502"}],"replies":[{"embeddable":true,"href":"https:\/\/agora.xtec.cat\/inspm\/wp-json\/wp\/v2\/comments?post=4927"}],"version-history":[{"count":4,"href":"https:\/\/agora.xtec.cat\/inspm\/wp-json\/wp\/v2\/pages\/4927\/revisions"}],"predecessor-version":[{"id":13361,"href":"https:\/\/agora.xtec.cat\/inspm\/wp-json\/wp\/v2\/pages\/4927\/revisions\/13361"}],"up":[{"embeddable":true,"href":"https:\/\/agora.xtec.cat\/inspm\/wp-json\/wp\/v2\/pages\/2737"}],"wp:attachment":[{"href":"https:\/\/agora.xtec.cat\/inspm\/wp-json\/wp\/v2\/media?parent=4927"}],"curies":[{"name":"wp","href":"https:\/\/api.w.org\/{rel}","templated":true}]}}