{"id":19,"date":"2014-09-17T14:56:56","date_gmt":"2014-09-17T14:56:56","guid":{"rendered":"http:\/\/agora.xtec.cat\/inspm\/?page_id=19"},"modified":"2022-02-14T14:34:52","modified_gmt":"2022-02-14T13:34:52","slug":"linstitut","status":"publish","type":"page","link":"https:\/\/agora.xtec.cat\/inspm\/linstitut\/","title":{"rendered":"L&#8217;Institut"},"content":{"rendered":"<p style=\"text-align: center;\"><iframe loading=\"lazy\" src=\"https:\/\/www.youtube.com\/embed\/Kcc1a_ap1yg\" width=\"800\" height=\"480\" frameborder=\"0\"><span data-mce-type=\"bookmark\" style=\"display: inline-block; width: 0px; overflow: hidden; line-height: 0;\" class=\"mce_SELRES_start\">\ufeff<\/span><span data-mce-type=\"bookmark\" style=\"display: inline-block; width: 0px; overflow: hidden; line-height: 0;\" class=\"mce_SELRES_start\">\ufeff<\/span><\/iframe><\/p>\n<p style=\"text-align: justify;\">L&#8217;Institut Premi\u00e0 de Mar va n\u00e9ixer de la fusi\u00f3 dels instituts Serra de Marina i Crist\u00f2fol Ferrer el curs 2011-2012. \u00c9s un centre de gran projecci\u00f3, l\u2019\u00fanic p\u00fablic de secund\u00e0ria a Premi\u00e0 de Mar, i participa en diversos programes d\u2019innovaci\u00f3 pedag\u00f2gica.<\/p>\n<p style=\"text-align: justify;\">Es distribueix a partir de dos edificis principals, l&#8217;edifici Serra de Marina i l&#8217;edifici Crist\u00f2fol Ferrer.<\/p>\n<p style=\"text-align: center;\"><iframe loading=\"lazy\" src=\"https:\/\/my.matterport.com\/show\/?m=1zGG9effF9n\" width=\"853\" height=\"480\" frameborder=\"0\" allowfullscreen=\"allowfullscreen\"><\/iframe><\/p>\n<p style=\"text-align: justify;\">A\u00a0l&#8217;edifici\u00a0<strong>Serra de Marina<\/strong> hi ha aules, laboratoris i tallers per fer les classes i activitats corresponents a l&#8217;ESO. A\u00a0l&#8217;edifici <strong>Crist\u00f2fol Ferrer<\/strong> hi ha aules, laboratoris i tallers especialitats per desenvolupar les activitats i pr\u00e0ctiques dels diferents cicles formatius i el batxillerat.<\/p>\n<p style=\"text-align: center;\"><iframe loading=\"lazy\" style=\"border: 0;\" src=\"https:\/\/www.google.com\/maps\/embed?pb=!4v1644325201028!6m8!1m7!1sCAoSLEFGMVFpcE5ISlpZN0lUZWZFdTFkbnBoa1pqMzdRUE5UZ195a1Vja2MtaG5x!2m2!1d41.4953406!2d2.3712083!3f342.5733925279994!4f7.210152148008561!5f0.7820865974627469\" width=\"990\" height=\"450\" allowfullscreen=\"allowfullscreen\"><\/iframe><\/p>\n","protected":false},"excerpt":{"rendered":"<p>\ufeff\ufeff<br \/>\nL&#8217;Institut Premi\u00e0 de Mar va n\u00e9ixer de la fusi\u00f3 dels instituts Serra de Marina i Crist\u00f2fol Ferrer el curs 2011-2012. \u00c9s un centre de gran projecci\u00f3, l\u2019\u00fanic p\u00fablic de secund\u00e0ria a Premi\u00e0 de Mar, i participa en diversos programes d\u2019innovaci\u00f3 pedag\u00f2gica.<br \/>\nEs distribueix a partir de&hellip;  <a href=\"https:\/\/agora.xtec.cat\/inspm\/linstitut\/\" title=\"Read L&#8217;Institut\">Llegeix m\u00e9s\u00bb<\/a><\/p>\n","protected":false},"author":1,"featured_media":0,"parent":0,"menu_order":0,"comment_status":"closed","ping_status":"closed","template":"page-templates\/side-menu.php","meta":{"_bbp_topic_count":0,"_bbp_reply_count":0,"_bbp_total_topic_count":0,"_bbp_total_reply_count":0,"_bbp_voice_count":0,"_bbp_anonymous_reply_count":0,"_bbp_topic_count_hidden":0,"_bbp_reply_count_hidden":0,"_bbp_forum_subforum_count":0,"footnotes":""},"class_list":["post-19","page","type-page","status-publish","hentry"],"post_mailing_queue_ids":[],"_links":{"self":[{"href":"https:\/\/agora.xtec.cat\/inspm\/wp-json\/wp\/v2\/pages\/19","targetHints":{"allow":["GET"]}}],"collection":[{"href":"https:\/\/agora.xtec.cat\/inspm\/wp-json\/wp\/v2\/pages"}],"about":[{"href":"https:\/\/agora.xtec.cat\/inspm\/wp-json\/wp\/v2\/types\/page"}],"author":[{"embeddable":true,"href":"https:\/\/agora.xtec.cat\/inspm\/wp-json\/wp\/v2\/users\/1"}],"replies":[{"embeddable":true,"href":"https:\/\/agora.xtec.cat\/inspm\/wp-json\/wp\/v2\/comments?post=19"}],"version-history":[{"count":3,"href":"https:\/\/agora.xtec.cat\/inspm\/wp-json\/wp\/v2\/pages\/19\/revisions"}],"predecessor-version":[{"id":8948,"href":"https:\/\/agora.xtec.cat\/inspm\/wp-json\/wp\/v2\/pages\/19\/revisions\/8948"}],"wp:attachment":[{"href":"https:\/\/agora.xtec.cat\/inspm\/wp-json\/wp\/v2\/media?parent=19"}],"curies":[{"name":"wp","href":"https:\/\/api.w.org\/{rel}","templated":true}]}}