{"id":10757,"date":"2023-06-22T09:11:20","date_gmt":"2023-06-22T07:11:20","guid":{"rendered":"https:\/\/agora.xtec.cat\/inspm\/?page_id=10757"},"modified":"2025-07-04T08:45:44","modified_gmt":"2025-07-04T06:45:44","slug":"matricula-batxillerat-i-ensenyaments-esportius-doble-titulacio","status":"publish","type":"page","link":"https:\/\/agora.xtec.cat\/inspm\/secretaria\/matriculacions\/matricula-batxillerat-i-ensenyaments-esportius-doble-titulacio\/","title":{"rendered":"Matr\u00edcula \u2013 Batxillerat i ensenyaments esportius (doble titulaci\u00f3)"},"content":{"rendered":"<p style=\"text-align: justify;\"><strong>ALUMNES NOUS AL CENTRE 1r curs<\/strong><\/p>\n<p style=\"text-align: justify;\">Si has sortit adm\u00e8s a la llista d&#8217;admesos del dia 19 de juny, has de formalitzar la matr\u00edcula\u00a0 presencialment al centre, de\u00a0<strong>l&#8217;1 a l&#8217;11 de juliol<\/strong> en horari de 9h a 13h, seguint les instruccions del full de matr\u00edcula.<\/p>\n<ul style=\"text-align: justify;\">\n<li><a href=\"https:\/\/drive.google.com\/file\/d\/1bO4A6xl6MYk3AvsEGyfqGyAhOnoV6doI\/view?usp=drive_link\" target=\"_blank\" rel=\"noopener\">Full de matr\u00edcula<\/a><\/li>\n<li><a href=\"https:\/\/drive.google.com\/file\/d\/1WzzIJydCoQY1w-4GruefSXyHymcN_jyU\/view?usp=drive_link\" target=\"_blank\" rel=\"noopener\">Full de tria de les mat\u00e8ries de modalitat i optatives<\/a><\/li>\n<li><a href=\"https:\/\/drive.google.com\/file\/d\/10OjLkzmmSMU-Je6WyyY6M7RJE8DVP-g5\/view?usp=drive_link\" target=\"_blank\" rel=\"noopener\">Autoritzaci\u00f3 imatges p\u00fabliques (majors de 14 anys)<\/a><\/li>\n<li><a href=\"https:\/\/drive.google.com\/file\/d\/1sX0SKp8ekusaaj92_4-rdvYOjLH1xglE\/view?usp=drive_link\" target=\"_blank\" rel=\"noopener\">Carta de comprom\u00eds educatiu<\/a><strong>\u00a0<\/strong><\/li>\n<\/ul>\n<p style=\"text-align: justify;\"><strong>ALUMNES DE CONTINU\u00cfTAT DEL CENTRE<\/strong><\/p>\n<p style=\"text-align: justify;\">Si ets alumne del centre i encara no has fet la confirmaci\u00f3 de pla\u00e7a per l&#8217;any vinent, has de presentar la seg\u00fcent documentaci\u00f3 a la secretaria del centre, en horari de 9h a 13h<strong>.<br \/>\n<\/strong><\/p>\n<ul style=\"text-align: justify;\">\n<li><a href=\"https:\/\/drive.google.com\/file\/d\/14JRAluh6lLXg6iJwMst7DJYo75uOwT2C\/view?usp=drive_link\" target=\"_blank\" rel=\"noopener\">Full de confirmaci\u00f3 de pla\u00e7a\u00a0i\u00a0matr\u00edcula (que passen de 1r a 2n o repeteixen)<\/a> <strong>fins al 30\u00a0de juny<\/strong><\/li>\n<li><a href=\"https:\/\/drive.google.com\/file\/d\/1f3BYyn0igXh5QntALD0dJwqBlXbyUuC5\/view?usp=drive_link\" target=\"_blank\" rel=\"noopener\">Full de matr\u00edcula (que passen de 4t d&#8217;ESO a 1r BATX)<\/a> <strong>fins al 30<\/strong><strong>\u00a0de juny<\/strong><\/li>\n<li><a href=\"https:\/\/drive.google.com\/file\/d\/1WzzIJydCoQY1w-4GruefSXyHymcN_jyU\/view?usp=drive_link\" target=\"_blank\" rel=\"noopener\">Full de tria de les mat\u00e8ries de modalitat i optatives<\/a><\/li>\n<li><a href=\"https:\/\/drive.google.com\/file\/d\/10OjLkzmmSMU-Je6WyyY6M7RJE8DVP-g5\/view?usp=drive_link\" target=\"_blank\" rel=\"noopener\">Autoritzaci\u00f3 imatges p\u00fabliques (majors de 14 anys)<\/a><\/li>\n<li><a href=\"https:\/\/drive.google.com\/file\/d\/1sX0SKp8ekusaaj92_4-rdvYOjLH1xglE\/view?usp=drive_link\" target=\"_blank\" rel=\"noopener\">Carta de comprom\u00eds educatiu<\/a><\/li>\n<\/ul>\n","protected":false},"excerpt":{"rendered":"<p>ALUMNES NOUS AL CENTRE 1r curs<br \/>\nSi has sortit adm\u00e8s a la llista d&#8217;admesos del dia 19 de juny, has de formalitzar la matr\u00edcula\u00a0 presencialment al centre, de\u00a0l&#8217;1 a l&#8217;11 de juliol en horari de 9h a 13h, seguint les instruccions del full de matr\u00edcula.<\/p>\n<ul style=\"text-align:&hellip;  <a href=\"https:\/\/agora.xtec.cat\/inspm\/secretaria\/matriculacions\/matricula-batxillerat-i-ensenyaments-esportius-doble-titulacio\/\" title=\"Read Matr\u00edcula \u2013 Batxillerat i ensenyaments esportius (doble titulaci\u00f3)\">Llegeix m\u00e9s\u00bb<\/a><\/p>\n","protected":false},"author":502,"featured_media":0,"parent":508,"menu_order":22,"comment_status":"closed","ping_status":"closed","template":"page-templates\/side-menu.php","meta":{"_bbp_topic_count":0,"_bbp_reply_count":0,"_bbp_total_topic_count":0,"_bbp_total_reply_count":0,"_bbp_voice_count":0,"_bbp_anonymous_reply_count":0,"_bbp_topic_count_hidden":0,"_bbp_reply_count_hidden":0,"_bbp_forum_subforum_count":0,"footnotes":""},"class_list":["post-10757","page","type-page","status-publish","hentry"],"post_mailing_queue_ids":[],"_links":{"self":[{"href":"https:\/\/agora.xtec.cat\/inspm\/wp-json\/wp\/v2\/pages\/10757","targetHints":{"allow":["GET"]}}],"collection":[{"href":"https:\/\/agora.xtec.cat\/inspm\/wp-json\/wp\/v2\/pages"}],"about":[{"href":"https:\/\/agora.xtec.cat\/inspm\/wp-json\/wp\/v2\/types\/page"}],"author":[{"embeddable":true,"href":"https:\/\/agora.xtec.cat\/inspm\/wp-json\/wp\/v2\/users\/502"}],"replies":[{"embeddable":true,"href":"https:\/\/agora.xtec.cat\/inspm\/wp-json\/wp\/v2\/comments?post=10757"}],"version-history":[{"count":6,"href":"https:\/\/agora.xtec.cat\/inspm\/wp-json\/wp\/v2\/pages\/10757\/revisions"}],"predecessor-version":[{"id":12858,"href":"https:\/\/agora.xtec.cat\/inspm\/wp-json\/wp\/v2\/pages\/10757\/revisions\/12858"}],"up":[{"embeddable":true,"href":"https:\/\/agora.xtec.cat\/inspm\/wp-json\/wp\/v2\/pages\/508"}],"wp:attachment":[{"href":"https:\/\/agora.xtec.cat\/inspm\/wp-json\/wp\/v2\/media?parent=10757"}],"curies":[{"name":"wp","href":"https:\/\/api.w.org\/{rel}","templated":true}]}}