{"id":10436,"date":"2023-05-03T12:21:01","date_gmt":"2023-05-03T10:21:01","guid":{"rendered":"https:\/\/agora.xtec.cat\/inspm\/?page_id=10436"},"modified":"2025-03-27T08:26:01","modified_gmt":"2025-03-27T07:26:01","slug":"ensenyaments-esportius","status":"publish","type":"page","link":"https:\/\/agora.xtec.cat\/inspm\/estudis\/cicles-formatius-densenyaments-esportius\/ensenyaments-esportius\/","title":{"rendered":"CFGM Ensenyaments esportius"},"content":{"rendered":"<p style=\"text-align: justify;\">Els cicles d&#8217;ensenyaments esportius de grau mitj\u00e0 ofereixen la possibilitat d&#8217;obtenir les titulacions reglades de t\u00e8cnics esportius en diverses especialitats esportives, i capaciten per a la incorporaci\u00f3 al mercat laboral en les professions d&#8217;entrenadors, directors, coordinadors esportius, etc.<\/p>\n<p style=\"text-align: justify;\">Hi ha 5 especialitats ofertes:\u00a0<a href=\"https:\/\/triaeducativa.gencat.cat\/ca\/estudis\/?basquetbol&amp;p_id=3330\" target=\"_blank\" rel=\"noopener\">basquetbol<\/a>,\u00a0<a href=\"https:\/\/triaeducativa.gencat.cat\/ca\/estudis\/?futbol&amp;p_id=410\" target=\"_blank\" rel=\"noopener\">futbol<\/a>,\u00a0<a href=\"https:\/\/triaeducativa.gencat.cat\/ca\/estudis\/?futbol-sala&amp;p_id=411\" target=\"_blank\" rel=\"noopener\">futbol sala<\/a>,\u00a0<a href=\"https:\/\/triaeducativa.gencat.cat\/ca\/estudis\/?salvament-socorrisme&amp;p_id=1951\" target=\"_blank\" rel=\"noopener\">salvament i socorrisme<\/a>,\u00a0<a href=\"https:\/\/triaeducativa.gencat.cat\/ca\/artistics-esportius\/esportius\/cicles\/grau-mitja\/vela\/\" target=\"_blank\" rel=\"noopener\">vela<\/a>.<\/p>\n<p style=\"text-align: justify;\">La durada est\u00e0 establerta entre 950 i 1.540 hores, repartides en un o dos cursos. Una part d&#8217;aquestes hores es destina a la formaci\u00f3 en un centre educatiu i una altra, a la pr\u00e0ctica en centres de treball.<\/p>\n<p style=\"text-align: center;\"><iframe loading=\"lazy\" src=\" https:\/\/drive.google.com\/file\/d\/1eWipcmf07wpN3DEj3cw7265tO0uNWWpl\/preview\" width=\"100%\" height=\"1200\"><\/iframe><\/p>\n<p style=\"text-align: center;\"><iframe loading=\"lazy\" src=\"https:\/\/www.youtube.com\/embed\/OxkXRSmQ1rg\" width=\"640\" height=\"480\" frameborder=\"0\"><span data-mce-type=\"bookmark\" style=\"display: inline-block; width: 0px; overflow: hidden; line-height: 0;\" class=\"mce_SELRES_start\"><\/span><\/iframe><\/p>\n<p style=\"text-align: center;\"><iframe loading=\"lazy\" src=\"https:\/\/www.youtube.com\/embed\/Bb9VzADDfcE\" width=\"640\" height=\"480\" frameborder=\"0\"><span data-mce-type=\"bookmark\" style=\"display: inline-block; width: 0px; overflow: hidden; line-height: 0;\" class=\"mce_SELRES_start\"><\/span><\/iframe><\/p>\n<p style=\"text-align: center;\"><iframe loading=\"lazy\" src=\"https:\/\/www.youtube.com\/embed\/ohhvTMtJfmY\" width=\"640\" height=\"480\" frameborder=\"0\"><span data-mce-type=\"bookmark\" style=\"display: inline-block; width: 0px; overflow: hidden; line-height: 0;\" class=\"mce_SELRES_start\"><\/span><\/iframe><\/p>\n<p style=\"text-align: center;\"><iframe loading=\"lazy\" src=\"https:\/\/www.youtube.com\/embed\/QtJ9Ofgg10Y\" width=\"640\" height=\"480\" frameborder=\"0\"><span data-mce-type=\"bookmark\" style=\"display: inline-block; width: 0px; overflow: hidden; line-height: 0;\" class=\"mce_SELRES_start\"><\/span><\/iframe><\/p>\n<p style=\"text-align: center;\"><iframe loading=\"lazy\" src=\"https:\/\/www.youtube.com\/embed\/jao_lkWNM-M\" width=\"640\" height=\"480\" frameborder=\"0\"><span data-mce-type=\"bookmark\" style=\"display: inline-block; width: 0px; overflow: hidden; line-height: 0;\" class=\"mce_SELRES_start\"><\/span><\/iframe><\/p>\n","protected":false},"excerpt":{"rendered":"<p>Els cicles d&#8217;ensenyaments esportius de grau mitj\u00e0 ofereixen la possibilitat d&#8217;obtenir les titulacions reglades de t\u00e8cnics esportius en diverses especialitats esportives, i capaciten per a la incorporaci\u00f3 al mercat laboral en les professions d&#8217;entrenadors, directors, coordinadors esportius, etc.<br \/>\nHi ha 5 especialitats ofertes:\u00a0<a href=\"https:\/\/triaeducativa.gencat.cat\/ca\/estudis\/?basquetbol&amp;p_id=3330\" target=\"_blank\" rel=\"noopener\">basquetbol<\/a>,\u00a0<a&hellip;  <a href=\"https:\/\/agora.xtec.cat\/inspm\/estudis\/cicles-formatius-densenyaments-esportius\/ensenyaments-esportius\/\" title=\"Read CFGM Ensenyaments esportius\">Llegeix m\u00e9s\u00bb<\/a><\/p>\n","protected":false},"author":502,"featured_media":0,"parent":10446,"menu_order":1,"comment_status":"closed","ping_status":"closed","template":"page-templates\/side-menu.php","meta":{"_bbp_topic_count":0,"_bbp_reply_count":0,"_bbp_total_topic_count":0,"_bbp_total_reply_count":0,"_bbp_voice_count":0,"_bbp_anonymous_reply_count":0,"_bbp_topic_count_hidden":0,"_bbp_reply_count_hidden":0,"_bbp_forum_subforum_count":0,"footnotes":""},"class_list":["post-10436","page","type-page","status-publish","hentry"],"post_mailing_queue_ids":[],"_links":{"self":[{"href":"https:\/\/agora.xtec.cat\/inspm\/wp-json\/wp\/v2\/pages\/10436","targetHints":{"allow":["GET"]}}],"collection":[{"href":"https:\/\/agora.xtec.cat\/inspm\/wp-json\/wp\/v2\/pages"}],"about":[{"href":"https:\/\/agora.xtec.cat\/inspm\/wp-json\/wp\/v2\/types\/page"}],"author":[{"embeddable":true,"href":"https:\/\/agora.xtec.cat\/inspm\/wp-json\/wp\/v2\/users\/502"}],"replies":[{"embeddable":true,"href":"https:\/\/agora.xtec.cat\/inspm\/wp-json\/wp\/v2\/comments?post=10436"}],"version-history":[{"count":7,"href":"https:\/\/agora.xtec.cat\/inspm\/wp-json\/wp\/v2\/pages\/10436\/revisions"}],"predecessor-version":[{"id":12556,"href":"https:\/\/agora.xtec.cat\/inspm\/wp-json\/wp\/v2\/pages\/10436\/revisions\/12556"}],"up":[{"embeddable":true,"href":"https:\/\/agora.xtec.cat\/inspm\/wp-json\/wp\/v2\/pages\/10446"}],"wp:attachment":[{"href":"https:\/\/agora.xtec.cat\/inspm\/wp-json\/wp\/v2\/media?parent=10436"}],"curies":[{"name":"wp","href":"https:\/\/api.w.org\/{rel}","templated":true}]}}