{"id":8643,"date":"2025-10-29T10:38:08","date_gmt":"2025-10-29T09:38:08","guid":{"rendered":"https:\/\/agora.xtec.cat\/inspladelbosc\/?page_id=8643"},"modified":"2025-10-29T10:38:08","modified_gmt":"2025-10-29T09:38:08","slug":"llibres-de-text-i-llicencies-digitals-eso-per-al-curs-2025-26","status":"publish","type":"page","link":"https:\/\/agora.xtec.cat\/inspladelbosc\/documents-models-i-impresos-per-a-les-families-i-lalumnat\/llibres-de-text-i-llicencies-digitals-eso-per-al-curs-2025-26\/","title":{"rendered":"Llibres de text i llic\u00e8ncies digitals ESO per al curs 2025-26"},"content":{"rendered":"<p><a href=\"https:\/\/agora.xtec.cat\/inspladelbosc\/wp-content\/uploads\/usu136\/2024\/07\/1493671425_1186.jpg\"><img decoding=\"async\" class=\"size-full wp-image-7894\" src=\"https:\/\/agora.xtec.cat\/inspladelbosc\/wp-content\/uploads\/usu136\/2024\/07\/1493671425_1186.jpg\" alt=\"\" width=\"100%\" height=\"100%\" srcset=\"https:\/\/agora.xtec.cat\/inspladelbosc\/wp-content\/uploads\/usu136\/2024\/07\/1493671425_1186.jpg 810w, https:\/\/agora.xtec.cat\/inspladelbosc\/wp-content\/uploads\/usu136\/2024\/07\/1493671425_1186-300x153.jpg 300w, https:\/\/agora.xtec.cat\/inspladelbosc\/wp-content\/uploads\/usu136\/2024\/07\/1493671425_1186-768x391.jpg 768w\" sizes=\"(max-width: 810px) 100vw, 810px\" \/><\/a><\/p>\n<p>Podeu consultar a continuaci\u00f3 la llista de llibres per al curs 2025\/26 clicant als enlla\u00e7os:<\/p>\n<p><a href=\"https:\/\/agora.xtec.cat\/inspladelbosc\/wp-content\/uploads\/usu136\/2025\/07\/LLIBRES-I-LLICENCIES-DIGITALS-ESO-PLA-DEL-BOSC-CURS-25_26.pdf\">Llibres de text i llic\u00e8ncies digitals ESO Pla del Bosc Curs 2025-26<\/a><\/p>\n<p><a href=\"https:\/\/agora.xtec.cat\/inspladelbosc\/wp-content\/uploads\/usu136\/2025\/07\/LLIBRES-I-LLICENCIES-DIGITALS-ESO-PLA-DEL-BOSC-25_26-CONDICIONS-AMB-IDDINK.pdf\">Llibres de text i llic\u00e8ncies digitals ESO Pla del Bosc Curs 2025-26 (condicions socialitzant amb Iddink)<\/a><\/p>\n<p><a href=\"https:\/\/agora.xtec.cat\/inspladelbosc\/wp-content\/uploads\/usu136\/2025\/07\/COM-COMPRAR-AMB-IDDINK-CURS-25_26.pdf\">Com comprar amb Iddink Curs 2025-26<\/a><\/p>\n","protected":false},"excerpt":{"rendered":"<p>Podeu consultar a continuaci\u00f3 la llista de llibres per al curs 2025\/26 clicant als enlla\u00e7os: Llibres de text i llic\u00e8ncies digitals ESO Pla del Bosc Curs 2025-26 Llibres de text i llic\u00e8ncies digitals ESO Pla del Bosc Curs 2025-26 (condicions socialitzant amb Iddink) Com comprar amb Iddink Curs 2025-26<\/p>\n","protected":false},"author":13,"featured_media":0,"parent":2021,"menu_order":0,"comment_status":"closed","ping_status":"closed","template":"","meta":{"_bbp_topic_count":0,"_bbp_reply_count":0,"_bbp_total_topic_count":0,"_bbp_total_reply_count":0,"_bbp_voice_count":0,"_bbp_anonymous_reply_count":0,"_bbp_topic_count_hidden":0,"_bbp_reply_count_hidden":0,"_bbp_forum_subforum_count":0,"site-sidebar-layout":"default","site-content-layout":"","ast-site-content-layout":"default","site-content-style":"default","site-sidebar-style":"default","ast-global-header-display":"","ast-banner-title-visibility":"","ast-main-header-display":"","ast-hfb-above-header-display":"","ast-hfb-below-header-display":"","ast-hfb-mobile-header-display":"","site-post-title":"","ast-breadcrumbs-content":"","ast-featured-img":"","footer-sml-layout":"","theme-transparent-header-meta":"default","adv-header-id-meta":"","stick-header-meta":"","header-above-stick-meta":"","header-main-stick-meta":"","header-below-stick-meta":"","astra-migrate-meta-layouts":"set","ast-page-background-enabled":"default","ast-page-background-meta":{"desktop":{"background-color":"var(--ast-global-color-4)","background-image":"","background-repeat":"repeat","background-position":"center center","background-size":"auto","background-attachment":"scroll","background-type":"","background-media":"","overlay-type":"","overlay-color":"","overlay-opacity":"","overlay-gradient":""},"tablet":{"background-color":"","background-image":"","background-repeat":"repeat","background-position":"center center","background-size":"auto","background-attachment":"scroll","background-type":"","background-media":"","overlay-type":"","overlay-color":"","overlay-opacity":"","overlay-gradient":""},"mobile":{"background-color":"","background-image":"","background-repeat":"repeat","background-position":"center center","background-size":"auto","background-attachment":"scroll","background-type":"","background-media":"","overlay-type":"","overlay-color":"","overlay-opacity":"","overlay-gradient":""}},"ast-content-background-meta":{"desktop":{"background-color":"var(--ast-global-color-5)","background-image":"","background-repeat":"repeat","background-position":"center center","background-size":"auto","background-attachment":"scroll","background-type":"","background-media":"","overlay-type":"","overlay-color":"","overlay-opacity":"","overlay-gradient":""},"tablet":{"background-color":"var(--ast-global-color-5)","background-image":"","background-repeat":"repeat","background-position":"center center","background-size":"auto","background-attachment":"scroll","background-type":"","background-media":"","overlay-type":"","overlay-color":"","overlay-opacity":"","overlay-gradient":""},"mobile":{"background-color":"var(--ast-global-color-5)","background-image":"","background-repeat":"repeat","background-position":"center center","background-size":"auto","background-attachment":"scroll","background-type":"","background-media":"","overlay-type":"","overlay-color":"","overlay-opacity":"","overlay-gradient":""}},"footnotes":""},"class_list":["post-8643","page","type-page","status-publish","hentry"],"post_mailing_queue_ids":[],"_links":{"self":[{"href":"https:\/\/agora.xtec.cat\/inspladelbosc\/wp-json\/wp\/v2\/pages\/8643","targetHints":{"allow":["GET"]}}],"collection":[{"href":"https:\/\/agora.xtec.cat\/inspladelbosc\/wp-json\/wp\/v2\/pages"}],"about":[{"href":"https:\/\/agora.xtec.cat\/inspladelbosc\/wp-json\/wp\/v2\/types\/page"}],"author":[{"embeddable":true,"href":"https:\/\/agora.xtec.cat\/inspladelbosc\/wp-json\/wp\/v2\/users\/13"}],"replies":[{"embeddable":true,"href":"https:\/\/agora.xtec.cat\/inspladelbosc\/wp-json\/wp\/v2\/comments?post=8643"}],"version-history":[{"count":1,"href":"https:\/\/agora.xtec.cat\/inspladelbosc\/wp-json\/wp\/v2\/pages\/8643\/revisions"}],"predecessor-version":[{"id":8644,"href":"https:\/\/agora.xtec.cat\/inspladelbosc\/wp-json\/wp\/v2\/pages\/8643\/revisions\/8644"}],"up":[{"embeddable":true,"href":"https:\/\/agora.xtec.cat\/inspladelbosc\/wp-json\/wp\/v2\/pages\/2021"}],"wp:attachment":[{"href":"https:\/\/agora.xtec.cat\/inspladelbosc\/wp-json\/wp\/v2\/media?parent=8643"}],"curies":[{"name":"wp","href":"https:\/\/api.w.org\/{rel}","templated":true}]}}