{"id":46,"date":"2014-09-17T16:53:45","date_gmt":"2014-09-17T14:53:45","guid":{"rendered":"http:\/\/agora.xtec.cat\/inspladelbosc\/?page_id=46"},"modified":"2026-03-06T08:44:02","modified_gmt":"2026-03-06T07:44:02","slug":"organigrama","status":"publish","type":"page","link":"https:\/\/agora.xtec.cat\/inspladelbosc\/linstitut\/organigrama\/","title":{"rendered":"Organigrama"},"content":{"rendered":"<p><strong><span style=\"color: #ff6600;\">Equip directiu<\/span><\/strong><\/p>\n<p>Directora: \u00d2scar P\u00e9rez Adsuara<\/p>\n<p>Cap d&#8217;estudis ESO: Sandra Sabat\u00e9s Alaman<\/p>\n<p>Cap d&#8217;estudis FP: Montse Soler Margarit<\/p>\n<p>Secret\u00e0ria: Laura Costej\u00e0 Llambrich<\/p>\n<p>Coordinadora pedag\u00f2gica: Marta Trillas<\/p>\n<p><span style=\"color: #ff6600;\"><strong>Caps d&#8217;\u00e0mbit<\/strong><\/span><\/p>\n<p>\u00c0mbit ling\u00fc\u00edstic: Ana Tellaetxe<\/p>\n<p>\u00c0mbit d&#8217;expressi\u00f3: Sonia Pardo<\/p>\n<p>\u00c0mbit Cientific-tecnol\u00f2gic i matem\u00e0tic: Segi Garcia<\/p>\n<p>\u00c0mbit d&#8217;Orientaci\u00f3 Educativa ESO: J\u00falia Boix<\/p>\n<p>\u00c0mbit d&#8217;Orientaci\u00f3 Educativa FP: Lourdes Soler<\/p>\n<p>\u00c0mbit d&#8217;Agr\u00e0ria: Eduard Fornells<\/p>\n<p><strong><span style=\"color: #ff6600;\">Coordinacions i referents<br \/>\n<\/span><\/strong><\/p>\n<p>Sostenibilitat: Sergi Garcia<\/p>\n<p>Servei Comunitari: Anna Reynal<\/p>\n<p>Prevenci\u00f3 de riscos laborals: Ferran Vercher<\/p>\n<p>Sortides: Laura Costej\u00e0<\/p>\n<p>Digital: Xavier Aznar<\/p>\n<p>CLIC: \u00d2scar P\u00e9rez<\/p>\n<p>Coeducaci\u00f3, conviv\u00e8ncia i benestar de l&#8217;alumnat: Gemma Madero<\/p>\n<p>PDC: J\u00falia Boix<\/p>\n<p>Erasmus: Valeria Recar\u00e9<\/p>\n<p>PAT: Anna Salla<\/p>\n<p>Practicum: \u00c0lex P\u00e9rez<\/p>\n<p>Coord. IFE: Lourdes Soler<\/p>\n<p>Coord. CFGM: Eduard Fornells<\/p>\n<p>Coord. PFI: Bernat Sanz<\/p>\n<p>FP Dual: Eduard Fornells<\/p>\n<p>Referent de 1r d&#8217;ESO: J\u00falia Boix<\/p>\n<p>Referent de 2n d&#8217;ESO: J\u00falia Boix<\/p>\n<p>Referent de 3r d&#8217;ESO: J\u00falia Boix<\/p>\n<p>Referent de 4t d&#8217;ESO: Ariadna Campam\u00e0<\/p>\n<p>Referent de FP: Ariadna Campam\u00e0<\/p>\n<p><strong><span style=\"color: #ff6600;\">Tutories<\/span><\/strong><\/p>\n<p><strong>1A<\/strong> \u00a0 Ana Bel\u00e9n Mart\u00ednez &#8211; Laia B\u00e0rboles<\/p>\n<p><strong>1B<\/strong>\u00a0 \u00a0Paula Ballester<\/p>\n<p><strong>2A\u00a0 \u00a0<\/strong>Jorge Sospedra<strong><br \/>\n<\/strong><\/p>\n<p><strong>2B\u00a0 \u00a0<\/strong>Eila Adrover<\/p>\n<p><strong>3A\u00a0 \u00a0<\/strong>Ana Tellaetxe<\/p>\n<p><strong>3B\u00a0\u00a0\u00a0<\/strong>Anna Reynal<\/p>\n<p><strong>4A\u00a0 \u00a0<\/strong>Sergi Mart\u00edn &#8211; Marta Trillas<\/p>\n<p><strong>4B\u00a0\u00a0\u00a0<\/strong>Mar Sol\u00e9<\/p>\n<p><strong>PFI<\/strong>\u00a0 Elisenda Godoy<\/p>\n<p><strong>IFE 1r\u00a0 \u00a0<\/strong>Rosa Rom\u00e1n<\/p>\n<p><strong>IFE 2n<\/strong> \u00a0 Marta Dalmau<\/p>\n<p><strong>IFE 3r<\/strong> \u00a0 Merc\u00e8 Bertran<\/p>\n<p><strong>IFE 4t<\/strong> \u00a0 Zaida Altero<\/p>\n<p><strong>TIS IFE\u00a0 \u00a0<\/strong> \u00a0 Laura Magri\u00f1\u00e0 \/ Gerard Puerta<\/p>\n<p><strong>CFGM 1\u00a0 \u00a0<\/strong>Oriol Riera<strong><br \/>\n<\/strong><\/p>\n<p><strong>CFGM 2<\/strong> \u00a0 Montserrat Soler<\/p>\n<p><strong><span style=\"color: #ff6600;\">Administraci\u00f3<\/span><\/strong><\/p>\n<p>Eduard Palacios<\/p>\n<p><strong><span style=\"color: #ff6600;\">Consergeria<\/span><\/strong><\/p>\n<p>David Pascual &#8211; Seu central<\/p>\n<p>Gerard Ca\u00f1adas &#8211; Masia Cal Ferrer de Llacunalba<\/p>\n<p>Daniel Mart\u00ednez &#8211; Can Dori<\/p>\n","protected":false},"excerpt":{"rendered":"<p>Equip directiu Directora: \u00d2scar P\u00e9rez Adsuara Cap d&#8217;estudis ESO: Sandra Sabat\u00e9s Alaman Cap d&#8217;estudis FP: Montse Soler Margarit Secret\u00e0ria: Laura Costej\u00e0 Llambrich Coordinadora pedag\u00f2gica: Marta Trillas Caps d&#8217;\u00e0mbit \u00c0mbit ling\u00fc\u00edstic: Ana Tellaetxe \u00c0mbit d&#8217;expressi\u00f3: Sonia Pardo \u00c0mbit Cientific-tecnol\u00f2gic i matem\u00e0tic: Segi Garcia \u00c0mbit d&#8217;Orientaci\u00f3 Educativa ESO: J\u00falia Boix \u00c0mbit d&#8217;Orientaci\u00f3 Educativa FP: Lourdes Soler \u00c0mbit [&hellip;]<\/p>\n","protected":false},"author":1,"featured_media":0,"parent":19,"menu_order":50,"comment_status":"closed","ping_status":"closed","template":"","meta":{"_bbp_topic_count":0,"_bbp_reply_count":0,"_bbp_total_topic_count":0,"_bbp_total_reply_count":0,"_bbp_voice_count":0,"_bbp_anonymous_reply_count":0,"_bbp_topic_count_hidden":0,"_bbp_reply_count_hidden":0,"_bbp_forum_subforum_count":0,"site-sidebar-layout":"default","site-content-layout":"","ast-site-content-layout":"default","site-content-style":"default","site-sidebar-style":"default","ast-global-header-display":"","ast-banner-title-visibility":"","ast-main-header-display":"","ast-hfb-above-header-display":"","ast-hfb-below-header-display":"","ast-hfb-mobile-header-display":"","site-post-title":"","ast-breadcrumbs-content":"","ast-featured-img":"","footer-sml-layout":"","theme-transparent-header-meta":"default","adv-header-id-meta":"","stick-header-meta":"","header-above-stick-meta":"","header-main-stick-meta":"","header-below-stick-meta":"","astra-migrate-meta-layouts":"set","ast-page-background-enabled":"default","ast-page-background-meta":{"desktop":{"background-color":"var(--ast-global-color-4)","background-image":"","background-repeat":"repeat","background-position":"center center","background-size":"auto","background-attachment":"scroll","background-type":"","background-media":"","overlay-type":"","overlay-color":"","overlay-opacity":"","overlay-gradient":""},"tablet":{"background-color":"","background-image":"","background-repeat":"repeat","background-position":"center center","background-size":"auto","background-attachment":"scroll","background-type":"","background-media":"","overlay-type":"","overlay-color":"","overlay-opacity":"","overlay-gradient":""},"mobile":{"background-color":"","background-image":"","background-repeat":"repeat","background-position":"center center","background-size":"auto","background-attachment":"scroll","background-type":"","background-media":"","overlay-type":"","overlay-color":"","overlay-opacity":"","overlay-gradient":""}},"ast-content-background-meta":{"desktop":{"background-color":"var(--ast-global-color-5)","background-image":"","background-repeat":"repeat","background-position":"center center","background-size":"auto","background-attachment":"scroll","background-type":"","background-media":"","overlay-type":"","overlay-color":"","overlay-opacity":"","overlay-gradient":""},"tablet":{"background-color":"var(--ast-global-color-5)","background-image":"","background-repeat":"repeat","background-position":"center center","background-size":"auto","background-attachment":"scroll","background-type":"","background-media":"","overlay-type":"","overlay-color":"","overlay-opacity":"","overlay-gradient":""},"mobile":{"background-color":"var(--ast-global-color-5)","background-image":"","background-repeat":"repeat","background-position":"center center","background-size":"auto","background-attachment":"scroll","background-type":"","background-media":"","overlay-type":"","overlay-color":"","overlay-opacity":"","overlay-gradient":""}},"footnotes":""},"class_list":["post-46","page","type-page","status-publish","hentry"],"post_mailing_queue_ids":[],"_links":{"self":[{"href":"https:\/\/agora.xtec.cat\/inspladelbosc\/wp-json\/wp\/v2\/pages\/46","targetHints":{"allow":["GET"]}}],"collection":[{"href":"https:\/\/agora.xtec.cat\/inspladelbosc\/wp-json\/wp\/v2\/pages"}],"about":[{"href":"https:\/\/agora.xtec.cat\/inspladelbosc\/wp-json\/wp\/v2\/types\/page"}],"author":[{"embeddable":true,"href":"https:\/\/agora.xtec.cat\/inspladelbosc\/wp-json\/wp\/v2\/users\/1"}],"replies":[{"embeddable":true,"href":"https:\/\/agora.xtec.cat\/inspladelbosc\/wp-json\/wp\/v2\/comments?post=46"}],"version-history":[{"count":7,"href":"https:\/\/agora.xtec.cat\/inspladelbosc\/wp-json\/wp\/v2\/pages\/46\/revisions"}],"predecessor-version":[{"id":9026,"href":"https:\/\/agora.xtec.cat\/inspladelbosc\/wp-json\/wp\/v2\/pages\/46\/revisions\/9026"}],"up":[{"embeddable":true,"href":"https:\/\/agora.xtec.cat\/inspladelbosc\/wp-json\/wp\/v2\/pages\/19"}],"wp:attachment":[{"href":"https:\/\/agora.xtec.cat\/inspladelbosc\/wp-json\/wp\/v2\/media?parent=46"}],"curies":[{"name":"wp","href":"https:\/\/api.w.org\/{rel}","templated":true}]}}