{"id":2021,"date":"2018-11-05T21:42:26","date_gmt":"2018-11-05T20:42:26","guid":{"rendered":"http:\/\/agora.xtec.cat\/inspladelbosc\/?page_id=2021"},"modified":"2018-11-18T18:27:41","modified_gmt":"2018-11-18T17:27:41","slug":"documents-models-i-impresos-per-a-les-families-i-lalumnat","status":"publish","type":"page","link":"https:\/\/agora.xtec.cat\/inspladelbosc\/documents-models-i-impresos-per-a-les-families-i-lalumnat\/","title":{"rendered":"Info-Documents | Models i impresos per a les fam\u00edlies i l&#8217;alumnat"},"content":{"rendered":"<p>Est\u00e0 previst que en aquest apartat \u201cDocuments\u201d anem penjant documentaci\u00f3 del vostre inter\u00e8s.<\/p>\n<p>A continuaci\u00f3 us podeu descarregar els documents picant als enlla\u00e7os corresponents:<\/p>\n<p>&#8211; <a href=\"https:\/\/agora.xtec.cat\/inspladelbosc\/wp-content\/uploads\/usu136\/2018\/11\/Justificant_falta.pdf\">Justificant_falta<\/a>: Model per imprimir. La justificaci\u00f3 de faltes d\u2019assist\u00e8ncia de l\u2019alumnat s\u2019ha de justificar presentant al tutor\/a el formulari corresponent.<\/p>\n<p>&#8211; Us facilitem a continuaci\u00f3 els <strong>n\u00fameros de compte bancari<\/strong> <strong>de l&#8217;Institut i de l&#8217;AMPA<\/strong> on podeu fer els pagaments corresponents.<\/p>\n<p><strong>Recordeu indicar SEMPRE:<\/strong><\/p>\n<p><strong>&#8211; el CONCEPTE del pagament<\/strong> (&#8220;sortides 1r pagament&#8221;, etc.), i<\/p>\n<p>&#8211; <strong>el NOM I COGNOMS DEL VOSTRE FILL\/FILLA. Imprimiu el justificant <\/strong>de pagament i<strong> porteu-lo a l&#8217;institut <\/strong>(o a l&#8217;AMPA).<\/p>\n<p>&#8211; <strong>Compte de l&#8217;Institut Pla del Bosc<\/strong>: (sortides, material, treball s\u00edntesi, etc.)<\/p>\n<p>ES70 0081 1668 98 0001035005<\/p>\n<p>&#8211; <strong>Compte de l&#8217;AMPA Pla del Bosc<\/strong>: (socialitzaci\u00f3 llibres, activitats extraescolars, etc.)<\/p>\n<p>0081 1668 93 0001032913<\/p>\n","protected":false},"excerpt":{"rendered":"<p>Est\u00e0 previst que en aquest apartat \u201cDocuments\u201d anem penjant documentaci\u00f3 del vostre inter\u00e8s. A continuaci\u00f3 us podeu descarregar els documents picant als enlla\u00e7os corresponents: &#8211; Justificant_falta: Model per imprimir. La justificaci\u00f3 de faltes d\u2019assist\u00e8ncia de l\u2019alumnat s\u2019ha de justificar presentant al tutor\/a el formulari corresponent. &#8211; Us facilitem a continuaci\u00f3 els n\u00fameros de compte bancari [&hellip;]<\/p>\n","protected":false},"author":7,"featured_media":0,"parent":0,"menu_order":0,"comment_status":"closed","ping_status":"closed","template":"","meta":{"_bbp_topic_count":0,"_bbp_reply_count":0,"_bbp_total_topic_count":0,"_bbp_total_reply_count":0,"_bbp_voice_count":0,"_bbp_anonymous_reply_count":0,"_bbp_topic_count_hidden":0,"_bbp_reply_count_hidden":0,"_bbp_forum_subforum_count":0,"site-sidebar-layout":"default","site-content-layout":"","ast-site-content-layout":"","site-content-style":"default","site-sidebar-style":"default","ast-global-header-display":"","ast-banner-title-visibility":"","ast-main-header-display":"","ast-hfb-above-header-display":"","ast-hfb-below-header-display":"","ast-hfb-mobile-header-display":"","site-post-title":"","ast-breadcrumbs-content":"","ast-featured-img":"","footer-sml-layout":"","theme-transparent-header-meta":"","adv-header-id-meta":"","stick-header-meta":"","header-above-stick-meta":"","header-main-stick-meta":"","header-below-stick-meta":"","astra-migrate-meta-layouts":"default","ast-page-background-enabled":"default","ast-page-background-meta":{"desktop":{"background-color":"var(--ast-global-color-4)","background-image":"","background-repeat":"repeat","background-position":"center center","background-size":"auto","background-attachment":"scroll","background-type":"","background-media":"","overlay-type":"","overlay-color":"","overlay-opacity":"","overlay-gradient":""},"tablet":{"background-color":"","background-image":"","background-repeat":"repeat","background-position":"center center","background-size":"auto","background-attachment":"scroll","background-type":"","background-media":"","overlay-type":"","overlay-color":"","overlay-opacity":"","overlay-gradient":""},"mobile":{"background-color":"","background-image":"","background-repeat":"repeat","background-position":"center center","background-size":"auto","background-attachment":"scroll","background-type":"","background-media":"","overlay-type":"","overlay-color":"","overlay-opacity":"","overlay-gradient":""}},"ast-content-background-meta":{"desktop":{"background-color":"var(--ast-global-color-5)","background-image":"","background-repeat":"repeat","background-position":"center center","background-size":"auto","background-attachment":"scroll","background-type":"","background-media":"","overlay-type":"","overlay-color":"","overlay-opacity":"","overlay-gradient":""},"tablet":{"background-color":"var(--ast-global-color-5)","background-image":"","background-repeat":"repeat","background-position":"center center","background-size":"auto","background-attachment":"scroll","background-type":"","background-media":"","overlay-type":"","overlay-color":"","overlay-opacity":"","overlay-gradient":""},"mobile":{"background-color":"var(--ast-global-color-5)","background-image":"","background-repeat":"repeat","background-position":"center center","background-size":"auto","background-attachment":"scroll","background-type":"","background-media":"","overlay-type":"","overlay-color":"","overlay-opacity":"","overlay-gradient":""}},"footnotes":""},"class_list":["post-2021","page","type-page","status-publish","hentry"],"post_mailing_queue_ids":[],"_links":{"self":[{"href":"https:\/\/agora.xtec.cat\/inspladelbosc\/wp-json\/wp\/v2\/pages\/2021","targetHints":{"allow":["GET"]}}],"collection":[{"href":"https:\/\/agora.xtec.cat\/inspladelbosc\/wp-json\/wp\/v2\/pages"}],"about":[{"href":"https:\/\/agora.xtec.cat\/inspladelbosc\/wp-json\/wp\/v2\/types\/page"}],"author":[{"embeddable":true,"href":"https:\/\/agora.xtec.cat\/inspladelbosc\/wp-json\/wp\/v2\/users\/7"}],"replies":[{"embeddable":true,"href":"https:\/\/agora.xtec.cat\/inspladelbosc\/wp-json\/wp\/v2\/comments?post=2021"}],"version-history":[{"count":4,"href":"https:\/\/agora.xtec.cat\/inspladelbosc\/wp-json\/wp\/v2\/pages\/2021\/revisions"}],"predecessor-version":[{"id":2034,"href":"https:\/\/agora.xtec.cat\/inspladelbosc\/wp-json\/wp\/v2\/pages\/2021\/revisions\/2034"}],"wp:attachment":[{"href":"https:\/\/agora.xtec.cat\/inspladelbosc\/wp-json\/wp\/v2\/media?parent=2021"}],"curies":[{"name":"wp","href":"https:\/\/api.w.org\/{rel}","templated":true}]}}