{"id":641,"date":"2019-09-06T21:15:51","date_gmt":"2019-09-06T19:15:51","guid":{"rendered":"http:\/\/agora.xtec.cat\/insperecalders\/?page_id=641"},"modified":"2026-04-08T09:26:42","modified_gmt":"2026-04-08T07:26:42","slug":"ajuts-beques","status":"publish","type":"page","link":"https:\/\/agora.xtec.cat\/insperecalders\/secretaria\/ajuts-beques\/","title":{"rendered":"Ajudes i beques per a fam\u00edlies i alumnat"},"content":{"rendered":"<p>Les administracions locals, auton\u00f2miques i estatals ofereixen diferents tipus de beques i ajudes, tant per a les fam\u00edlies com per a l&#8217;alumnat, de totes les etapes educatives. La informaci\u00f3 detallada (qui pot demanar-les, documentaci\u00f3 necess\u00e0ria, etc.) la trobareu a les p\u00e0gines web de les administracions que ofereixen aquestes beques. \u00c9s important destacar que, actualment, la sol\u00b7licitud de totes les beques s&#8217;ha de fer de manera\u00a0<strong>telem\u00e0tica directament a trav\u00e9s dels llocs web habilitats per cada administraci\u00f3<\/strong>. Des de l&#8217;institut no podem gestionar les sol\u00b7licituds de les beques.<\/p>\n<p>&nbsp;<\/p>\n<p><span style=\"color: #2b8c8b;\"><strong>Beques de car\u00e0cter general per a ensenyaments post-obligatoris i superiors <\/strong><\/span><\/p>\n<ul>\n<li><span style=\"color: #2b8c8b;\"><span style=\"color: #000000;\"><strong>Curs 2026-2027: Del 7 d&#8217;abril al 18 de maig<\/strong>.\u00a0 M\u00e9s informaci\u00f3 en <strong><a href=\"https:\/\/web.gencat.cat\/ca\/ciutadania\/actualitat\/demanar-beques-i-ajuts-per-estudiar\" target=\"_blank\" rel=\"noopener\">aquest enlla\u00e7<\/a><\/strong>.<\/span><\/span><\/li>\n<\/ul>\n<p>&nbsp;<\/p>\n<p><span style=\"color: #2b8c8b;\"><strong>Ajudes per a alumnat amb necessitats espec\u00edfiques de suport educatiu<\/strong><\/span><\/p>\n<p>Aquestes ajudes s\u00f3n espec\u00edfiques per a aquell alumnat que tingui una necessitat espec\u00edfica de suport educatiu derivada d&#8217;una discapacitat, un trastorn greu de conducta, un trastorn de la comunicaci\u00f3 i el llenguatge, el trastorn de l&#8217;espectre autista o les altes capacitats.<\/p>\n<ul>\n<li><strong>Curs 2026-2027:<\/strong> Pendents de publicaci\u00f3. M\u00e9s informaci\u00f3 en <a href=\"https:\/\/www.becaseducacion.gob.es\/becas-y-ayudas\/ayudas-apoyo-educativo\/tipos-de-becas.html\">aquest enlla\u00e7<\/a>.<\/li>\n<\/ul>\n<p>&nbsp;<\/p>\n<p><span style=\"color: #2b8c8b;\"><strong>Ajudes escolars de l&#8217;Ajuntament de Cerdanyola del Vall\u00e8s<\/strong><\/span><\/p>\n<p><span style=\"color: #2b8c8b;\"><span style=\"color: #000000;\">\u00a0<\/span><\/span><strong style=\"font-size: 16px;\"><span style=\"text-decoration: underline;\">Curs 2026-2027<\/span>:<\/strong><\/p>\n<ul>\n<li style=\"list-style-type: none;\">\n<ul>\n<li style=\"list-style-type: none;\">\n<ul>\n<li><strong>Telem\u00e0ticament: Del 30 de mar\u00e7 al 17 de maig, <\/strong>\u00a0mitjan\u00e7ant la SEU ELECTR\u00d2NICA disponible al lloc web d&#8217;aquestAjuntament i que es troba al link seg\u00fcent:<strong><a href=\"https:\/\/tramits.cerdanyola.cat\/Ciutadania\/DetallTramit.aspx?IdDepartament=36&amp;IdTramit=75&amp;IdDepartament=36\" target=\"_blank\" rel=\"noopener\">https:\/\/tramits.cerdanyola.cat\/Ciutadania\/DetallTramit.aspx?IdDepartament=36&amp;IdTramit=75&amp;IdDepartament=36<\/a>.<\/strong> La ruta per arribar-hi \u00e9s: web del&#8217;Ajuntament (www.cerdanyola.cat) &#8211; Seu Electr\u00f2nica &#8211; Tr\u00e0mits \u2013 Tr\u00e0mits per \u00c0rees \u2013 ServeisSocials &#8211; Beques Escolars 2026 (apartat &#8220;Serveis Socials&#8221;).<\/li>\n<li><strong>Presencial: Del 7 d&#8217;abril al 15 de maig, <\/strong>amb car\u00e0cter residual, en aquells casos que no sigui possible la presentaci\u00f3 telem\u00e0tica Per a aquesta modalitat es seguiran les pautes seg\u00fcents:\n<ul>\n<li style=\"list-style-type: none;\">\n<ul>\n<li>La presentaci\u00f3 de les sol\u00b7licituds es far\u00e0 mitjan\u00e7ant cita pr\u00e8via, al lloc web d&#8217;aquest Ajuntament, a la finestra &#8220;Cita pr\u00e8via OAC&#8221;.<\/li>\n<li>Per evitar temps d&#8217;espera superiors, les atencions presencials s\u00f3n preferiblement amb cita pr\u00e8via que es pot sol\u00b7licitar al web de l&#8217;Ajuntament, a la finestra <a href=\"https:\/\/citaprevia.ubintia.com\/cerdanyola\/#nbb\" target=\"_blank\" rel=\"noopener\">CITA PR\u00c8VIA OAC<\/a>.<\/li>\n<\/ul>\n<\/li>\n<\/ul>\n<\/li>\n<\/ul>\n<\/li>\n<\/ul>\n<\/li>\n<\/ul>\n<p><span style=\"color: #2b8c8b;\"><span style=\"color: #000000;\"><strong>M\u00e9s informaci\u00f3 en <a href=\"https:\/\/www.cerdanyola.cat\/accio-social\/fora-de-termini-beques-escolars-2025-2026\">aquest enlla\u00e7<\/a>.<\/strong><\/span><\/span><\/p>\n","protected":false},"excerpt":{"rendered":"<p>Les administracions locals, auton\u00f2miques i estatals ofereixen diferents tipus de beques i ajudes, tant per a les fam\u00edlies com per a l&#8217;alumnat, de totes les etapes educatives. La informaci\u00f3 detallada (qui pot demanar-les, documentaci\u00f3 necess\u00e0ria, etc.) la trobareu a les p\u00e0gines web de les administracions que ofereixen aquestes beques. \u00c9s important destacar que, actualment, la [&hellip;]<\/p>\n","protected":false},"author":1,"featured_media":0,"parent":81,"menu_order":24,"comment_status":"closed","ping_status":"closed","template":"","meta":{"_bbp_topic_count":0,"_bbp_reply_count":0,"_bbp_total_topic_count":0,"_bbp_total_reply_count":0,"_bbp_voice_count":0,"_bbp_anonymous_reply_count":0,"_bbp_topic_count_hidden":0,"_bbp_reply_count_hidden":0,"_bbp_forum_subforum_count":0,"site-sidebar-layout":"default","site-content-layout":"","ast-site-content-layout":"default","site-content-style":"default","site-sidebar-style":"default","ast-global-header-display":"","ast-banner-title-visibility":"","ast-main-header-display":"","ast-hfb-above-header-display":"","ast-hfb-below-header-display":"","ast-hfb-mobile-header-display":"","site-post-title":"","ast-breadcrumbs-content":"","ast-featured-img":"","footer-sml-layout":"","theme-transparent-header-meta":"default","adv-header-id-meta":"","stick-header-meta":"","header-above-stick-meta":"","header-main-stick-meta":"","header-below-stick-meta":"","astra-migrate-meta-layouts":"set","ast-page-background-enabled":"default","ast-page-background-meta":{"desktop":{"background-color":"var(--ast-global-color-4)","background-image":"","background-repeat":"repeat","background-position":"center center","background-size":"auto","background-attachment":"scroll","background-type":"","background-media":"","overlay-type":"","overlay-color":"","overlay-opacity":"","overlay-gradient":""},"tablet":{"background-color":"","background-image":"","background-repeat":"repeat","background-position":"center center","background-size":"auto","background-attachment":"scroll","background-type":"","background-media":"","overlay-type":"","overlay-color":"","overlay-opacity":"","overlay-gradient":""},"mobile":{"background-color":"","background-image":"","background-repeat":"repeat","background-position":"center center","background-size":"auto","background-attachment":"scroll","background-type":"","background-media":"","overlay-type":"","overlay-color":"","overlay-opacity":"","overlay-gradient":""}},"ast-content-background-meta":{"desktop":{"background-color":"var(--ast-global-color-5)","background-image":"","background-repeat":"repeat","background-position":"center center","background-size":"auto","background-attachment":"scroll","background-type":"","background-media":"","overlay-type":"","overlay-color":"","overlay-opacity":"","overlay-gradient":""},"tablet":{"background-color":"var(--ast-global-color-5)","background-image":"","background-repeat":"repeat","background-position":"center center","background-size":"auto","background-attachment":"scroll","background-type":"","background-media":"","overlay-type":"","overlay-color":"","overlay-opacity":"","overlay-gradient":""},"mobile":{"background-color":"var(--ast-global-color-5)","background-image":"","background-repeat":"repeat","background-position":"center center","background-size":"auto","background-attachment":"scroll","background-type":"","background-media":"","overlay-type":"","overlay-color":"","overlay-opacity":"","overlay-gradient":""}},"footnotes":""},"class_list":["post-641","page","type-page","status-publish","hentry"],"post_mailing_queue_ids":[],"_links":{"self":[{"href":"https:\/\/agora.xtec.cat\/insperecalders\/wp-json\/wp\/v2\/pages\/641","targetHints":{"allow":["GET"]}}],"collection":[{"href":"https:\/\/agora.xtec.cat\/insperecalders\/wp-json\/wp\/v2\/pages"}],"about":[{"href":"https:\/\/agora.xtec.cat\/insperecalders\/wp-json\/wp\/v2\/types\/page"}],"author":[{"embeddable":true,"href":"https:\/\/agora.xtec.cat\/insperecalders\/wp-json\/wp\/v2\/users\/1"}],"replies":[{"embeddable":true,"href":"https:\/\/agora.xtec.cat\/insperecalders\/wp-json\/wp\/v2\/comments?post=641"}],"version-history":[{"count":8,"href":"https:\/\/agora.xtec.cat\/insperecalders\/wp-json\/wp\/v2\/pages\/641\/revisions"}],"predecessor-version":[{"id":7512,"href":"https:\/\/agora.xtec.cat\/insperecalders\/wp-json\/wp\/v2\/pages\/641\/revisions\/7512"}],"up":[{"embeddable":true,"href":"https:\/\/agora.xtec.cat\/insperecalders\/wp-json\/wp\/v2\/pages\/81"}],"wp:attachment":[{"href":"https:\/\/agora.xtec.cat\/insperecalders\/wp-json\/wp\/v2\/media?parent=641"}],"curies":[{"name":"wp","href":"https:\/\/api.w.org\/{rel}","templated":true}]}}