{"id":629,"date":"2019-09-06T21:07:31","date_gmt":"2019-09-06T19:07:31","guid":{"rendered":"http:\/\/agora.xtec.cat\/insperecalders\/?page_id=629"},"modified":"2026-03-25T11:19:05","modified_gmt":"2026-03-25T10:19:05","slug":"matricula-eso","status":"publish","type":"page","link":"https:\/\/agora.xtec.cat\/insperecalders\/secretaria\/eso-preinscripcio-i-matricula\/matricula-eso\/","title":{"rendered":"Matr\u00edcula ESO"},"content":{"rendered":"<p>Es tracta d&#8217;un tr\u00e0mit presencial que es fa a la secretaria del centre educatiu.<\/p>\n<p><span style=\"color: #000000;\"><strong>Per\u00edode oficial de matr\u00edcula:<\/strong> del dilluns 22 al dimarts 30 de juny.<\/span><\/p>\n<ul>\n<li><strong>Matr\u00edcula interna (alumnat de 1r a 3r d&#8217;ESO que continua al centre):<\/strong> aquest tr\u00e0mit no forma part del proc\u00e9s oficial de matr\u00edcula, per la qual cosa es far\u00e0 de manera interna al centre entre el 15 i el 22 d&#8217;abril. Despr\u00e9s de les vacances de Setmana Santa, les fam\u00edlies del centre rebran la informaci\u00f3 corresponent.<\/li>\n<li><strong>Matr\u00edcula externa (alumnat que entra a 1r d&#8217;ESO i alumnat nou a altres cursos):<\/strong> preferentment del dijous 25 al dimarts 30 de juny.<\/li>\n<\/ul>\n<h6><strong><a href=\"https:\/\/drive.google.com\/file\/d\/1Vh5zdmqt200jOm_IaliPGFdR12LgyVB9\/view?usp=sharing\" target=\"_blank\" rel=\"noopener\">Informaci\u00f3 general de la matr\u00edcula (consulteu l&#8217;enlla\u00e7)<\/a><\/strong><\/h6>\n<p style=\"padding-left: 40px;\"><strong><span style=\"text-decoration: underline;\">Documentaci\u00f3 que cal aportar<\/span>:<\/strong><\/p>\n<ul>\n<li>Original i fotoc\u00f2pia del DNI de l&#8217;alumne\/a<\/li>\n<li>Original i fotoc\u00f2pia del carnet de fam\u00edlia nombrosa o monoparental de l&#8217;alumne\/a (si escau)<\/li>\n<li>Resguards dels pagaments efectuats<\/li>\n<li><a href=\"https:\/\/drive.google.com\/file\/d\/1l-3hgVS3l6r-SGypgKw4AK_LfYx7TGE3\/view?usp=drive_link\">Autoritzaci\u00f3 per a l&#8217;\u00fas de serveis i recursos digitals a internet per treballar a l&#8217;aula per a menors de 14 anys<\/a> (nom\u00e9s 1r i 2n d&#8217;ESO, signada per la fam\u00edlia)<\/li>\n<li><a href=\"https:\/\/drive.google.com\/file\/d\/16IPaSkGbKzJ-q5lVWe497BiWNGBfX4u2\/view?usp=drive_link\">Autoritzaci\u00f3 per a alumnes menors de 14 anys per a \u00fas d\u2019imatges, publicaci\u00f3 de dades de car\u00e0cter personal i de material que elaboren<\/a> (nom\u00e9s 1r i 2n d&#8217;ESO, signada per la fam\u00edlia)<\/li>\n<li><a href=\"https:\/\/drive.google.com\/file\/d\/1GUpJbL1VthIHE5uy5lSnU4ruPOFF5nzW\/view?usp=drive_link\">Comunicaci\u00f3 relativa a l&#8217;\u00fas de serveis i recursos digitals a internet per treballar a l&#8217;aula per a majors de 14 anys<\/a> (nom\u00e9s 3r i 4t d&#8217;ESO, signada per la fam\u00edlia)<\/li>\n<li><a href=\"https:\/\/drive.google.com\/file\/d\/1ZQ5OZ6wh_-5lQynffxTJaS36HWUiv_oE\/view?usp=drive_link\">Autoritzaci\u00f3 d&#8217;\u00fas d&#8217;imatges de persones majors de 14 anys<\/a> (nom\u00e9s 3r i 4t d&#8217;ESO, signada per l&#8217;alumne\/a)<\/li>\n<li><a href=\"https:\/\/drive.google.com\/file\/d\/1RaEDOZBLztw5IeesVS1Cn7XVjWsdcwmj\/view?usp=drive_link\">Autoritzaci\u00f3 d&#8217;assist\u00e8ncia a sortides i activitats escolars fora del centre <\/a>(tota l&#8217;ESO, signada per la fam\u00edlia)<\/li>\n<li><a href=\"https:\/\/drive.google.com\/file\/d\/1JkhP0ynIeOF8eeThAmsn7Tn2O9hfOPAk\/view?usp=drive_link\">Autoritzaci\u00f3 per a l&#8217;administraci\u00f3 de paracetamol <\/a>(tota l&#8217;ESO, signada per la fam\u00edlia)<\/li>\n<li><a href=\"https:\/\/drive.google.com\/file\/d\/1I4AeiDhuyOxR3JDVytphzER8TMy7v2hx\/view?usp=drive_link\">Carta de comprom\u00eds educatiu <\/a>(tota l&#8217;ESO, signada per la fam\u00edlia)<\/li>\n<li><a href=\"https:\/\/drive.google.com\/file\/d\/1rCeIGVAazbtsxT-im1rR0ud8mfhSS1X6\/view?usp=drive_link\">Fitxa de salut de l&#8217;alumne\/a <\/a>(tota l&#8217;ESO, signada per la fam\u00edlia)<\/li>\n<li><a href=\"https:\/\/drive.google.com\/file\/d\/1mDKXSZ23kcaDXBNG2Te59Z34D559qd_K\/view?usp=sharing\" target=\"_blank\" rel=\"noopener\">Inscripci\u00f3 a l&#8217;AFA<\/a> (les fam\u00edlies que paguin la quota, signada per la fam\u00edlia)<\/li>\n<\/ul>\n<p>&nbsp;<\/p>\n<p><strong>M\u00e9s informaci\u00f3:<\/strong><\/p>\n<p><a href=\"https:\/\/drive.google.com\/file\/d\/1ZCfs9nRW8J8rLnIDYIyodd7dhobAFXKA\/view?usp=sharing\">Curr\u00edculum de l&#8217;ESO<\/a> a l&#8217;Institut Pere Calders per al curs 2026-2027<\/p>\n<p>Informacions relatives a l&#8217;AFA per al curs 2026-2027 i recollida de dades de les fam\u00edlies de l&#8217;institut<\/p>\n","protected":false},"excerpt":{"rendered":"<p>Es tracta d&#8217;un tr\u00e0mit presencial que es fa a la secretaria del centre educatiu. Per\u00edode oficial de matr\u00edcula: del dilluns 22 al dimarts 30 de juny. Matr\u00edcula interna (alumnat de 1r a 3r d&#8217;ESO que continua al centre): aquest tr\u00e0mit no forma part del proc\u00e9s oficial de matr\u00edcula, per la qual cosa es far\u00e0 de [&hellip;]<\/p>\n","protected":false},"author":1,"featured_media":0,"parent":7420,"menu_order":16,"comment_status":"closed","ping_status":"closed","template":"","meta":{"_bbp_topic_count":0,"_bbp_reply_count":0,"_bbp_total_topic_count":0,"_bbp_total_reply_count":0,"_bbp_voice_count":0,"_bbp_anonymous_reply_count":0,"_bbp_topic_count_hidden":0,"_bbp_reply_count_hidden":0,"_bbp_forum_subforum_count":0,"site-sidebar-layout":"default","site-content-layout":"","ast-site-content-layout":"default","site-content-style":"default","site-sidebar-style":"default","ast-global-header-display":"","ast-banner-title-visibility":"","ast-main-header-display":"","ast-hfb-above-header-display":"","ast-hfb-below-header-display":"","ast-hfb-mobile-header-display":"","site-post-title":"","ast-breadcrumbs-content":"","ast-featured-img":"","footer-sml-layout":"","theme-transparent-header-meta":"default","adv-header-id-meta":"","stick-header-meta":"","header-above-stick-meta":"","header-main-stick-meta":"","header-below-stick-meta":"","astra-migrate-meta-layouts":"set","ast-page-background-enabled":"default","ast-page-background-meta":{"desktop":{"background-color":"var(--ast-global-color-4)","background-image":"","background-repeat":"repeat","background-position":"center center","background-size":"auto","background-attachment":"scroll","background-type":"","background-media":"","overlay-type":"","overlay-color":"","overlay-opacity":"","overlay-gradient":""},"tablet":{"background-color":"","background-image":"","background-repeat":"repeat","background-position":"center center","background-size":"auto","background-attachment":"scroll","background-type":"","background-media":"","overlay-type":"","overlay-color":"","overlay-opacity":"","overlay-gradient":""},"mobile":{"background-color":"","background-image":"","background-repeat":"repeat","background-position":"center center","background-size":"auto","background-attachment":"scroll","background-type":"","background-media":"","overlay-type":"","overlay-color":"","overlay-opacity":"","overlay-gradient":""}},"ast-content-background-meta":{"desktop":{"background-color":"var(--ast-global-color-5)","background-image":"","background-repeat":"repeat","background-position":"center center","background-size":"auto","background-attachment":"scroll","background-type":"","background-media":"","overlay-type":"","overlay-color":"","overlay-opacity":"","overlay-gradient":""},"tablet":{"background-color":"var(--ast-global-color-5)","background-image":"","background-repeat":"repeat","background-position":"center center","background-size":"auto","background-attachment":"scroll","background-type":"","background-media":"","overlay-type":"","overlay-color":"","overlay-opacity":"","overlay-gradient":""},"mobile":{"background-color":"var(--ast-global-color-5)","background-image":"","background-repeat":"repeat","background-position":"center center","background-size":"auto","background-attachment":"scroll","background-type":"","background-media":"","overlay-type":"","overlay-color":"","overlay-opacity":"","overlay-gradient":""}},"footnotes":""},"class_list":["post-629","page","type-page","status-publish","hentry"],"post_mailing_queue_ids":[],"_links":{"self":[{"href":"https:\/\/agora.xtec.cat\/insperecalders\/wp-json\/wp\/v2\/pages\/629","targetHints":{"allow":["GET"]}}],"collection":[{"href":"https:\/\/agora.xtec.cat\/insperecalders\/wp-json\/wp\/v2\/pages"}],"about":[{"href":"https:\/\/agora.xtec.cat\/insperecalders\/wp-json\/wp\/v2\/types\/page"}],"author":[{"embeddable":true,"href":"https:\/\/agora.xtec.cat\/insperecalders\/wp-json\/wp\/v2\/users\/1"}],"replies":[{"embeddable":true,"href":"https:\/\/agora.xtec.cat\/insperecalders\/wp-json\/wp\/v2\/comments?post=629"}],"version-history":[{"count":8,"href":"https:\/\/agora.xtec.cat\/insperecalders\/wp-json\/wp\/v2\/pages\/629\/revisions"}],"predecessor-version":[{"id":7498,"href":"https:\/\/agora.xtec.cat\/insperecalders\/wp-json\/wp\/v2\/pages\/629\/revisions\/7498"}],"up":[{"embeddable":true,"href":"https:\/\/agora.xtec.cat\/insperecalders\/wp-json\/wp\/v2\/pages\/7420"}],"wp:attachment":[{"href":"https:\/\/agora.xtec.cat\/insperecalders\/wp-json\/wp\/v2\/media?parent=629"}],"curies":[{"name":"wp","href":"https:\/\/api.w.org\/{rel}","templated":true}]}}