{"id":1148,"date":"2019-10-02T19:43:01","date_gmt":"2019-10-02T17:43:01","guid":{"rendered":"http:\/\/agora.xtec.cat\/insperecalders\/?page_id=1148"},"modified":"2024-01-24T20:24:57","modified_gmt":"2024-01-24T19:24:57","slug":"educacio-emocional","status":"publish","type":"page","link":"https:\/\/agora.xtec.cat\/insperecalders\/identitat-de-centre\/activitats-de-centre\/educacio-emocional\/","title":{"rendered":"Educaci\u00f3 emocional"},"content":{"rendered":"<table style=\"height: 171px; width: x; border-style: hidden;\" width=\"x\">\n<tbody>\n<tr style=\"border-style: hidden; height: 5px;\">\n<td style=\"width: 996px; height: 5px; background-color: #99cccc; border-style: hidden;\" colspan=\"2\"><\/td>\n<\/tr>\n<tr style=\"height: 5px;\">\n<td style=\"width: 996px; height: 5px; border-style: hidden; background-color: #dddddd;\" colspan=\"2\"><\/td>\n<\/tr>\n<tr style=\"height: 90px; border-style: double;\">\n<td style=\"height: 90px; width: 996px; border-style: double; vertical-align: top;\" colspan=\"2\">\n<h3 style=\"text-align: justify;\"><span style=\"color: #008080;\"><strong><img loading=\"lazy\" decoding=\"async\" class=\"wp-image-2978 alignright\" src=\"https:\/\/agora.xtec.cat\/insperecalders\/wp-content\/uploads\/usu1895\/2020\/03\/IMG_2197-1024x653.jpg\" alt=\"\" width=\"488\" height=\"311\" srcset=\"https:\/\/agora.xtec.cat\/insperecalders\/wp-content\/uploads\/usu1895\/2020\/03\/IMG_2197-1024x653.jpg 1024w, https:\/\/agora.xtec.cat\/insperecalders\/wp-content\/uploads\/usu1895\/2020\/03\/IMG_2197-300x191.jpg 300w, https:\/\/agora.xtec.cat\/insperecalders\/wp-content\/uploads\/usu1895\/2020\/03\/IMG_2197-768x490.jpg 768w, https:\/\/agora.xtec.cat\/insperecalders\/wp-content\/uploads\/usu1895\/2020\/03\/IMG_2197.jpg 1200w\" sizes=\"auto, (max-width: 488px) 100vw, 488px\" \/><\/strong><\/span><\/h3>\n<h2 style=\"text-align: left;\"><strong>Tallers sobre Educaci\u00f3 Emocional a l&#8217;Institut Pere Calders.<\/strong><\/h2>\n<p>&nbsp;<\/p>\n<p style=\"text-align: justify;\">Des del curs 2015-16, a\u00a0 les sessions de tutoria, es porten\u00a0 a terme els tallers sobre <span style=\"color: #ff0000;\"><strong>Educaci\u00f3 Emocional <\/strong><\/span>que l&#8217;AFA va organitzant pels alumnes d&#8217;ESO i Batxillerat de l&#8217;institut.<\/p>\n<p style=\"text-align: justify;\">Tot seguit trobareu <strong>informaci\u00f3<\/strong> sobre <span style=\"color: #ff0000;\"><strong>qu\u00e8 \u00e9s<\/strong><\/span> l&#8217;Educaci\u00f3 emocional i quines <strong>compet\u00e8ncies<\/strong> es\u00a0 treballen.<\/p>\n<\/td>\n<\/tr>\n<tr style=\"height: 33px;\">\n<td style=\"width: 996px; height: 33px; background-color: #ffffff;\" colspan=\"2\"><a href=\"https:\/\/agora.xtec.cat\/insperecalders\/wp-content\/uploads\/usu1895\/2019\/10\/Pere_Calders_educacio_emocional-1.jpg\"><img loading=\"lazy\" decoding=\"async\" class=\"wp-image-1182 aligncenter\" src=\"https:\/\/agora.xtec.cat\/insperecalders\/wp-content\/uploads\/usu1895\/2019\/10\/Pere_Calders_educacio_emocional-1.jpg\" alt=\"\" width=\"970\" height=\"723\" srcset=\"https:\/\/agora.xtec.cat\/insperecalders\/wp-content\/uploads\/usu1895\/2019\/10\/Pere_Calders_educacio_emocional-1.jpg 1000w, https:\/\/agora.xtec.cat\/insperecalders\/wp-content\/uploads\/usu1895\/2019\/10\/Pere_Calders_educacio_emocional-1-300x224.jpg 300w, https:\/\/agora.xtec.cat\/insperecalders\/wp-content\/uploads\/usu1895\/2019\/10\/Pere_Calders_educacio_emocional-1-768x572.jpg 768w, https:\/\/agora.xtec.cat\/insperecalders\/wp-content\/uploads\/usu1895\/2019\/10\/Pere_Calders_educacio_emocional-1-200x150.jpg 200w\" sizes=\"auto, (max-width: 970px) 100vw, 970px\" \/><\/a><\/td>\n<\/tr>\n<tr style=\"height: 5px; border-style: hidden;\">\n<td style=\"height: 5px; border-style: hidden;\" colspan=\"2\"><a href=\"https:\/\/agora.xtec.cat\/insperecalders\/wp-content\/uploads\/usu1895\/2019\/10\/Pere_Calders_educacio_emocional-2.jpg\"><img loading=\"lazy\" decoding=\"async\" class=\"wp-image-1186 alignright\" src=\"https:\/\/agora.xtec.cat\/insperecalders\/wp-content\/uploads\/usu1895\/2019\/10\/Pere_Calders_educacio_emocional-2.jpg\" alt=\"\" width=\"979\" height=\"563\" srcset=\"https:\/\/agora.xtec.cat\/insperecalders\/wp-content\/uploads\/usu1895\/2019\/10\/Pere_Calders_educacio_emocional-2.jpg 1000w, https:\/\/agora.xtec.cat\/insperecalders\/wp-content\/uploads\/usu1895\/2019\/10\/Pere_Calders_educacio_emocional-2-300x173.jpg 300w, https:\/\/agora.xtec.cat\/insperecalders\/wp-content\/uploads\/usu1895\/2019\/10\/Pere_Calders_educacio_emocional-2-768x442.jpg 768w\" sizes=\"auto, (max-width: 979px) 100vw, 979px\" \/><\/a><\/td>\n<\/tr>\n<tr>\n<td style=\"width: 497px; border-style: hidden;\" colspan=\"2\"><\/td>\n<\/tr>\n<tr style=\"border-style: hidden; height: 5px;\">\n<td style=\"width: 996px; height: 5px; border-style: hidden; background-color: #dddddd;\" colspan=\"2\"><\/td>\n<\/tr>\n<\/tbody>\n<\/table>\n","protected":false},"excerpt":{"rendered":"<p>Tallers sobre Educaci\u00f3 Emocional a l&#8217;Institut Pere Calders. &nbsp; Des del curs 2015-16, a\u00a0 les sessions de tutoria, es porten\u00a0 a terme els tallers sobre Educaci\u00f3 Emocional que l&#8217;AFA va organitzant pels alumnes d&#8217;ESO i Batxillerat de l&#8217;institut. Tot seguit trobareu informaci\u00f3 sobre qu\u00e8 \u00e9s l&#8217;Educaci\u00f3 emocional i quines compet\u00e8ncies es\u00a0 treballen.<\/p>\n","protected":false},"author":1,"featured_media":0,"parent":1082,"menu_order":10,"comment_status":"closed","ping_status":"closed","template":"page-templates\/side-menu.php","meta":{"_bbp_topic_count":0,"_bbp_reply_count":0,"_bbp_total_topic_count":0,"_bbp_total_reply_count":0,"_bbp_voice_count":0,"_bbp_anonymous_reply_count":0,"_bbp_topic_count_hidden":0,"_bbp_reply_count_hidden":0,"_bbp_forum_subforum_count":0,"site-sidebar-layout":"default","site-content-layout":"","ast-site-content-layout":"","site-content-style":"default","site-sidebar-style":"default","ast-global-header-display":"","ast-banner-title-visibility":"","ast-main-header-display":"","ast-hfb-above-header-display":"","ast-hfb-below-header-display":"","ast-hfb-mobile-header-display":"","site-post-title":"","ast-breadcrumbs-content":"","ast-featured-img":"","footer-sml-layout":"","theme-transparent-header-meta":"","adv-header-id-meta":"","stick-header-meta":"","header-above-stick-meta":"","header-main-stick-meta":"","header-below-stick-meta":"","astra-migrate-meta-layouts":"default","ast-page-background-enabled":"default","ast-page-background-meta":{"desktop":{"background-color":"var(--ast-global-color-4)","background-image":"","background-repeat":"repeat","background-position":"center center","background-size":"auto","background-attachment":"scroll","background-type":"","background-media":"","overlay-type":"","overlay-color":"","overlay-opacity":"","overlay-gradient":""},"tablet":{"background-color":"","background-image":"","background-repeat":"repeat","background-position":"center center","background-size":"auto","background-attachment":"scroll","background-type":"","background-media":"","overlay-type":"","overlay-color":"","overlay-opacity":"","overlay-gradient":""},"mobile":{"background-color":"","background-image":"","background-repeat":"repeat","background-position":"center center","background-size":"auto","background-attachment":"scroll","background-type":"","background-media":"","overlay-type":"","overlay-color":"","overlay-opacity":"","overlay-gradient":""}},"ast-content-background-meta":{"desktop":{"background-color":"var(--ast-global-color-5)","background-image":"","background-repeat":"repeat","background-position":"center center","background-size":"auto","background-attachment":"scroll","background-type":"","background-media":"","overlay-type":"","overlay-color":"","overlay-opacity":"","overlay-gradient":""},"tablet":{"background-color":"var(--ast-global-color-5)","background-image":"","background-repeat":"repeat","background-position":"center center","background-size":"auto","background-attachment":"scroll","background-type":"","background-media":"","overlay-type":"","overlay-color":"","overlay-opacity":"","overlay-gradient":""},"mobile":{"background-color":"var(--ast-global-color-5)","background-image":"","background-repeat":"repeat","background-position":"center center","background-size":"auto","background-attachment":"scroll","background-type":"","background-media":"","overlay-type":"","overlay-color":"","overlay-opacity":"","overlay-gradient":""}},"footnotes":""},"class_list":["post-1148","page","type-page","status-publish","hentry"],"post_mailing_queue_ids":[],"_links":{"self":[{"href":"https:\/\/agora.xtec.cat\/insperecalders\/wp-json\/wp\/v2\/pages\/1148","targetHints":{"allow":["GET"]}}],"collection":[{"href":"https:\/\/agora.xtec.cat\/insperecalders\/wp-json\/wp\/v2\/pages"}],"about":[{"href":"https:\/\/agora.xtec.cat\/insperecalders\/wp-json\/wp\/v2\/types\/page"}],"author":[{"embeddable":true,"href":"https:\/\/agora.xtec.cat\/insperecalders\/wp-json\/wp\/v2\/users\/1"}],"replies":[{"embeddable":true,"href":"https:\/\/agora.xtec.cat\/insperecalders\/wp-json\/wp\/v2\/comments?post=1148"}],"version-history":[{"count":3,"href":"https:\/\/agora.xtec.cat\/insperecalders\/wp-json\/wp\/v2\/pages\/1148\/revisions"}],"predecessor-version":[{"id":6438,"href":"https:\/\/agora.xtec.cat\/insperecalders\/wp-json\/wp\/v2\/pages\/1148\/revisions\/6438"}],"up":[{"embeddable":true,"href":"https:\/\/agora.xtec.cat\/insperecalders\/wp-json\/wp\/v2\/pages\/1082"}],"wp:attachment":[{"href":"https:\/\/agora.xtec.cat\/insperecalders\/wp-json\/wp\/v2\/media?parent=1148"}],"curies":[{"name":"wp","href":"https:\/\/api.w.org\/{rel}","templated":true}]}}