{"id":773,"date":"2021-02-22T12:35:53","date_gmt":"2021-02-22T11:35:53","guid":{"rendered":"https:\/\/agora.xtec.cat\/insperalada\/?page_id=773"},"modified":"2025-08-04T12:34:08","modified_gmt":"2025-08-04T10:34:08","slug":"projecte-linguistic","status":"publish","type":"page","link":"https:\/\/agora.xtec.cat\/insperalada\/projecte-educatiu\/projecte-linguistic\/","title":{"rendered":"Projecte ling\u00fc\u00edstic"},"content":{"rendered":"<p>El Projecte Ling\u00fc\u00edstic \u00e9s l\u2019instrument que regula l\u2019\u00fas de les lleng\u00fces en els diferents \u00e0mbits del centre tenint en compte la normativa corresponent, l\u2019alumnat i el seu entorn socioling\u00fc\u00edstic, i la diagnosi dels usos ling\u00fc\u00edstics del centre.<\/p>\n<p>El nostre projecte promour\u00e0 entre tots els membres de la comunitat educativa el respecte envers totes les lleng\u00fces, la valoraci\u00f3 positiva de la diversitat ling\u00fc\u00edstica i la import\u00e0ncia de l\u2019aprenentatge de lleng\u00fces estrangeres.<\/p>\n<p>El catal\u00e0, com a llengua pr\u00f2pia de Catalunya, s\u2019utilitzar\u00e0 com a llengua vehicular i d\u2019aprenentatge, aix\u00ed com en tot l\u2019\u00e0mbit d\u2019organitzaci\u00f3 i de comunicaci\u00f3. L\u2019Institut vetllar\u00e0 perqu\u00e8 tot l\u2019alumnat assoleixi un coneixement \u00f2ptim tant de la llengua catalana com de la llengua castellana.<\/p>\n<p>L\u2019Institut, donant resposta a l\u2019objectiu de les pol\u00edtiques educatives de la Uni\u00f3 Europea de contribuir al desenvolupament de l&#8217;aprenentatge i la difusi\u00f3 de les lleng\u00fces, per desenvolupar<br \/>\nla dimensi\u00f3 europea en l&#8217;ensenyament i la formaci\u00f3 i amb l\u2019inter\u00e8s que l\u2019ensenyament obligatori garanteixi el domini de la llengua catalana i de la llengua castellana, el d\u2019una llengua<br \/>\nestrangera, especialment l\u2019angl\u00e8s, i el coneixement d\u2019altres lleng\u00fces, aplicar\u00e0 les seg\u00fcents accions, en funci\u00f3 dels recursos previstos en la plantilla de professorat que assigna el<br \/>\nDepartament d\u2019Educaci\u00f3:<\/p>\n<ul>\n<li style=\"list-style-type: none;\">\n<ul>\n<li>Projecte d\u2019internacionalitzaci\u00f3 de centre.<\/li>\n<li>Oferir la llengua francesa, com a segona llengua estrangera, des de 2n d\u2019ESO.<\/li>\n<li>Impartir l\u2019Educaci\u00f3 F\u00edsica en Angl\u00e8s.<\/li>\n<li>Introduir l\u2019angl\u00e8s i el franc\u00e8s en algunes unitats did\u00e0ctiques i activitats de diferents\u00a0mat\u00e8ries no ling\u00fc\u00edstiques.<\/li>\n<\/ul>\n<\/li>\n<\/ul>\n<p>A l&#8217;apartat Documents de Centre, podreu consultar el document on es concreta el Projecte Ling\u00fc\u00edstic.<\/p>\n","protected":false},"excerpt":{"rendered":"<p>El Projecte Ling\u00fc\u00edstic \u00e9s l\u2019instrument que regula l\u2019\u00fas de les lleng\u00fces en els diferents \u00e0mbits del centre tenint en compte la normativa corresponent, l\u2019alumnat i el seu entorn socioling\u00fc\u00edstic, i la diagnosi dels usos ling\u00fc\u00edstics del centre. El nostre projecte promour\u00e0 entre tots els membres de la comunitat educativa el respecte envers totes les lleng\u00fces, [&hellip;]<\/p>\n","protected":false},"author":3,"featured_media":0,"parent":57,"menu_order":0,"comment_status":"closed","ping_status":"closed","template":"page-templates\/side-menu.php","meta":{"_bbp_topic_count":0,"_bbp_reply_count":0,"_bbp_total_topic_count":0,"_bbp_total_reply_count":0,"_bbp_voice_count":0,"_bbp_anonymous_reply_count":0,"_bbp_topic_count_hidden":0,"_bbp_reply_count_hidden":0,"_bbp_forum_subforum_count":0,"site-sidebar-layout":"default","site-content-layout":"","ast-site-content-layout":"","site-content-style":"default","site-sidebar-style":"default","ast-global-header-display":"","ast-banner-title-visibility":"","ast-main-header-display":"","ast-hfb-above-header-display":"","ast-hfb-below-header-display":"","ast-hfb-mobile-header-display":"","site-post-title":"","ast-breadcrumbs-content":"","ast-featured-img":"","footer-sml-layout":"","theme-transparent-header-meta":"","adv-header-id-meta":"","stick-header-meta":"","header-above-stick-meta":"","header-main-stick-meta":"","header-below-stick-meta":"","astra-migrate-meta-layouts":"default","ast-page-background-enabled":"default","ast-page-background-meta":{"desktop":{"background-color":"var(--ast-global-color-4)","background-image":"","background-repeat":"repeat","background-position":"center center","background-size":"auto","background-attachment":"scroll","background-type":"","background-media":"","overlay-type":"","overlay-color":"","overlay-opacity":"","overlay-gradient":""},"tablet":{"background-color":"","background-image":"","background-repeat":"repeat","background-position":"center center","background-size":"auto","background-attachment":"scroll","background-type":"","background-media":"","overlay-type":"","overlay-color":"","overlay-opacity":"","overlay-gradient":""},"mobile":{"background-color":"","background-image":"","background-repeat":"repeat","background-position":"center center","background-size":"auto","background-attachment":"scroll","background-type":"","background-media":"","overlay-type":"","overlay-color":"","overlay-opacity":"","overlay-gradient":""}},"ast-content-background-meta":{"desktop":{"background-color":"var(--ast-global-color-5)","background-image":"","background-repeat":"repeat","background-position":"center center","background-size":"auto","background-attachment":"scroll","background-type":"","background-media":"","overlay-type":"","overlay-color":"","overlay-opacity":"","overlay-gradient":""},"tablet":{"background-color":"var(--ast-global-color-5)","background-image":"","background-repeat":"repeat","background-position":"center center","background-size":"auto","background-attachment":"scroll","background-type":"","background-media":"","overlay-type":"","overlay-color":"","overlay-opacity":"","overlay-gradient":""},"mobile":{"background-color":"var(--ast-global-color-5)","background-image":"","background-repeat":"repeat","background-position":"center center","background-size":"auto","background-attachment":"scroll","background-type":"","background-media":"","overlay-type":"","overlay-color":"","overlay-opacity":"","overlay-gradient":""}},"footnotes":""},"class_list":["post-773","page","type-page","status-publish","hentry"],"post_mailing_queue_ids":[],"_links":{"self":[{"href":"https:\/\/agora.xtec.cat\/insperalada\/wp-json\/wp\/v2\/pages\/773","targetHints":{"allow":["GET"]}}],"collection":[{"href":"https:\/\/agora.xtec.cat\/insperalada\/wp-json\/wp\/v2\/pages"}],"about":[{"href":"https:\/\/agora.xtec.cat\/insperalada\/wp-json\/wp\/v2\/types\/page"}],"author":[{"embeddable":true,"href":"https:\/\/agora.xtec.cat\/insperalada\/wp-json\/wp\/v2\/users\/3"}],"replies":[{"embeddable":true,"href":"https:\/\/agora.xtec.cat\/insperalada\/wp-json\/wp\/v2\/comments?post=773"}],"version-history":[{"count":4,"href":"https:\/\/agora.xtec.cat\/insperalada\/wp-json\/wp\/v2\/pages\/773\/revisions"}],"predecessor-version":[{"id":1640,"href":"https:\/\/agora.xtec.cat\/insperalada\/wp-json\/wp\/v2\/pages\/773\/revisions\/1640"}],"up":[{"embeddable":true,"href":"https:\/\/agora.xtec.cat\/insperalada\/wp-json\/wp\/v2\/pages\/57"}],"wp:attachment":[{"href":"https:\/\/agora.xtec.cat\/insperalada\/wp-json\/wp\/v2\/media?parent=773"}],"curies":[{"name":"wp","href":"https:\/\/api.w.org\/{rel}","templated":true}]}}