{"id":719,"date":"2020-09-14T17:55:30","date_gmt":"2020-09-14T15:55:30","guid":{"rendered":"https:\/\/agora.xtec.cat\/insperalada\/?page_id=719"},"modified":"2025-09-06T20:31:42","modified_gmt":"2025-09-06T18:31:42","slug":"projecte-de-mecenatge","status":"publish","type":"page","link":"https:\/\/agora.xtec.cat\/insperalada\/linstitut\/projecte-de-mecenatge\/","title":{"rendered":"Projecte de Mecenatge"},"content":{"rendered":"<p><a href=\"https:\/\/agora.xtec.cat\/insperalada\/wp-content\/uploads\/usu2117\/2020\/09\/Projecte-de-mecenatge.png\"><img loading=\"lazy\" decoding=\"async\" class=\"wp-image-739 size-medium alignleft\" src=\"https:\/\/agora.xtec.cat\/insperalada\/wp-content\/uploads\/usu2117\/2020\/09\/Projecte-de-mecenatge-212x300.png\" alt=\"\" width=\"212\" height=\"300\" srcset=\"https:\/\/agora.xtec.cat\/insperalada\/wp-content\/uploads\/usu2117\/2020\/09\/Projecte-de-mecenatge-212x300.png 212w, https:\/\/agora.xtec.cat\/insperalada\/wp-content\/uploads\/usu2117\/2020\/09\/Projecte-de-mecenatge-768x1086.png 768w, https:\/\/agora.xtec.cat\/insperalada\/wp-content\/uploads\/usu2117\/2020\/09\/Projecte-de-mecenatge-724x1024.png 724w\" sizes=\"auto, (max-width: 212px) 100vw, 212px\" \/><\/a>L\u2019Institut Peralada s\u2019inicia amb un projecte de Mecenatge que ha de permetre, a les empreses i entitats que ho desitgen, ajudar a finan\u00e7ar el centre.\u00a0\u00a0En aquest moment els recursos p\u00fablics s\u00f3n limitats i tampoc es pot demanar a les fam\u00edlies un esfor\u00e7 major. \u00c9s per aix\u00f2 que,\u00a0 per aconseguir finan\u00e7ar el desplegament \u00f2ptim i l\u2019aplicaci\u00f3 del projecte educatiu del nou institut, demanem\u00a0 la col\u00b7laboraci\u00f3 d\u2019entitats i empreses de l\u2019entorn.<\/p>\n<p>Aquestes empreses i entitats aposten per la cultura i l\u2019educaci\u00f3 i volem agrair-los la seva generositat i la sensibilitat que demostren per col\u00b7laborar amb l\u2019educaci\u00f3 del jovent que assisteix a l\u2019Institut Peralada.<\/p>\n<p>Entre els primers mecenes destaca l\u2019<a href=\"http:\/\/www.peralada.org\/\"><strong>ajuntament de Peralada<\/strong><\/a>, que ha contribu\u00eft, a banda de cedir i adequar l\u2019edifici de l\u2019Institut, amb una subvenci\u00f3 per a tots els alumnes de l\u2019Institut per ajudar-los a adquirir els ordinadors port\u00e0tils.<\/p>\n<p>L\u2019<a href=\"http:\/\/www.santcliment.cat\/\"><strong>ajuntament de Sant Climent<\/strong><\/a> ha contribu\u00eft en l\u2019adquisici\u00f3 de les carpetes que hem donat a tots els alumnes matriculats al centre i un lot de llibres per al club de lectura.<\/p>\n<p>L&#8217;<a href=\"http:\/\/www.espolla.cat\/\"><strong>ajuntament d&#8217;Espolla<\/strong><\/a> ha contribu\u00eft en l&#8217;adquisici\u00f3 de llibretes personalitzades per als alumnes, retoladors de pissarra per als alumnes (mesures COVID19), material extra COVID19.<\/p>\n<p><a href=\"https:\/\/www.copyesteve.com\/ca\/\"><strong>Copisteria Esteve<\/strong> <\/a>de Figueres ens ha regalat una infografia gegant relativa als Objectius de Desenvolupament Sostenible que presideix l\u2019entrada de l\u2019Institut.<\/p>\n<p>Poc a poc es van afegint noves empreses i entitats que estan disposades a participar en el Projecte de Mecenatge de l\u2019Institut Peralada.<\/p>\n<p>Aquesta col\u00b7laboraci\u00f3 es pot concretar en diferents formats:<\/p>\n<ul>\n<li><strong>Aportaci\u00f3 \u00a0al llarg de diferents cursos:\u00a0<\/strong>Les empreses poden determinar una aportaci\u00f3 anual al projecte per un per\u00edode de temps concret. Aquesta modalitat permet una planificaci\u00f3 m\u00e9s acurada de les inversions i despeses del centre al llarg dels propers cursos.<\/li>\n<li><strong>Aportaci\u00f3 per aquest curs:<\/strong> En aquest cas la col\u00b7laboraci\u00f3 es defineix per aquest any i es deixen obertes per\u00f2 no definides\u00a0 properes possibilitats de mecenatge.<\/li>\n<li><strong>Finan\u00e7ament d\u2019un recurs material:<\/strong> Es tracta de fer-se c\u00e0rrec d\u2019una despesa concreta i documentada amb l\u2019objectiu d\u2019equipar l\u2019institut (laboratori, taller, plataforma web, equipaments audiovisuals, \u2026) i dotar-lo dels recursos necessaris.<\/li>\n<li><strong>Finan\u00e7ament de projectes internacionals<\/strong>: Col\u00b7laborar finan\u00e7ant les despeses de les mobilitzaci\u00f3 dels participants.<\/li>\n<li><strong>Beques per a alumnes amb pocs recursos:<\/strong> Assignar una dotaci\u00f3 econ\u00f2mica per ajudar a cobrir les despeses educatives d\u2019aquells alumnes que ho necessitin.<\/li>\n<\/ul>\n<p>En tots els casos, sigui quina sigui la modalitat escollida de la donaci\u00f3, si l\u2019empresa ho desitja, quedar\u00e0 reconeguda a trav\u00e9s d\u2019una menci\u00f3 a la p\u00e0gina web del centre com a empresa o entitat col\u00b7laboradora.<\/p>\n<p>A tots, en nom de la comunitat educativa del centre, molt\u00edssimes gr\u00e0cies.<\/p>\n<p><strong>Vols ser mecenes de l&#8217;Institut Peralada? Envia&#8217;ns un mail a administracio@insperalada.cat i ens posarem en contacte amb tu el m\u00e9s aviat possible.<\/strong><\/p>\n<p>&nbsp;<\/p>\n","protected":false},"excerpt":{"rendered":"<p>L\u2019Institut Peralada s\u2019inicia amb un projecte de Mecenatge que ha de permetre, a les empreses i entitats que ho desitgen, ajudar a finan\u00e7ar el centre.\u00a0\u00a0En aquest moment els recursos p\u00fablics s\u00f3n limitats i tampoc es pot demanar a les fam\u00edlies un esfor\u00e7 major. \u00c9s per aix\u00f2 que,\u00a0 per aconseguir finan\u00e7ar el desplegament \u00f2ptim i l\u2019aplicaci\u00f3 [&hellip;]<\/p>\n","protected":false},"author":1,"featured_media":0,"parent":19,"menu_order":80,"comment_status":"closed","ping_status":"closed","template":"page-templates\/side-menu.php","meta":{"_bbp_topic_count":0,"_bbp_reply_count":0,"_bbp_total_topic_count":0,"_bbp_total_reply_count":0,"_bbp_voice_count":0,"_bbp_anonymous_reply_count":0,"_bbp_topic_count_hidden":0,"_bbp_reply_count_hidden":0,"_bbp_forum_subforum_count":0,"site-sidebar-layout":"default","site-content-layout":"","ast-site-content-layout":"","site-content-style":"default","site-sidebar-style":"default","ast-global-header-display":"","ast-banner-title-visibility":"","ast-main-header-display":"","ast-hfb-above-header-display":"","ast-hfb-below-header-display":"","ast-hfb-mobile-header-display":"","site-post-title":"","ast-breadcrumbs-content":"","ast-featured-img":"","footer-sml-layout":"","theme-transparent-header-meta":"","adv-header-id-meta":"","stick-header-meta":"","header-above-stick-meta":"","header-main-stick-meta":"","header-below-stick-meta":"","astra-migrate-meta-layouts":"default","ast-page-background-enabled":"default","ast-page-background-meta":{"desktop":{"background-color":"var(--ast-global-color-4)","background-image":"","background-repeat":"repeat","background-position":"center center","background-size":"auto","background-attachment":"scroll","background-type":"","background-media":"","overlay-type":"","overlay-color":"","overlay-opacity":"","overlay-gradient":""},"tablet":{"background-color":"","background-image":"","background-repeat":"repeat","background-position":"center center","background-size":"auto","background-attachment":"scroll","background-type":"","background-media":"","overlay-type":"","overlay-color":"","overlay-opacity":"","overlay-gradient":""},"mobile":{"background-color":"","background-image":"","background-repeat":"repeat","background-position":"center center","background-size":"auto","background-attachment":"scroll","background-type":"","background-media":"","overlay-type":"","overlay-color":"","overlay-opacity":"","overlay-gradient":""}},"ast-content-background-meta":{"desktop":{"background-color":"var(--ast-global-color-5)","background-image":"","background-repeat":"repeat","background-position":"center center","background-size":"auto","background-attachment":"scroll","background-type":"","background-media":"","overlay-type":"","overlay-color":"","overlay-opacity":"","overlay-gradient":""},"tablet":{"background-color":"var(--ast-global-color-5)","background-image":"","background-repeat":"repeat","background-position":"center center","background-size":"auto","background-attachment":"scroll","background-type":"","background-media":"","overlay-type":"","overlay-color":"","overlay-opacity":"","overlay-gradient":""},"mobile":{"background-color":"var(--ast-global-color-5)","background-image":"","background-repeat":"repeat","background-position":"center center","background-size":"auto","background-attachment":"scroll","background-type":"","background-media":"","overlay-type":"","overlay-color":"","overlay-opacity":"","overlay-gradient":""}},"footnotes":""},"class_list":["post-719","page","type-page","status-publish","hentry"],"post_mailing_queue_ids":[],"_links":{"self":[{"href":"https:\/\/agora.xtec.cat\/insperalada\/wp-json\/wp\/v2\/pages\/719","targetHints":{"allow":["GET"]}}],"collection":[{"href":"https:\/\/agora.xtec.cat\/insperalada\/wp-json\/wp\/v2\/pages"}],"about":[{"href":"https:\/\/agora.xtec.cat\/insperalada\/wp-json\/wp\/v2\/types\/page"}],"author":[{"embeddable":true,"href":"https:\/\/agora.xtec.cat\/insperalada\/wp-json\/wp\/v2\/users\/1"}],"replies":[{"embeddable":true,"href":"https:\/\/agora.xtec.cat\/insperalada\/wp-json\/wp\/v2\/comments?post=719"}],"version-history":[{"count":4,"href":"https:\/\/agora.xtec.cat\/insperalada\/wp-json\/wp\/v2\/pages\/719\/revisions"}],"predecessor-version":[{"id":753,"href":"https:\/\/agora.xtec.cat\/insperalada\/wp-json\/wp\/v2\/pages\/719\/revisions\/753"}],"up":[{"embeddable":true,"href":"https:\/\/agora.xtec.cat\/insperalada\/wp-json\/wp\/v2\/pages\/19"}],"wp:attachment":[{"href":"https:\/\/agora.xtec.cat\/insperalada\/wp-json\/wp\/v2\/media?parent=719"}],"curies":[{"name":"wp","href":"https:\/\/api.w.org\/{rel}","templated":true}]}}