{"id":1244,"date":"2026-03-26T10:12:07","date_gmt":"2026-03-26T09:12:07","guid":{"rendered":"https:\/\/agora.xtec.cat\/insnouvic\/?page_id=1244"},"modified":"2026-03-26T10:12:07","modified_gmt":"2026-03-26T09:12:07","slug":"preinscripcio-i-matricula-de-batxillerat-combinat-amb-ensenyaments-esportius","status":"publish","type":"page","link":"https:\/\/agora.xtec.cat\/insnouvic\/preinscripcio-i-matricula-de-batxillerat-combinat-amb-ensenyaments-esportius\/","title":{"rendered":"Preinscripci\u00f3 i Matr\u00edcula de Batxillerat combinat amb Ensenyaments Esportius\u00a0"},"content":{"rendered":"\n<p><strong>8 d\u2019abril:<\/strong> Publicaci\u00f3 de l\u2019oferta\u00a0(Institut de Vic)<br><strong>Del 27\u00a0 d&#8217;abril al 6 de maig:<\/strong> Presentaci\u00f3 de sol\u00b7licituds de preinscripci\u00f3. La preinscripci\u00f3 es realitza a l&#8217;Institut de Vic, responent el formulari de preinscripci\u00f3\u00a0(<a href=\"http:\/\/forms.gle\/iPW4T2x1jXRJb5MQA\" target=\"_blank\" rel=\"noreferrer noopener\">enlla\u00e7 al formulari<\/a>).<br><strong>14 de maig: <\/strong>Publicaci\u00f3 de la llista amb la puntuaci\u00f3 provisional.<br><strong>14 al 20 de maig: <\/strong>Presentaci\u00f3 de reclamacions<br><strong>29 de maig: <\/strong>Publicaci\u00f3 de la llista ordenada definitiva<br><strong>17 de juny:<\/strong> Publicaci\u00f3 de la llista d\u2019alumnes amb pla\u00e7a assignada i llista d\u2019espera.<br><strong>18 a 30 de juny:<\/strong> Per\u00edode de matriculaci\u00f3 per l\u2019alumnat amb pla\u00e7a assignada (s\u2019enviar\u00e0 un formulari per correu electr\u00f2nic). Cal formalitzar la matr\u00edcula\u00a0de Batxillerat a l&#8217;Institut Comtat d&#8217;Osona i la matr\u00edcula d&#8217;Ensenyaments Esportius a l&#8217;Institut de Vic. <strong>Els alumnes que no formalitzin la matr\u00edcula en aquest per\u00edode, es considerar\u00e0 que renuncien a la pla\u00e7a.<\/strong><\/p>\n\n\n\n<div data-wp-interactive=\"core\/file\" class=\"wp-block-file\"><object data-wp-bind--hidden=\"!state.hasPdfPreview\" hidden class=\"wp-block-file__embed\" data=\"https:\/\/agora.xtec.cat\/insnouvic\/wp-content\/uploads\/usu3596\/2026\/03\/Full-informatiu-preinscripcio-BAT_26-27-EE.pdf\" type=\"application\/pdf\" style=\"width:100%;height:600px\" aria-label=\"Incrustaci\u00f3 del fitxer Full informatiu preinscripci\u00f3 BAT_26-27 EE.\"><\/object><a id=\"wp-block-file--media-1f264f2d-20c0-4f10-b5e4-de4256f444d6\" href=\"https:\/\/agora.xtec.cat\/insnouvic\/wp-content\/uploads\/usu3596\/2026\/03\/Full-informatiu-preinscripcio-BAT_26-27-EE.pdf\">Full informatiu preinscripci\u00f3 BAT_26-27 EE<\/a><a href=\"https:\/\/agora.xtec.cat\/insnouvic\/wp-content\/uploads\/usu3596\/2026\/03\/Full-informatiu-preinscripcio-BAT_26-27-EE.pdf\" class=\"wp-block-file__button wp-element-button\" download aria-describedby=\"wp-block-file--media-1f264f2d-20c0-4f10-b5e4-de4256f444d6\">Baixa<\/a><\/div>\n","protected":false},"excerpt":{"rendered":"<p>8 d\u2019abril: Publicaci\u00f3 de l\u2019oferta\u00a0(Institut de Vic)Del 27\u00a0 d&#8217;abril al 6 de maig: Presentaci\u00f3 de sol\u00b7licituds de preinscripci\u00f3. La preinscripci\u00f3 es realitza a l&#8217;Institut de Vic, responent el formulari de preinscripci\u00f3\u00a0(enlla\u00e7 al formulari).14 de maig: Publicaci\u00f3 de la llista amb la puntuaci\u00f3 provisional.14 al 20 de maig: Presentaci\u00f3 de reclamacions29 de maig: Publicaci\u00f3 de la [&hellip;]<\/p>\n","protected":false},"author":1,"featured_media":0,"parent":0,"menu_order":0,"comment_status":"closed","ping_status":"close","template":"","meta":{"site-sidebar-layout":"default","site-content-layout":"","ast-site-content-layout":"default","site-content-style":"default","site-sidebar-style":"default","ast-global-header-display":"","ast-banner-title-visibility":"","ast-main-header-display":"","ast-hfb-above-header-display":"","ast-hfb-below-header-display":"","ast-hfb-mobile-header-display":"","site-post-title":"","ast-breadcrumbs-content":"","ast-featured-img":"","footer-sml-layout":"","theme-transparent-header-meta":"","adv-header-id-meta":"","stick-header-meta":"","header-above-stick-meta":"","header-main-stick-meta":"","header-below-stick-meta":"","astra-migrate-meta-layouts":"set","ast-page-background-enabled":"default","ast-page-background-meta":{"desktop":{"background-color":"var(--ast-global-color-4)","background-image":"","background-repeat":"repeat","background-position":"center center","background-size":"auto","background-attachment":"scroll","background-type":"","background-media":"","overlay-type":"","overlay-color":"","overlay-opacity":"","overlay-gradient":""},"tablet":{"background-color":"","background-image":"","background-repeat":"repeat","background-position":"center center","background-size":"auto","background-attachment":"scroll","background-type":"","background-media":"","overlay-type":"","overlay-color":"","overlay-opacity":"","overlay-gradient":""},"mobile":{"background-color":"","background-image":"","background-repeat":"repeat","background-position":"center center","background-size":"auto","background-attachment":"scroll","background-type":"","background-media":"","overlay-type":"","overlay-color":"","overlay-opacity":"","overlay-gradient":""}},"ast-content-background-meta":{"desktop":{"background-color":"var(--ast-global-color-5)","background-image":"","background-repeat":"repeat","background-position":"center center","background-size":"auto","background-attachment":"scroll","background-type":"","background-media":"","overlay-type":"","overlay-color":"","overlay-opacity":"","overlay-gradient":""},"tablet":{"background-color":"var(--ast-global-color-5)","background-image":"","background-repeat":"repeat","background-position":"center center","background-size":"auto","background-attachment":"scroll","background-type":"","background-media":"","overlay-type":"","overlay-color":"","overlay-opacity":"","overlay-gradient":""},"mobile":{"background-color":"var(--ast-global-color-5)","background-image":"","background-repeat":"repeat","background-position":"center center","background-size":"auto","background-attachment":"scroll","background-type":"","background-media":"","overlay-type":"","overlay-color":"","overlay-opacity":"","overlay-gradient":""}},"footnotes":""},"class_list":["post-1244","page","type-page","status-publish","hentry"],"post_mailing_queue_ids":[],"_links":{"self":[{"href":"https:\/\/agora.xtec.cat\/insnouvic\/wp-json\/wp\/v2\/pages\/1244","targetHints":{"allow":["GET"]}}],"collection":[{"href":"https:\/\/agora.xtec.cat\/insnouvic\/wp-json\/wp\/v2\/pages"}],"about":[{"href":"https:\/\/agora.xtec.cat\/insnouvic\/wp-json\/wp\/v2\/types\/page"}],"author":[{"embeddable":true,"href":"https:\/\/agora.xtec.cat\/insnouvic\/wp-json\/wp\/v2\/users\/1"}],"replies":[{"embeddable":true,"href":"https:\/\/agora.xtec.cat\/insnouvic\/wp-json\/wp\/v2\/comments?post=1244"}],"version-history":[{"count":1,"href":"https:\/\/agora.xtec.cat\/insnouvic\/wp-json\/wp\/v2\/pages\/1244\/revisions"}],"predecessor-version":[{"id":1246,"href":"https:\/\/agora.xtec.cat\/insnouvic\/wp-json\/wp\/v2\/pages\/1244\/revisions\/1246"}],"wp:attachment":[{"href":"https:\/\/agora.xtec.cat\/insnouvic\/wp-json\/wp\/v2\/media?parent=1244"}],"curies":[{"name":"wp","href":"https:\/\/api.w.org\/{rel}","templated":true}]}}