{"id":49,"date":"2014-09-17T16:55:55","date_gmt":"2014-09-17T14:55:55","guid":{"rendered":"http:\/\/agora.xtec.cat\/insneuscatala\/\/?page_id=49"},"modified":"2026-03-19T11:12:14","modified_gmt":"2026-03-19T10:12:14","slug":"equip","status":"publish","type":"page","link":"https:\/\/agora.xtec.cat\/insneuscatala\/linstitut\/equip\/","title":{"rendered":"Equip hum\u00e0"},"content":{"rendered":"<p>&nbsp;<\/p>\n<table style=\"height: 1430px; width: 98.8129%; border-collapse: collapse; border-color: #ffffff; background-color: #ffffff; border-style: ridge;\">\n<tbody>\n<tr style=\"height: 10px;\">\n<td style=\"width: 21.2082%; height: 10px;\"><\/td>\n<td style=\"width: 78.7918%; height: 10px;\">\n<h4><b>Equip docent<\/b><\/h4>\n<\/td>\n<\/tr>\n<tr style=\"height: 49px;\">\n<td style=\"width: 21.2082%; height: 49px; text-align: right;\">\n<h5><strong>Marc<\/strong><strong> Estap\u00e9<\/strong><\/h5>\n<\/td>\n<td style=\"width: 78.7918%; height: 49px;\">director i professor de f\u00edsica i qu\u00edmica als projectes de 2n &#8211; <a href=\"https:\/\/drive.google.com\/file\/d\/1XZI4xTHrAtLT_MIM_YlhesUZ7o3DwmaO\/view?usp=drive_link\" target=\"_blank\" rel=\"noopener\">acc\u00e9s al perfil professional p\u00fablic<\/a><\/td>\n<\/tr>\n<tr style=\"height: 32px;\">\n<td style=\"width: 21.2082%; height: 39px; text-align: right;\">\n<h5><strong>Liliana<\/strong><strong> Recuero<\/strong><\/h5>\n<\/td>\n<td style=\"width: 78.7918%; height: 39px;\">cap d\u2019estudis i professora de <span style=\"font-weight: 400;\">biologia i geologia als <\/span>projectes de 1r &#8211; <a href=\"https:\/\/drive.google.com\/file\/d\/1B4SELSDuTgV2rn3NeurnfK7wUhjz1RZ5\/view?usp=drive_link\">acc\u00e9s al perfil professional p\u00fablic<\/a><\/td>\n<\/tr>\n<tr style=\"height: 32px;\">\n<td style=\"width: 21.2082%; height: 32px; text-align: right;\">\n<h5><strong>J\u00falia<\/strong><strong> Vicente<\/strong><\/h5>\n<\/td>\n<td style=\"width: 78.7918%; height: 32px;\">coordinadora pedag\u00f2gica i professora de socials de 4rt &#8211; <a href=\"https:\/\/drive.google.com\/file\/d\/1X4_NDCWZ41IIzwDL1Pxh67kMZZTMeWf5\/view?usp=drive_link\" target=\"_blank\" rel=\"noopener\">acc\u00e9s al perfil professional p\u00fablic<\/a><\/td>\n<\/tr>\n<tr style=\"height: 32px;\">\n<td style=\"width: 21.2082%; height: 32px; text-align: right;\">\n<h5><strong>J\u00falia<\/strong><strong> Cort\u00e9s<\/strong><\/h5>\n<\/td>\n<td style=\"width: 78.7918%; height: 32px;\">secret\u00e0ria i professora de matem\u00e0tiques a 3r &#8211; <a href=\"https:\/\/drive.google.com\/file\/d\/1UB6YMYWNt4nE3sGFrqSfXJ0LUE4SaKU9\/view?usp=drive_link\">acc\u00e9s al perfil professional p\u00fablic<\/a><\/td>\n<\/tr>\n<tr style=\"height: 49px;\">\n<td style=\"width: 21.2082%; height: 49px; text-align: right;\">\n<h5><strong>Diego<\/strong><strong> Sanjuli\u00e1n<\/strong><\/h5>\n<\/td>\n<td style=\"width: 78.7918%; height: 49px;\">COCOBE, coord. i professor de biologia als projectes STEM, treball de recerca (TR) i cultura cient\u00edfica a 4rt<\/td>\n<\/tr>\n<tr style=\"height: 32px;\">\n<td style=\"width: 21.2082%; height: 32px; text-align: right;\">\n<h5><strong>Manel<\/strong><strong> Navarro<\/strong><\/h5>\n<\/td>\n<td style=\"width: 78.7918%; height: 32px;\"><span style=\"font-weight: 400;\">coordinador de 1r d&#8217;ESO, tutor de 1A, professor de socials als projectes de 1r i treball de recerca i filosofia a 4rt<\/span><\/td>\n<\/tr>\n<tr style=\"height: 32px;\">\n<td style=\"width: 21.2082%; height: 32px; text-align: right;\">\n<h5><strong>Jose<\/strong><strong> Martos<\/strong><\/h5>\n<\/td>\n<td style=\"width: 78.7918%; height: 32px;\">tutor de 1B i professor de matem\u00e0tiques a 1r i 4rt<\/td>\n<\/tr>\n<tr style=\"height: 32px;\">\n<td style=\"width: 21.2082%; height: 32px; text-align: right;\">\n<h5><strong>Sara<\/strong><strong> Hern\u00e1ndez<\/strong><\/h5>\n<\/td>\n<td style=\"width: 78.7918%; height: 32px;\">tutora de 1C i professora <span style=\"font-weight: 400;\">de biologia i geologia als projectes de 1r i a 4rt<\/span><\/td>\n<\/tr>\n<tr style=\"height: 32px;\">\n<td style=\"width: 21.2082%; height: 32px; text-align: right;\">\n<h5><strong>Carlos<\/strong><strong> Cerezo<\/strong><\/h5>\n<\/td>\n<td style=\"width: 78.7918%; height: 32px;\"><span style=\"font-weight: 400;\">coordinador de 2n d\u2019ESO, tutor 2A i professor de matem\u00e0tiques a 2n i 4rt<\/span><\/td>\n<\/tr>\n<tr style=\"height: 32px;\">\n<td style=\"width: 21.2082%; height: 32px; text-align: right;\">\n<h5><strong>Alba<\/strong><strong> Aguilar<\/strong><\/h5>\n<\/td>\n<td style=\"width: 78.7918%; height: 32px;\">tutora de 2B, professora de socials als projectes de 2n i d&#8217;Aula d&#8217;acollida<\/td>\n<\/tr>\n<tr style=\"height: 32px;\">\n<td style=\"width: 21.2082%; height: 32px; text-align: right;\">\n<h5><strong>Alba <\/strong><strong>Mar\u00edn<\/strong><\/h5>\n<\/td>\n<td style=\"width: 78.7918%; height: 32px;\">tutora de 2C i professora de catal\u00e0 a 2n<\/td>\n<\/tr>\n<tr style=\"height: 33px;\">\n<td style=\"width: 21.2082%; height: 33px; text-align: right;\">\n<h5><strong>Esteve<\/strong><strong> Costa<\/strong><\/h5>\n<\/td>\n<td style=\"width: 78.7918%; height: 33px;\"><span style=\"font-weight: 400;\">coordinador de 3r d&#8217;ESO, tutor de 3A, professor de socials als projectes human\u00edstics de 3r i economia a 4rt<\/span><\/td>\n<\/tr>\n<tr style=\"height: 33px;\">\n<td style=\"width: 21.2082%; height: 33px; text-align: right;\">\n<h5><strong>Marina<\/strong><strong> Climent<\/strong><\/h5>\n<\/td>\n<td style=\"width: 78.7918%; height: 33px;\">tutora de 3B i professora d&#8217;angl\u00e8s a 3r<\/td>\n<\/tr>\n<tr style=\"height: 33px;\">\n<td style=\"width: 21.2082%; height: 33px; text-align: right;\">\n<h5><strong>Neus<\/strong><strong> Pujadas<\/strong><\/h5>\n<\/td>\n<td style=\"width: 78.7918%; height: 33px;\">tutora de 3C i professora de tecnologia als projectes STEM de 3r<\/td>\n<\/tr>\n<tr style=\"height: 33px;\">\n<td style=\"width: 21.2082%; height: 33px; text-align: right;\">\n<h5><strong>Tamara<\/strong><strong> Noda<\/strong><\/h5>\n<\/td>\n<td style=\"width: 78.7918%; height: 33px;\">coordinadora de 4rt d&#8217;ESO, tutora de 4A i professora d&#8217;angl\u00e8s a 4rt<\/td>\n<\/tr>\n<tr style=\"height: 33px;\">\n<td style=\"width: 21.2082%; height: 33px; text-align: right;\">\n<h5><strong>Carina<\/strong><strong> Luquin<\/strong><\/h5>\n<\/td>\n<td style=\"width: 78.7918%; height: 33px;\">tutora de 4B i professora de castell\u00e0 i cultura cl\u00e0ssica a 4rt<\/td>\n<\/tr>\n<tr style=\"height: 33px;\">\n<td style=\"width: 21.2082%; height: 33px; text-align: right;\">\n<h5><strong>Laia <\/strong><strong>Garcia<\/strong><\/h5>\n<\/td>\n<td style=\"width: 78.7918%; height: 33px;\">tutora de 4C i professora de catal\u00e0 i FOL a 4rt<\/td>\n<\/tr>\n<tr style=\"height: 49px;\">\n<td style=\"width: 21.2082%; height: 49px; text-align: right;\">\n<h5><strong>Helena<\/strong><strong> Garcia<\/strong><\/h5>\n<\/td>\n<td style=\"width: 78.7918%; height: 49px;\">coordinadora d&#8217;escolaritzaci\u00f3 compartida i orientadora referent de 1r i 3r<\/td>\n<\/tr>\n<tr style=\"height: 49px;\">\n<td style=\"width: 21.2082%; height: 49px; text-align: right;\">\n<h5><strong>Ivan<\/strong><strong> Jimenez<\/strong><\/h5>\n<\/td>\n<td style=\"width: 78.7918%; height: 49px;\">coordinador de PDC i orientador referent de 2n i 4rt<\/td>\n<\/tr>\n<tr style=\"height: 49px;\">\n<td style=\"width: 21.2082%; height: 49px; text-align: right;\">\n<h5><strong>Orio<\/strong><strong>l<\/strong><strong> Larriba<\/strong><\/h5>\n<\/td>\n<td style=\"width: 78.7918%; height: 49px;\">coordinador TAC i professor de f\u00edsica i qu\u00edmica als projectes STEM de 3r i 4rt.<\/td>\n<\/tr>\n<tr style=\"height: 49px;\">\n<td style=\"width: 21.2082%; height: 49px; text-align: right;\">\n<h5><strong>Lara<\/strong><strong> Morgado<\/strong><\/h5>\n<\/td>\n<td style=\"width: 78.7918%; height: 49px;\">coordinadora TAC i coord. i professora de tecnologia als projectes de 2n i de 4rt i matem\u00e0tiques i TR a 4rt<\/td>\n<\/tr>\n<tr style=\"height: 32px;\">\n<td style=\"width: 21.2082%; height: 32px; text-align: right;\">\n<h5><strong>Laia <\/strong><strong>Arenas<\/strong><\/h5>\n<\/td>\n<td style=\"width: 78.7918%; height: 32px;\">coordinadora LIC i professora de catal\u00e0 als projectes human\u00edstics de 3r<\/td>\n<\/tr>\n<tr style=\"height: 33px;\">\n<td style=\"width: 21.2082%; height: 33px; text-align: right;\">\n<h5><strong>Cristina<\/strong><strong> Ruiz<\/strong><\/h5>\n<\/td>\n<td style=\"width: 78.7918%; height: 33px;\">coordinadora de biblioteca i professora de castell\u00e0 a 2n i coord. i professora als projectes human\u00edstics de 3r<\/td>\n<\/tr>\n<tr style=\"height: 33px;\">\n<td style=\"width: 21.2082%; height: 33px; text-align: right;\">\n<h5><strong>Iciar<\/strong><strong> Ruiz<\/strong><\/h5>\n<\/td>\n<td style=\"width: 78.7918%; height: 33px;\"><span style=\"font-weight: 400;\">coordinadora riscos laborals i programa de mobilitat i tutora d&#8217;Aula d&#8217;acollida<\/span><\/td>\n<\/tr>\n<tr style=\"height: 32px;\">\n<td style=\"width: 21.2082%; height: 32px; text-align: right;\">\n<h5><strong>Elena<\/strong><strong> Marco<\/strong><\/h5>\n<\/td>\n<td style=\"width: 78.7918%; height: 32px;\">coordinadora art\u00edstica i professora d&#8217;educaci\u00f3 visual i pl\u00e0stica a 1r, 2n, 3r i 4rt<\/td>\n<\/tr>\n<tr style=\"height: 32px;\">\n<td style=\"width: 21.2082%; height: 32px; text-align: right;\">\n<h5><strong>Sandra<\/strong><strong> Marsol<\/strong><\/h5>\n<\/td>\n<td style=\"width: 78.7918%; height: 32px;\">professora de m\u00fasica a 1r, 3r i 4rt i d&#8217;arts esc\u00e8niques i dansa<\/td>\n<\/tr>\n<tr style=\"height: 32px;\">\n<td style=\"width: 21.2082%; height: 32px; text-align: right;\">\n<h5><strong>Pablo<\/strong><strong> Mercado<\/strong><\/h5>\n<\/td>\n<td style=\"width: 78.7918%; height: 32px;\">professor d&#8217;angl\u00e8s a 1r i 2n<\/td>\n<\/tr>\n<tr style=\"height: 32px;\">\n<td style=\"width: 21.2082%; height: 32px; text-align: right;\">\n<h5><strong>Sergio<\/strong><strong> Hombrado<\/strong><\/h5>\n<\/td>\n<td style=\"width: 78.7918%; height: 32px;\">professor d&#8217;educaci\u00f3 f\u00edsica a 2n, 3r i 4rt<\/td>\n<\/tr>\n<tr style=\"height: 32px;\">\n<td style=\"width: 21.2082%; height: 32px; text-align: right;\">\n<h5><strong>Myriam<\/strong><strong> Garcia<\/strong><\/h5>\n<\/td>\n<td style=\"width: 78.7918%; height: 32px;\">professora de franc\u00e8s a 1r, 2n, 3r i 4rt<\/td>\n<\/tr>\n<tr style=\"height: 32px;\">\n<td style=\"width: 21.2082%; height: 32px; text-align: right;\">\n<h5><strong>Gisela<\/strong><strong> Franch<\/strong><\/h5>\n<\/td>\n<td style=\"width: 78.7918%; height: 32px;\">professora d&#8217;educaci\u00f3 f\u00edsica a 1r<\/td>\n<\/tr>\n<tr style=\"height: 32px;\">\n<td style=\"width: 21.2082%; height: 32px; text-align: right;\"><\/td>\n<td style=\"width: 78.7918%; height: 32px;\">\n<h4><b>Personal d\u2019atenci\u00f3 educativa (PAE)<\/b><\/h4>\n<\/td>\n<\/tr>\n<tr style=\"height: 32px;\">\n<td style=\"width: 21.2082%; height: 32px; text-align: right;\">\n<h5><strong>Maria<\/strong><strong> Medina<\/strong><\/h5>\n<\/td>\n<td style=\"width: 78.7918%; height: 32px;\">Vetlladora<\/td>\n<\/tr>\n<tr style=\"height: 32px;\">\n<td style=\"width: 21.2082%; height: 32px; text-align: right;\"><\/td>\n<td style=\"width: 78.7918%; height: 32px;\">Educadora Social<\/td>\n<\/tr>\n<tr style=\"height: 32px;\">\n<td style=\"width: 21.2082%; height: 32px; text-align: right;\"><\/td>\n<td style=\"width: 78.7918%; height: 32px;\">\n<h4><b>Personal d\u2019administraci\u00f3 i serveis (PAS)<\/b><\/h4>\n<\/td>\n<\/tr>\n<tr style=\"height: 32px;\">\n<td style=\"width: 21.2082%; height: 32px; text-align: right;\">\n<h5><strong>Raquel<\/strong><strong> P\u00e9rez<\/strong><\/h5>\n<\/td>\n<td style=\"width: 78.7918%; height: 32px;\">auxiliar administrativa<\/td>\n<\/tr>\n<tr style=\"height: 73px;\">\n<td style=\"width: 21.2082%; text-align: right; height: 73px;\">\n<h5><strong>Maricruz<\/strong><strong> Garc\u00eda<\/strong><\/h5>\n<\/td>\n<td style=\"width: 78.7918%; height: 73px;\">conserge<\/td>\n<\/tr>\n<tr style=\"height: 32px;\">\n<td style=\"width: 21.2082%; height: 32px; text-align: right;\">\n<h5><strong>Marta<\/strong><strong> Roig<\/strong><\/h5>\n<\/td>\n<td style=\"width: 78.7918%; height: 32px;\">conserge<\/td>\n<\/tr>\n<tr style=\"height: 32px;\">\n<td style=\"width: 21.2082%; height: 32px; text-align: right;\"><\/td>\n<td style=\"width: 78.7918%; height: 32px;\">\n<h4><b>Personal de neteja<\/b><\/h4>\n<\/td>\n<\/tr>\n<tr style=\"height: 46px;\">\n<td style=\"width: 21.2082%; text-align: right; height: 46px;\">\n<h5><strong>Arminda<\/strong><\/h5>\n<\/td>\n<td style=\"width: 78.7918%; height: 46px;\">Empresa Sirsa<\/td>\n<\/tr>\n<\/tbody>\n<\/table>\n<p>&nbsp;<\/p>\n","protected":false},"excerpt":{"rendered":"<p>&nbsp; Equip docent Marc Estap\u00e9 director i professor de f\u00edsica i qu\u00edmica als projectes de 2n &#8211; acc\u00e9s al perfil professional p\u00fablic Liliana Recuero cap d\u2019estudis i professora de biologia i geologia als projectes de 1r &#8211; acc\u00e9s al perfil professional p\u00fablic J\u00falia Vicente coordinadora pedag\u00f2gica i professora de socials de 4rt &#8211; acc\u00e9s al [&hellip;]<\/p>\n","protected":false},"author":1,"featured_media":0,"parent":19,"menu_order":5,"comment_status":"closed","ping_status":"closed","template":"","meta":{"_bbp_topic_count":0,"_bbp_reply_count":0,"_bbp_total_topic_count":0,"_bbp_total_reply_count":0,"_bbp_voice_count":0,"_bbp_anonymous_reply_count":0,"_bbp_topic_count_hidden":0,"_bbp_reply_count_hidden":0,"_bbp_forum_subforum_count":0,"site-sidebar-layout":"default","site-content-layout":"","ast-site-content-layout":"default","site-content-style":"default","site-sidebar-style":"default","ast-global-header-display":"","ast-banner-title-visibility":"","ast-main-header-display":"","ast-hfb-above-header-display":"","ast-hfb-below-header-display":"","ast-hfb-mobile-header-display":"","site-post-title":"","ast-breadcrumbs-content":"","ast-featured-img":"","footer-sml-layout":"","theme-transparent-header-meta":"default","adv-header-id-meta":"","stick-header-meta":"","header-above-stick-meta":"","header-main-stick-meta":"","header-below-stick-meta":"","astra-migrate-meta-layouts":"set","ast-page-background-enabled":"default","ast-page-background-meta":{"desktop":{"background-color":"var(--ast-global-color-4)","background-image":"","background-repeat":"repeat","background-position":"center center","background-size":"auto","background-attachment":"scroll","background-type":"","background-media":"","overlay-type":"","overlay-color":"","overlay-opacity":"","overlay-gradient":""},"tablet":{"background-color":"","background-image":"","background-repeat":"repeat","background-position":"center center","background-size":"auto","background-attachment":"scroll","background-type":"","background-media":"","overlay-type":"","overlay-color":"","overlay-opacity":"","overlay-gradient":""},"mobile":{"background-color":"","background-image":"","background-repeat":"repeat","background-position":"center center","background-size":"auto","background-attachment":"scroll","background-type":"","background-media":"","overlay-type":"","overlay-color":"","overlay-opacity":"","overlay-gradient":""}},"ast-content-background-meta":{"desktop":{"background-color":"var(--ast-global-color-5)","background-image":"","background-repeat":"repeat","background-position":"center center","background-size":"auto","background-attachment":"scroll","background-type":"","background-media":"","overlay-type":"","overlay-color":"","overlay-opacity":"","overlay-gradient":""},"tablet":{"background-color":"var(--ast-global-color-5)","background-image":"","background-repeat":"repeat","background-position":"center center","background-size":"auto","background-attachment":"scroll","background-type":"","background-media":"","overlay-type":"","overlay-color":"","overlay-opacity":"","overlay-gradient":""},"mobile":{"background-color":"var(--ast-global-color-5)","background-image":"","background-repeat":"repeat","background-position":"center center","background-size":"auto","background-attachment":"scroll","background-type":"","background-media":"","overlay-type":"","overlay-color":"","overlay-opacity":"","overlay-gradient":""}},"footnotes":""},"class_list":["post-49","page","type-page","status-publish","hentry"],"post_mailing_queue_ids":[],"_links":{"self":[{"href":"https:\/\/agora.xtec.cat\/insneuscatala\/wp-json\/wp\/v2\/pages\/49","targetHints":{"allow":["GET"]}}],"collection":[{"href":"https:\/\/agora.xtec.cat\/insneuscatala\/wp-json\/wp\/v2\/pages"}],"about":[{"href":"https:\/\/agora.xtec.cat\/insneuscatala\/wp-json\/wp\/v2\/types\/page"}],"author":[{"embeddable":true,"href":"https:\/\/agora.xtec.cat\/insneuscatala\/wp-json\/wp\/v2\/users\/1"}],"replies":[{"embeddable":true,"href":"https:\/\/agora.xtec.cat\/insneuscatala\/wp-json\/wp\/v2\/comments?post=49"}],"version-history":[{"count":7,"href":"https:\/\/agora.xtec.cat\/insneuscatala\/wp-json\/wp\/v2\/pages\/49\/revisions"}],"predecessor-version":[{"id":5338,"href":"https:\/\/agora.xtec.cat\/insneuscatala\/wp-json\/wp\/v2\/pages\/49\/revisions\/5338"}],"up":[{"embeddable":true,"href":"https:\/\/agora.xtec.cat\/insneuscatala\/wp-json\/wp\/v2\/pages\/19"}],"wp:attachment":[{"href":"https:\/\/agora.xtec.cat\/insneuscatala\/wp-json\/wp\/v2\/media?parent=49"}],"curies":[{"name":"wp","href":"https:\/\/api.w.org\/{rel}","templated":true}]}}