{"id":21200,"date":"2024-10-25T09:28:56","date_gmt":"2024-10-25T07:28:56","guid":{"rendered":"https:\/\/agora.xtec.cat\/insnarcisafreixas\/?page_id=21200"},"modified":"2024-11-14T11:28:30","modified_gmt":"2024-11-14T10:28:30","slug":"ciutat-i-escola","status":"publish","type":"page","link":"https:\/\/agora.xtec.cat\/insnarcisafreixas\/com-treballem\/programes\/ciutat-i-escola\/","title":{"rendered":"Ciutat i Escola"},"content":{"rendered":"<p><img loading=\"lazy\" decoding=\"async\" class=\"aligncenter wp-image-21091 size-medium\" src=\"https:\/\/agora.xtec.cat\/insnarcisafreixas\/wp-content\/uploads\/usu1244\/2024\/09\/ciutat-i-escola-gran-300x180.png\" alt=\"Logo gran Ciutat i escola\" width=\"300\" height=\"180\" srcset=\"https:\/\/agora.xtec.cat\/insnarcisafreixas\/wp-content\/uploads\/usu1244\/2024\/09\/ciutat-i-escola-gran-300x180.png 300w, https:\/\/agora.xtec.cat\/insnarcisafreixas\/wp-content\/uploads\/usu1244\/2024\/09\/ciutat-i-escola-gran.png 500w\" sizes=\"auto, (max-width: 300px) 100vw, 300px\" \/><br \/>\nEl programa Ciutat i Escola \u00e9s una eina de suport a la tasca educativa que l\u2019Ajuntament de Sabadell ofereix als centres de la ciutat. Els seus programes engloben tem\u00e0tiques com: ci\u00e8ncia i tecnologia, desenvolupament sostenible, educaci\u00f3 en valors, educaci\u00f3 art\u00edstica, educaci\u00f3 per a la salut, educaci\u00f3 per al consum, promoci\u00f3 de l\u2019esport, hist\u00f2ria i patrimoni, entre altres propostes.<\/p>\n<p><a href=\"https:\/\/www.sabadell.cat\/ca\/ciutat-i-escola\">M\u00e9s informaci\u00f3 en aquest enlla\u00e7.<\/a><\/p>\n","protected":false},"excerpt":{"rendered":"<p>El programa Ciutat i Escola \u00e9s una eina de suport a la tasca educativa que l\u2019Ajuntament de Sabadell ofereix als centres de la ciutat. Els seus programes engloben tem\u00e0tiques com: ci\u00e8ncia i tecnologia, desenvolupament sostenible, educaci\u00f3 en valors, educaci\u00f3 art\u00edstica, educaci\u00f3 per a la salut,&hellip;  <a href=\"https:\/\/agora.xtec.cat\/insnarcisafreixas\/com-treballem\/programes\/ciutat-i-escola\/\" title=\"Read Ciutat i Escola\">Llegeix m\u00e9s\u00bb<\/a><\/p>\n","protected":false},"author":1,"featured_media":0,"parent":21176,"menu_order":10,"comment_status":"closed","ping_status":"closed","template":"page-templates\/side-menu.php","meta":{"_bbp_topic_count":0,"_bbp_reply_count":0,"_bbp_total_topic_count":0,"_bbp_total_reply_count":0,"_bbp_voice_count":0,"_bbp_anonymous_reply_count":0,"_bbp_topic_count_hidden":0,"_bbp_reply_count_hidden":0,"_bbp_forum_subforum_count":0,"footnotes":""},"class_list":["post-21200","page","type-page","status-publish","hentry"],"post_mailing_queue_ids":[],"_links":{"self":[{"href":"https:\/\/agora.xtec.cat\/insnarcisafreixas\/wp-json\/wp\/v2\/pages\/21200","targetHints":{"allow":["GET"]}}],"collection":[{"href":"https:\/\/agora.xtec.cat\/insnarcisafreixas\/wp-json\/wp\/v2\/pages"}],"about":[{"href":"https:\/\/agora.xtec.cat\/insnarcisafreixas\/wp-json\/wp\/v2\/types\/page"}],"author":[{"embeddable":true,"href":"https:\/\/agora.xtec.cat\/insnarcisafreixas\/wp-json\/wp\/v2\/users\/1"}],"replies":[{"embeddable":true,"href":"https:\/\/agora.xtec.cat\/insnarcisafreixas\/wp-json\/wp\/v2\/comments?post=21200"}],"version-history":[{"count":2,"href":"https:\/\/agora.xtec.cat\/insnarcisafreixas\/wp-json\/wp\/v2\/pages\/21200\/revisions"}],"predecessor-version":[{"id":21266,"href":"https:\/\/agora.xtec.cat\/insnarcisafreixas\/wp-json\/wp\/v2\/pages\/21200\/revisions\/21266"}],"up":[{"embeddable":true,"href":"https:\/\/agora.xtec.cat\/insnarcisafreixas\/wp-json\/wp\/v2\/pages\/21176"}],"wp:attachment":[{"href":"https:\/\/agora.xtec.cat\/insnarcisafreixas\/wp-json\/wp\/v2\/media?parent=21200"}],"curies":[{"name":"wp","href":"https:\/\/api.w.org\/{rel}","templated":true}]}}