{"id":21183,"date":"2024-10-31T13:58:53","date_gmt":"2024-10-31T12:58:53","guid":{"rendered":"https:\/\/agora.xtec.cat\/insnarcisafreixas\/?page_id=21183"},"modified":"2024-11-14T11:17:57","modified_gmt":"2024-11-14T10:17:57","slug":"enfocament-restauratiu-global-erg","status":"publish","type":"page","link":"https:\/\/agora.xtec.cat\/insnarcisafreixas\/com-treballem\/programes\/enfocament-restauratiu-global-erg\/","title":{"rendered":"Enfocament Restauratiu Global (ERG)"},"content":{"rendered":"<p><img loading=\"lazy\" decoding=\"async\" class=\"aligncenter wp-image-21218 size-medium\" src=\"https:\/\/agora.xtec.cat\/insnarcisafreixas\/wp-content\/uploads\/usu1244\/2024\/10\/erg-1-300x180.png\" alt=\"B\u00e0ner Coneixement d'oficis\" width=\"300\" height=\"180\" srcset=\"https:\/\/agora.xtec.cat\/insnarcisafreixas\/wp-content\/uploads\/usu1244\/2024\/10\/erg-1-300x180.png 300w, https:\/\/agora.xtec.cat\/insnarcisafreixas\/wp-content\/uploads\/usu1244\/2024\/10\/erg-1.png 500w\" sizes=\"auto, (max-width: 300px) 100vw, 300px\" \/><br \/>\nEl curs 24-25 \u00e9s el primer que participem al programa d&#8217;innovaci\u00f3 Enfocament Restauratiu Global (ERG), amb una durada de 3 cursos.<\/p>\n<h6>Objectius<\/h6>\n<ul>\n<li>Incorporar procediments i estrat\u00e8gies que possibilitin la participaci\u00f3, la implicaci\u00f3 i el comprom\u00eds de<br \/>\nla comunitat educativa per construir una conviv\u00e8ncia positiva.<\/li>\n<li>Facilitar el desenvolupament d&#8217;habilitats relacionals per fomentar una cultura del di\u00e0leg, de pau i<br \/>\nno-viol\u00e8ncia, juntament amb els valors i principis del respecte, la inclusi\u00f3 i l&#8217;honestedat.<\/li>\n<li>Apoderar els centres educatius en el marc de les pr\u00e0ctiques restauratives proventives per promoure<br \/>\nen l&#8217;alumnat la ciutadania democr\u00e0tica, la consci\u00e8ncia global i el benestar emocional, alhora que<br \/>\ns&#8217;implementen les pr\u00e0ctiques restauratives responsives per a la gesti\u00f3 positiva dels conflictes.<\/li>\n<li>Establir mecanismes de reparaci\u00f3 de relacions i danys per superar la punici\u00f3 i optar per processos<br \/>\ninclusius i la millora de la conviv\u00e8ncia.<\/li>\n<li>Incorporar al Projecte de Conviv\u00e8ncia l&#8217;impacte de l&#8217;ERG pel que fa a l&#8217;aula, el centre, les fam\u00edlies i<br \/>\nl&#8217;entorn.<\/li>\n<\/ul>\n<h6>Els compromisos per al centre s\u00f3n:<\/h6>\n<ul>\n<li>Haver rebut, abans de l&#8217;inici de la participaci\u00f3 en el programa, un assessorament de 30 h alineat<br \/>\namb els objectius i continguts de les formacions ER\/ERME promogudes per la Direcci\u00f3 General<br \/>\nd&#8217;Atenci\u00f3 a les Fam\u00edlies i Comunitat Educativa.<\/li>\n<li>Designar un equip impulsor del projecte en el centre, format per, com a m\u00ednim, un membre de<br \/>\nl&#8217;equip directiu, docents referents dels diferents cicles o nivells o personal d&#8217;atenci\u00f3 educativa.<\/li>\n<li>L&#8217;equip impulsor, que rebr\u00e0 45 h totals d&#8217;acompanyament al llarg dels 3 cursos, liderar\u00e0 el proc\u00e9s de<br \/>\ntreball per a la creaci\u00f3 conjunta del projecte amb el claustre. S&#8217;haur\u00e0 de designar tenint present la<br \/>\nprevisi\u00f3 de continu\u00eftat al llarg del programa.<\/li>\n<li>Rebre una formaci\u00f3 complement\u00e0ria en pr\u00e0ctiques restauratives, facilitada pel Departament<br \/>\nd&#8217;Educaci\u00f3, que asseguri com a m\u00ednim al 75% de l&#8217;equip docent i personal d&#8217;atenci\u00f3 educativa, que<br \/>\nes realitzaran al llarg de la implementaci\u00f3.<\/li>\n<li>Designar 2 persones del centre per participar de forma activa a la Xarxa de centres XERG per a la<br \/>\ntransfer\u00e8ncia de la innovaci\u00f3.<\/li>\n<li>Elaborar, durant el primer curs, un document de diagnosi de les necessitats en l&#8217;\u00e0mbit convivencial.<\/li>\n<li>Elaborar, durant el primer curs, un Pla d&#8217;Acci\u00f3 ERG que reculli els objectius espec\u00edfics i les<br \/>\nactuacions que es duran a terme seq\u00fcenciades en els cursos d&#8217;implementaci\u00f3 amb els canvis<br \/>\nestructurals i organitzatius.<\/li>\n<li>Alinear el Pla d&#8217;Acci\u00f3 ERG amb el projecte de conviv\u00e8ncia del centre concretant els objectius i les<br \/>\nestrat\u00e8gies que se&#8217;n derivin.<\/li>\n<li>Incorporar en la programaci\u00f3 general anual de centre les actuacions que se&#8217;n derivin.<\/li>\n<li>Revisar les Normes d&#8217;Organitzaci\u00f3 i Funcionament de Centre (NOFC) en clau restaurativa.<\/li>\n<li>Elaborar, en finalitzar el tercer curs, una mem\u00f2ria avaluativa que inclogui evid\u00e8ncies i valoracions de<br \/>\nles actuacions dutes a terme.<\/li>\n<li>Col\u00b7laborar en la transfer\u00e8ncia de la innovaci\u00f3 a altres centres i contextos o al conjunt del sistema, si<br \/>\nescau.<\/li>\n<\/ul>\n<p><a href=\"https:\/\/xtec.gencat.cat\/ca\/innovacio\/programes_innovacio\/centres-de-formacio-adults\/enfocament-restauratiu-global\/\">M\u00e9s informaci\u00f3 en aquest enlla\u00e7.<\/a><\/p>\n","protected":false},"excerpt":{"rendered":"<p>El curs 24-25 \u00e9s el primer que participem al programa d&#8217;innovaci\u00f3 Enfocament Restauratiu Global (ERG), amb una durada de 3 cursos.<br \/>\nObjectius<\/p>\n<ul>\n<li>Incorporar procediments i estrat\u00e8gies que possibilitin la participaci\u00f3, la implicaci\u00f3 i el comprom\u00eds de<br \/>\nla comunitat educativa per construir una conviv\u00e8ncia positiva.<\/li>\n<li>Facilitar el desenvolupament d&#8217;habilitats relacionals&hellip;  <a href=\"https:\/\/agora.xtec.cat\/insnarcisafreixas\/com-treballem\/programes\/enfocament-restauratiu-global-erg\/\" title=\"Read Enfocament Restauratiu Global (ERG)\">Llegeix m\u00e9s\u00bb<\/a><br \/>\n","protected":false},"author":1,"featured_media":0,"parent":21176,"menu_order":3,"comment_status":"closed","ping_status":"closed","template":"page-templates\/side-menu.php","meta":{"_bbp_topic_count":0,"_bbp_reply_count":0,"_bbp_total_topic_count":0,"_bbp_total_reply_count":0,"_bbp_voice_count":0,"_bbp_anonymous_reply_count":0,"_bbp_topic_count_hidden":0,"_bbp_reply_count_hidden":0,"_bbp_forum_subforum_count":0,"footnotes":""},"class_list":["post-21183","page","type-page","status-publish","hentry"],"post_mailing_queue_ids":[],"_links":{"self":[{"href":"https:\/\/agora.xtec.cat\/insnarcisafreixas\/wp-json\/wp\/v2\/pages\/21183","targetHints":{"allow":["GET"]}}],"collection":[{"href":"https:\/\/agora.xtec.cat\/insnarcisafreixas\/wp-json\/wp\/v2\/pages"}],"about":[{"href":"https:\/\/agora.xtec.cat\/insnarcisafreixas\/wp-json\/wp\/v2\/types\/page"}],"author":[{"embeddable":true,"href":"https:\/\/agora.xtec.cat\/insnarcisafreixas\/wp-json\/wp\/v2\/users\/1"}],"replies":[{"embeddable":true,"href":"https:\/\/agora.xtec.cat\/insnarcisafreixas\/wp-json\/wp\/v2\/comments?post=21183"}],"version-history":[{"count":3,"href":"https:\/\/agora.xtec.cat\/insnarcisafreixas\/wp-json\/wp\/v2\/pages\/21183\/revisions"}],"predecessor-version":[{"id":21259,"href":"https:\/\/agora.xtec.cat\/insnarcisafreixas\/wp-json\/wp\/v2\/pages\/21183\/revisions\/21259"}],"up":[{"embeddable":true,"href":"https:\/\/agora.xtec.cat\/insnarcisafreixas\/wp-json\/wp\/v2\/pages\/21176"}],"wp:attachment":[{"href":"https:\/\/agora.xtec.cat\/insnarcisafreixas\/wp-json\/wp\/v2\/media?parent=21183"}],"curies":[{"name":"wp","href":"https:\/\/api.w.org\/{rel}","templated":true}]}}