{"id":20955,"date":"2024-05-24T12:12:44","date_gmt":"2024-05-24T10:12:44","guid":{"rendered":"https:\/\/agora.xtec.cat\/insnarcisafreixas\/?page_id=20955"},"modified":"2024-11-14T10:48:59","modified_gmt":"2024-11-14T09:48:59","slug":"siei","status":"publish","type":"page","link":"https:\/\/agora.xtec.cat\/insnarcisafreixas\/com-treballem\/siei\/","title":{"rendered":"Suport Intensiu per a l\u2019Escolaritzaci\u00f3 Inclusiva (SIEI)"},"content":{"rendered":"<p>El <a href=\"https:\/\/xtec.gencat.cat\/ca\/curriculum\/diversitat-i-inclusio\/mesures-i-suports\/intensius\/siei\/\">Suport Intensiu per a l\u2019Escolaritzaci\u00f3 Inclusiva (SIEI)<\/a> amb suport del <a href=\"https:\/\/xtec.gencat.cat\/ca\/curriculum\/diversitat-i-inclusio\/xarxa-de-suports-a-leducacio-inclusiva\/collaboracio-amb-altres-departaments\/serveis-datencio-a-la-infancia-i-ladolescencia\/\">CSMIJ<\/a> s&#8217;implementa al nostre centre a l&#8217;inici del curs 2023-2024. Pr\u00e8viament, el recurs es localitzava a l&#8217;Institut Les Termes i es decideix traslladar-lo al Narcisa Freixas. A la pr\u00e0ctica es tradueix en l&#8217;arribada de dues noves professionals, una orientadora i una educadora d&#8217;educaci\u00f3 especial, i l&#8217;habilitaci\u00f3 d&#8217;una aula espec\u00edfica.<\/p>\n<p>El SIEI \u00e9s un <strong>recurs de centre i de zona<\/strong> en el marc de l\u2019escola ordin\u00e0ria. S\u2019incorpora al funcionament general del centre en l\u2019\u00e0mbit d\u2019atenci\u00f3 a la diversitat. Es basa en <strong>l\u2019atenci\u00f3 integral<\/strong>, en tant que ha de donar resposta a les <a href=\"https:\/\/xtec.gencat.cat\/ca\/curriculum\/diversitat-i-inclusio\/atencio-educativa-als-alumnes\/nese\/\">NEE (Necessitats Educatives Especials)<\/a> i ha de tenir en compte la dimensi\u00f3 psicosocial dels alumnes i el context en el que apareixen les mateixes, tant en el marc de relacions del centre, com a nivell familiar i comunitari. A la vegada, s&#8217;ha de <strong>coordinar l\u2019actuaci\u00f3<\/strong> amb d\u2019altres agents de la xarxa de serveis que intervinguin (CSMIJ, altres serveis de salut mental, Serveis Socials, EAIA, etc.).<\/p>\n<p>L\u2019objectiu general del SIEI \u00e9s poder <strong>donar resposta a les necessitats educatives especials<\/strong> d\u2019alumnes amb trastorn TGC en el marc de l\u2019escola ordin\u00e0ria. Parteix d\u2019un proc\u00e9s d\u2019acolliment que pret\u00e9n oferir-los els recursos necessaris per tal que puguin participar, en la mesura que sigui possible, en el funcionament general d\u2019una escola, el seu acc\u00e9s als aprenentatges del curr\u00edculum i l\u2019adquisici\u00f3 de les compet\u00e8ncies b\u00e0siques. Aix\u00f2 implica un treball espec\u00edfic en habilitats socials, conviv\u00e8ncia i de relaci\u00f3 amb els companys i mestres.<\/p>\n<p>Els principis que inspiren la creaci\u00f3 i el funcionament del SIEI s\u00f3n:<\/p>\n<ul>\n<li><strong>Principi d\u2019inclusi\u00f3<\/strong><\/li>\n<li><strong>Principi de normalitzaci\u00f3<\/strong><\/li>\n<li><strong>Principi d\u2019igualtat d\u2019oportunitats<\/strong><\/li>\n<li><strong>Principi de proximitat<\/strong><\/li>\n<li><strong>Principi de participaci\u00f3 i cor-responsabilitat<\/strong><\/li>\n<\/ul>\n","protected":false},"excerpt":{"rendered":"<p>El <a href=\"https:\/\/xtec.gencat.cat\/ca\/curriculum\/diversitat-i-inclusio\/mesures-i-suports\/intensius\/siei\/\">Suport Intensiu per a l\u2019Escolaritzaci\u00f3 Inclusiva (SIEI)<\/a> amb suport del <a href=\"https:\/\/xtec.gencat.cat\/ca\/curriculum\/diversitat-i-inclusio\/xarxa-de-suports-a-leducacio-inclusiva\/collaboracio-amb-altres-departaments\/serveis-datencio-a-la-infancia-i-ladolescencia\/\">CSMIJ<\/a> s&#8217;implementa al nostre centre a l&#8217;inici del curs 2023-2024. Pr\u00e8viament, el recurs es localitzava a l&#8217;Institut Les Termes i es decideix traslladar-lo al Narcisa Freixas. A la pr\u00e0ctica es tradueix en&hellip;  <a href=\"https:\/\/agora.xtec.cat\/insnarcisafreixas\/com-treballem\/siei\/\" title=\"Read Suport Intensiu per a l\u2019Escolaritzaci\u00f3 Inclusiva (SIEI)\">Llegeix m\u00e9s\u00bb<\/a><\/p>\n","protected":false},"author":1,"featured_media":0,"parent":868,"menu_order":2,"comment_status":"closed","ping_status":"closed","template":"page-templates\/side-menu.php","meta":{"_bbp_topic_count":0,"_bbp_reply_count":0,"_bbp_total_topic_count":0,"_bbp_total_reply_count":0,"_bbp_voice_count":0,"_bbp_anonymous_reply_count":0,"_bbp_topic_count_hidden":0,"_bbp_reply_count_hidden":0,"_bbp_forum_subforum_count":0,"footnotes":""},"class_list":["post-20955","page","type-page","status-publish","hentry"],"post_mailing_queue_ids":[],"_links":{"self":[{"href":"https:\/\/agora.xtec.cat\/insnarcisafreixas\/wp-json\/wp\/v2\/pages\/20955","targetHints":{"allow":["GET"]}}],"collection":[{"href":"https:\/\/agora.xtec.cat\/insnarcisafreixas\/wp-json\/wp\/v2\/pages"}],"about":[{"href":"https:\/\/agora.xtec.cat\/insnarcisafreixas\/wp-json\/wp\/v2\/types\/page"}],"author":[{"embeddable":true,"href":"https:\/\/agora.xtec.cat\/insnarcisafreixas\/wp-json\/wp\/v2\/users\/1"}],"replies":[{"embeddable":true,"href":"https:\/\/agora.xtec.cat\/insnarcisafreixas\/wp-json\/wp\/v2\/comments?post=20955"}],"version-history":[{"count":2,"href":"https:\/\/agora.xtec.cat\/insnarcisafreixas\/wp-json\/wp\/v2\/pages\/20955\/revisions"}],"predecessor-version":[{"id":21246,"href":"https:\/\/agora.xtec.cat\/insnarcisafreixas\/wp-json\/wp\/v2\/pages\/20955\/revisions\/21246"}],"up":[{"embeddable":true,"href":"https:\/\/agora.xtec.cat\/insnarcisafreixas\/wp-json\/wp\/v2\/pages\/868"}],"wp:attachment":[{"href":"https:\/\/agora.xtec.cat\/insnarcisafreixas\/wp-json\/wp\/v2\/media?parent=20955"}],"curies":[{"name":"wp","href":"https:\/\/api.w.org\/{rel}","templated":true}]}}