{"id":20384,"date":"2023-11-03T11:44:55","date_gmt":"2023-11-03T10:44:55","guid":{"rendered":"https:\/\/agora.xtec.cat\/insnarcisafreixas\/?page_id=20384"},"modified":"2025-10-10T10:00:39","modified_gmt":"2025-10-10T08:00:39","slug":"arxiu","status":"publish","type":"page","link":"https:\/\/agora.xtec.cat\/insnarcisafreixas\/linstitut\/historia\/arxiu\/","title":{"rendered":"Arxiu"},"content":{"rendered":"<p>Vols fer un viatge en el temps? Recupera les not\u00edcies, fotografies i v\u00eddeos de cada promoci\u00f3 i de cursos anteriors.<\/p>\n<h2>Hist\u00f2ric de promocions<\/h2>\n<div class=\"row\" style=\"margin-bottom: 1em !important;\">\n<div class=\"small-12 large-4 text-center columns\">\n<p><a href=\"https:\/\/agora.xtec.cat\/insnarcisafreixas\/tag\/promocio-1920\/\" target=\"_blank\" rel=\"noopener\"><img loading=\"lazy\" decoding=\"async\" class=\"aligncenter wp-image-20418 size-full\" src=\"https:\/\/agora.xtec.cat\/insnarcisafreixas\/wp-content\/uploads\/usu1244\/2023\/11\/prom1920.png\" alt=\"Promoci\u00f3 19-20\" width=\"512\" height=\"314\" srcset=\"https:\/\/agora.xtec.cat\/insnarcisafreixas\/wp-content\/uploads\/usu1244\/2023\/11\/prom1920.png 512w, https:\/\/agora.xtec.cat\/insnarcisafreixas\/wp-content\/uploads\/usu1244\/2023\/11\/prom1920-300x184.png 300w\" sizes=\"auto, (max-width: 512px) 100vw, 512px\" \/><\/a><\/p>\n<\/div>\n<div class=\"small-12 large-4 text-center columns\">\n<p><a href=\"https:\/\/agora.xtec.cat\/insnarcisafreixas\/tag\/promocio-2021\/\" target=\"_blank\" rel=\"noopener\"><img loading=\"lazy\" decoding=\"async\" class=\"aligncenter wp-image-20419 size-full\" src=\"https:\/\/agora.xtec.cat\/insnarcisafreixas\/wp-content\/uploads\/usu1244\/2023\/11\/prom2021.png\" alt=\"Promoci\u00f3 20-21\" width=\"512\" height=\"314\" srcset=\"https:\/\/agora.xtec.cat\/insnarcisafreixas\/wp-content\/uploads\/usu1244\/2023\/11\/prom2021.png 512w, https:\/\/agora.xtec.cat\/insnarcisafreixas\/wp-content\/uploads\/usu1244\/2023\/11\/prom2021-300x184.png 300w\" sizes=\"auto, (max-width: 512px) 100vw, 512px\" \/><\/a><\/p>\n<\/div>\n<div class=\"small-12 large-4 text-center columns\">\n<p><a href=\"https:\/\/agora.xtec.cat\/insnarcisafreixas\/tag\/promocio-2122\/\" target=\"_blank\" rel=\"noopener\"><img loading=\"lazy\" decoding=\"async\" class=\"aligncenter wp-image-20420 size-full\" src=\"https:\/\/agora.xtec.cat\/insnarcisafreixas\/wp-content\/uploads\/usu1244\/2023\/11\/prom2122.png\" alt=\"\" width=\"512\" height=\"314\" srcset=\"https:\/\/agora.xtec.cat\/insnarcisafreixas\/wp-content\/uploads\/usu1244\/2023\/11\/prom2122.png 512w, https:\/\/agora.xtec.cat\/insnarcisafreixas\/wp-content\/uploads\/usu1244\/2023\/11\/prom2122-300x184.png 300w\" sizes=\"auto, (max-width: 512px) 100vw, 512px\" \/><\/a><\/p>\n<\/div>\n<div class=\"small-12 large-4 text-center columns\">\n<p><a href=\"https:\/\/agora.xtec.cat\/insnarcisafreixas\/tag\/promocio-2223\/\" target=\"_blank\" rel=\"noopener\"><img loading=\"lazy\" decoding=\"async\" class=\"aligncenter wp-image-20421 size-full\" src=\"https:\/\/agora.xtec.cat\/insnarcisafreixas\/wp-content\/uploads\/usu1244\/2023\/11\/prom2223.png\" alt=\"Promoci\u00f3 22-23\" width=\"512\" height=\"314\" srcset=\"https:\/\/agora.xtec.cat\/insnarcisafreixas\/wp-content\/uploads\/usu1244\/2023\/11\/prom2223.png 512w, https:\/\/agora.xtec.cat\/insnarcisafreixas\/wp-content\/uploads\/usu1244\/2023\/11\/prom2223-300x184.png 300w\" sizes=\"auto, (max-width: 512px) 100vw, 512px\" \/><\/a><\/p>\n<\/div>\n<div class=\"small-12 large-4 text-center columns\">\n<p><a href=\"https:\/\/agora.xtec.cat\/insnarcisafreixas\/tag\/promocio-1920\/\" target=\"_blank\" rel=\"noopener\"><img loading=\"lazy\" decoding=\"async\" class=\"aligncenter wp-image-20417 size-full\" src=\"https:\/\/agora.xtec.cat\/insnarcisafreixas\/wp-content\/uploads\/usu1244\/2023\/11\/prom2324.png\" alt=\"Promoci\u00f3 23-24\" width=\"512\" height=\"314\" srcset=\"https:\/\/agora.xtec.cat\/insnarcisafreixas\/wp-content\/uploads\/usu1244\/2023\/11\/prom2324.png 512w, https:\/\/agora.xtec.cat\/insnarcisafreixas\/wp-content\/uploads\/usu1244\/2023\/11\/prom2324-300x184.png 300w\" sizes=\"auto, (max-width: 512px) 100vw, 512px\" \/><\/a><\/p>\n<\/div>\n<div class=\"small-12 large-4 text-center columns\">\n<p><a href=\"https:\/\/agora.xtec.cat\/insnarcisafreixas\/tag\/promocio-2425\/\" target=\"_blank\" rel=\"noopener\"><img loading=\"lazy\" decoding=\"async\" class=\"aligncenter wp-image-21331 size-full\" src=\"https:\/\/agora.xtec.cat\/insnarcisafreixas\/wp-content\/uploads\/usu1244\/2025\/02\/prom2425.png\" alt=\"Promoci\u00f3 24-25\" width=\"512\" height=\"314\" srcset=\"https:\/\/agora.xtec.cat\/insnarcisafreixas\/wp-content\/uploads\/usu1244\/2025\/02\/prom2425.png 512w, https:\/\/agora.xtec.cat\/insnarcisafreixas\/wp-content\/uploads\/usu1244\/2025\/02\/prom2425-300x184.png 300w\" sizes=\"auto, (max-width: 512px) 100vw, 512px\" \/><\/a><\/p>\n<\/div>\n<div class=\"small-12 large-4 text-center columns\">\n<p><a href=\"https:\/\/agora.xtec.cat\/insnarcisafreixas\/tag\/promocio-2526\/\" target=\"_blank\" rel=\"noopener\"><img loading=\"lazy\" decoding=\"async\" class=\"aligncenter wp-image-21331 size-full\" src=\"https:\/\/agora.xtec.cat\/insnarcisafreixas\/wp-content\/uploads\/usu1244\/2025\/10\/prom2526.png\" alt=\"Promoci\u00f3 25-26\" width=\"512\" height=\"314\" \/><\/a><\/p>\n<\/div>\n<div class=\"small-12 large-4 text-center columns\">\n<\/div>\n<\/div>\n<h2>Cursos anteriors<\/h2>\n<div class=\"row\" style=\"margin-bottom: 1em !important;\">\n<div class=\"small-12 large-4 text-center columns\">\n<p><a href=\"https:\/\/agora.xtec.cat\/insnarcisafreixas\/tag\/curs1920\/\" target=\"_blank\" rel=\"noopener\"><img loading=\"lazy\" decoding=\"async\" class=\"aligncenter wp-image-20412 size-full\" src=\"https:\/\/agora.xtec.cat\/insnarcisafreixas\/wp-content\/uploads\/usu1244\/2023\/11\/curs1920.png\" alt=\"Curs 19-20\" width=\"512\" height=\"314\" srcset=\"https:\/\/agora.xtec.cat\/insnarcisafreixas\/wp-content\/uploads\/usu1244\/2023\/11\/curs1920.png 512w, https:\/\/agora.xtec.cat\/insnarcisafreixas\/wp-content\/uploads\/usu1244\/2023\/11\/curs1920-300x184.png 300w\" sizes=\"auto, (max-width: 512px) 100vw, 512px\" \/><\/a><\/p>\n<\/div>\n<div class=\"small-12 large-4 text-center columns\">\n<p><a href=\"https:\/\/agora.xtec.cat\/insnarcisafreixas\/tag\/curs2021\/\" target=\"_blank\" rel=\"noopener\"><img loading=\"lazy\" decoding=\"async\" class=\"aligncenter wp-image-20422 size-full\" src=\"https:\/\/agora.xtec.cat\/insnarcisafreixas\/wp-content\/uploads\/usu1244\/2023\/11\/curs2021-1.png\" alt=\"Curs 20-21\" width=\"512\" height=\"314\" srcset=\"https:\/\/agora.xtec.cat\/insnarcisafreixas\/wp-content\/uploads\/usu1244\/2023\/11\/curs2021-1.png 512w, https:\/\/agora.xtec.cat\/insnarcisafreixas\/wp-content\/uploads\/usu1244\/2023\/11\/curs2021-1-300x184.png 300w\" sizes=\"auto, (max-width: 512px) 100vw, 512px\" \/><\/a><\/p>\n<\/div>\n<div class=\"small-12 large-4 text-center columns\">\n<p><a href=\"https:\/\/agora.xtec.cat\/insnarcisafreixas\/tag\/curs2122\/\" target=\"_blank\" rel=\"noopener\"><img loading=\"lazy\" decoding=\"async\" class=\"aligncenter wp-image-20414 size-full\" src=\"https:\/\/agora.xtec.cat\/insnarcisafreixas\/wp-content\/uploads\/usu1244\/2023\/11\/curs2122.png\" alt=\"Curs 21-22\" width=\"512\" height=\"314\" srcset=\"https:\/\/agora.xtec.cat\/insnarcisafreixas\/wp-content\/uploads\/usu1244\/2023\/11\/curs2122.png 512w, https:\/\/agora.xtec.cat\/insnarcisafreixas\/wp-content\/uploads\/usu1244\/2023\/11\/curs2122-300x184.png 300w\" sizes=\"auto, (max-width: 512px) 100vw, 512px\" \/><\/a><\/p>\n<\/div>\n<div class=\"small-12 large-4 text-center columns\">\n<p><a href=\"https:\/\/agora.xtec.cat\/insnarcisafreixas\/tag\/curs2223\/\" target=\"_blank\" rel=\"noopener\"><img loading=\"lazy\" decoding=\"async\" class=\"aligncenter wp-image-20415 size-full\" src=\"https:\/\/agora.xtec.cat\/insnarcisafreixas\/wp-content\/uploads\/usu1244\/2023\/11\/curs2223.png\" alt=\"Curs 22-23\" width=\"512\" height=\"314\" srcset=\"https:\/\/agora.xtec.cat\/insnarcisafreixas\/wp-content\/uploads\/usu1244\/2023\/11\/curs2223.png 512w, https:\/\/agora.xtec.cat\/insnarcisafreixas\/wp-content\/uploads\/usu1244\/2023\/11\/curs2223-300x184.png 300w\" sizes=\"auto, (max-width: 512px) 100vw, 512px\" \/><\/a><\/p>\n<\/div>\n<div class=\"small-12 large-4 text-center columns\">\n<p><a href=\"https:\/\/agora.xtec.cat\/insnarcisafreixas\/tag\/curs2324\/\" target=\"_blank\" rel=\"noopener\"><img loading=\"lazy\" decoding=\"async\" class=\"aligncenter wp-image-20416 size-full\" src=\"https:\/\/agora.xtec.cat\/insnarcisafreixas\/wp-content\/uploads\/usu1244\/2023\/11\/curs2324.png\" alt=\"Curs 23-24\" width=\"512\" height=\"314\" srcset=\"https:\/\/agora.xtec.cat\/insnarcisafreixas\/wp-content\/uploads\/usu1244\/2023\/11\/curs2324.png 512w, https:\/\/agora.xtec.cat\/insnarcisafreixas\/wp-content\/uploads\/usu1244\/2023\/11\/curs2324-300x184.png 300w\" sizes=\"auto, (max-width: 512px) 100vw, 512px\" \/><\/a><\/p>\n<\/div>\n<div class=\"small-12 large-4 text-center columns\">\n<p><a href=\"https:\/\/agora.xtec.cat\/insnarcisafreixas\/tag\/curs2425\/\" target=\"_blank\" rel=\"noopener\"><img loading=\"lazy\" decoding=\"async\" class=\"aligncenter wp-image-21330 size-full\" src=\"https:\/\/agora.xtec.cat\/insnarcisafreixas\/wp-content\/uploads\/usu1244\/2025\/02\/curs2425.png\" alt=\"Curs 24-25\" width=\"512\" height=\"314\" srcset=\"https:\/\/agora.xtec.cat\/insnarcisafreixas\/wp-content\/uploads\/usu1244\/2025\/02\/curs2425.png 512w, https:\/\/agora.xtec.cat\/insnarcisafreixas\/wp-content\/uploads\/usu1244\/2025\/02\/curs2425-300x184.png 300w\" sizes=\"auto, (max-width: 512px) 100vw, 512px\" \/><\/a><\/p>\n<\/div>\n<div class=\"small-12 large-4 text-center columns\">\n<p><a href=\"https:\/\/agora.xtec.cat\/insnarcisafreixas\/tag\/curs2526\/\" target=\"_blank\" rel=\"noopener\"><img loading=\"lazy\" decoding=\"async\" class=\"aligncenter wp-image-21330 size-full\" src=\"https:\/\/agora.xtec.cat\/insnarcisafreixas\/wp-content\/uploads\/usu1244\/2025\/10\/curs2526.png\" alt=\"Curs 25-26\" width=\"512\" height=\"314\" \/><\/a><\/p>\n<\/div>\n<div class=\"small-12 large-4 text-center columns\">\n<\/div>\n<\/div>\n","protected":false},"excerpt":{"rendered":"<p>Vols fer un viatge en el temps? Recupera les not\u00edcies, fotografies i v\u00eddeos de cada promoci\u00f3 i de cursos anteriors.<br \/>\nHist\u00f2ric de promocions<\/p>\n<p><a href=\"https:\/\/agora.xtec.cat\/insnarcisafreixas\/tag\/promocio-1920\/\" target=\"_blank\" rel=\"noopener\"><\/a><\/p>\n<p><a href=\"https:\/\/agora.xtec.cat\/insnarcisafreixas\/tag\/promocio-2021\/\" target=\"_blank\" rel=\"noopener\"><\/a><\/p>\n<p><a href=\"https:\/\/agora.xtec.cat\/insnarcisafreixas\/tag\/promocio-2122\/\" target=\"_blank\" rel=\"noopener\"><\/a><\/p>\n<p><a href=\"https:\/\/agora.xtec.cat\/insnarcisafreixas\/tag\/promocio-2223\/\" target=\"_blank\" rel=\"noopener\"><\/a><\/p>\n<p><a href=\"https:\/\/agora.xtec.cat\/insnarcisafreixas\/tag\/promocio-1920\/\" target=\"_blank\" rel=\"noopener\"><\/a><\/p>\n<p><a href=\"https:\/\/agora.xtec.cat\/insnarcisafreixas\/tag\/promocio-2425\/\" target=\"_blank\" rel=\"noopener\"><\/a><\/p>\n<p><a href=\"https:\/\/agora.xtec.cat\/insnarcisafreixas\/tag\/promocio-2526\/\" target=\"_blank\" rel=\"noopener\"><\/a><\/p>\n<p>Cursos anteriors<\/p>\n<p><a href=\"https:\/\/agora.xtec.cat\/insnarcisafreixas\/tag\/curs1920\/\"&hellip;  <a href=\"https:\/\/agora.xtec.cat\/insnarcisafreixas\/linstitut\/historia\/arxiu\/\" title=\"Read Arxiu\">Llegeix m\u00e9s\u00bb<\/a><\/p>\n","protected":false},"author":1,"featured_media":0,"parent":27,"menu_order":1,"comment_status":"closed","ping_status":"closed","template":"page-templates\/side-menu.php","meta":{"_bbp_topic_count":0,"_bbp_reply_count":0,"_bbp_total_topic_count":0,"_bbp_total_reply_count":0,"_bbp_voice_count":0,"_bbp_anonymous_reply_count":0,"_bbp_topic_count_hidden":0,"_bbp_reply_count_hidden":0,"_bbp_forum_subforum_count":0,"footnotes":""},"class_list":["post-20384","page","type-page","status-publish","hentry"],"post_mailing_queue_ids":[],"_links":{"self":[{"href":"https:\/\/agora.xtec.cat\/insnarcisafreixas\/wp-json\/wp\/v2\/pages\/20384","targetHints":{"allow":["GET"]}}],"collection":[{"href":"https:\/\/agora.xtec.cat\/insnarcisafreixas\/wp-json\/wp\/v2\/pages"}],"about":[{"href":"https:\/\/agora.xtec.cat\/insnarcisafreixas\/wp-json\/wp\/v2\/types\/page"}],"author":[{"embeddable":true,"href":"https:\/\/agora.xtec.cat\/insnarcisafreixas\/wp-json\/wp\/v2\/users\/1"}],"replies":[{"embeddable":true,"href":"https:\/\/agora.xtec.cat\/insnarcisafreixas\/wp-json\/wp\/v2\/comments?post=20384"}],"version-history":[{"count":7,"href":"https:\/\/agora.xtec.cat\/insnarcisafreixas\/wp-json\/wp\/v2\/pages\/20384\/revisions"}],"predecessor-version":[{"id":21639,"href":"https:\/\/agora.xtec.cat\/insnarcisafreixas\/wp-json\/wp\/v2\/pages\/20384\/revisions\/21639"}],"up":[{"embeddable":true,"href":"https:\/\/agora.xtec.cat\/insnarcisafreixas\/wp-json\/wp\/v2\/pages\/27"}],"wp:attachment":[{"href":"https:\/\/agora.xtec.cat\/insnarcisafreixas\/wp-json\/wp\/v2\/media?parent=20384"}],"curies":[{"name":"wp","href":"https:\/\/api.w.org\/{rel}","templated":true}]}}