{"id":81,"date":"2014-09-18T10:38:05","date_gmt":"2014-09-18T10:38:05","guid":{"rendered":"http:\/\/agora.xtec.cat\/insmontsia\/?page_id=81"},"modified":"2024-04-09T19:02:22","modified_gmt":"2024-04-09T17:02:22","slug":"secretaria","status":"publish","type":"page","link":"https:\/\/agora.xtec.cat\/insmontsia\/secretaria\/","title":{"rendered":"Secretaria"},"content":{"rendered":"<p>La secretaria \u00e9s l&#8217;agent de gesti\u00f3 administrativa visible del nostre institut. En aquest apartat podr\u00e0s consultar la seg\u00fcent informaci\u00f3:<\/p>\n<ul>\n<li>Horari d&#8217;atenci\u00f3\n<ul>\n<li>Mat\u00ed: de dilluns a divendres de 8:30 a 13:30<\/li>\n<li>Tarda: dimarts, dimecres i dijous de 15:00 a 17:00<\/li>\n<\/ul>\n<\/li>\n<li>Preinscripci\u00f3 i matr\u00edcula<\/li>\n<li>Convalidacions i exempcions<\/li>\n<li>Proves d&#8217;acc\u00e9s als cicles formatius<\/li>\n<\/ul>\n<p>&nbsp;<\/p>\n","protected":false},"excerpt":{"rendered":"<p>La secretaria \u00e9s l&#8217;agent de gesti\u00f3 administrativa visible del nostre institut. En aquest apartat podr\u00e0s consultar la seg\u00fcent informaci\u00f3:<\/p>\n<ul>\n<li>Horari d&#8217;atenci\u00f3\n<ul>\n<li>Mat\u00ed: de dilluns a divendres de 8:30 a 13:30<\/li>\n<li>Tarda: dimarts, dimecres i dijous de 15:00 a 17:00<\/li>\n<\/ul>\n<\/li>\n<li>Preinscripci\u00f3 i matr\u00edcula<\/li>\n<li>Convalidacions i exempcions<\/li>\n<li>Proves d&#8217;acc\u00e9s als cicles formatius<\/li>\n<\/ul>\n<p>&nbsp;<\/p>\n","protected":false},"author":1,"featured_media":0,"parent":0,"menu_order":0,"comment_status":"closed","ping_status":"closed","template":"","meta":{"_bbp_topic_count":0,"_bbp_reply_count":0,"_bbp_total_topic_count":0,"_bbp_total_reply_count":0,"_bbp_voice_count":0,"_bbp_anonymous_reply_count":0,"_bbp_topic_count_hidden":0,"_bbp_reply_count_hidden":0,"_bbp_forum_subforum_count":0,"footnotes":""},"class_list":["post-81","page","type-page","status-publish","hentry"],"post_mailing_queue_ids":[],"_links":{"self":[{"href":"https:\/\/agora.xtec.cat\/insmontsia\/wp-json\/wp\/v2\/pages\/81","targetHints":{"allow":["GET"]}}],"collection":[{"href":"https:\/\/agora.xtec.cat\/insmontsia\/wp-json\/wp\/v2\/pages"}],"about":[{"href":"https:\/\/agora.xtec.cat\/insmontsia\/wp-json\/wp\/v2\/types\/page"}],"author":[{"embeddable":true,"href":"https:\/\/agora.xtec.cat\/insmontsia\/wp-json\/wp\/v2\/users\/1"}],"replies":[{"embeddable":true,"href":"https:\/\/agora.xtec.cat\/insmontsia\/wp-json\/wp\/v2\/comments?post=81"}],"version-history":[{"count":4,"href":"https:\/\/agora.xtec.cat\/insmontsia\/wp-json\/wp\/v2\/pages\/81\/revisions"}],"predecessor-version":[{"id":13352,"href":"https:\/\/agora.xtec.cat\/insmontsia\/wp-json\/wp\/v2\/pages\/81\/revisions\/13352"}],"wp:attachment":[{"href":"https:\/\/agora.xtec.cat\/insmontsia\/wp-json\/wp\/v2\/media?parent=81"}],"curies":[{"name":"wp","href":"https:\/\/api.w.org\/{rel}","templated":true}]}}