{"id":560,"date":"2017-03-22T12:31:36","date_gmt":"2017-03-22T11:31:36","guid":{"rendered":"http:\/\/agora.xtec.cat\/insmontsia\/?page_id=560"},"modified":"2017-03-24T10:38:09","modified_gmt":"2017-03-24T09:38:09","slug":"electromecanica-de-vehicles-automobils","status":"publish","type":"page","link":"https:\/\/agora.xtec.cat\/insmontsia\/estudis\/cfgm\/electromecanica-de-vehicles-automobils\/","title":{"rendered":"Electromec\u00e0nica de Veh\u00edcles Autom\u00f2bils"},"content":{"rendered":"<p>En aquest cicle formatiu podr\u00e0s cursar els seg\u00fcents m\u00f2duls:<\/p>\n<ul>\n<li>Motors.<\/li>\n<li>Sistemes auxiliars del motor.<\/li>\n<li>Circuits de fluids, suspensi\u00f3 i direcci\u00f3.<\/li>\n<li>Sistemes de transmissi\u00f3 i frenada.<\/li>\n<li>Sistemes de c\u00e0rrega i arrencada.<\/li>\n<li>Circuits el\u00e8ctrics auxiliars del vehicle.<\/li>\n<li>Sistemes de seguretat i confortabilitat.<\/li>\n<li>Mecanitzat b\u00e0sic.<\/li>\n<li>Formaci\u00f3 i orientaci\u00f3 laboral.<\/li>\n<li>Empresa i iniciativa emprenedora.<\/li>\n<li>Angl\u00e8s t\u00e8cnic.<\/li>\n<li>S\u00edntesi.<\/li>\n<li>Formaci\u00f3 en centres de treball.<\/li>\n<\/ul>\n<p>Pots consultar tota la informaci\u00f3 sobre aquest cicle en la p\u00e0gina web d\u2019ensenyament en el seg\u00fcent <a href=\"http:\/\/queestudiar.gencat.cat\/ca\/estudis\/fp\/cicles\/gm\/transport-manten-vehicles\/?p_id=61&amp;estudi\" target=\"_blank\">enlla\u00e7<\/a>.<\/p>\n","protected":false},"excerpt":{"rendered":"<p>En aquest cicle formatiu podr\u00e0s cursar els seg\u00fcents m\u00f2duls:<\/p>\n<ul>\n<li>Motors.<\/li>\n<li>Sistemes auxiliars del motor.<\/li>\n<li>Circuits de fluids, suspensi\u00f3 i direcci\u00f3.<\/li>\n<li>Sistemes de transmissi\u00f3 i frenada.<\/li>\n<li>Sistemes de c\u00e0rrega i arrencada.<\/li>\n<li>Circuits el\u00e8ctrics auxiliars del vehicle.<\/li>\n<li>Sistemes de seguretat i confortabilitat.<\/li>\n<li>Mecanitzat b\u00e0sic.<\/li>\n<li>Formaci\u00f3 i orientaci\u00f3 laboral.<\/li>\n<li>Empresa i iniciativa emprenedora.<\/li>\n<li>Angl\u00e8s t\u00e8cnic.<\/li>\n<li>S\u00edntesi.<\/li>\n<li>Formaci\u00f3 en centres de treball.<\/li>\n<\/ul>\n<p>Pots&hellip;  <a href=\"https:\/\/agora.xtec.cat\/insmontsia\/estudis\/cfgm\/electromecanica-de-vehicles-automobils\/\" title=\"Read Electromec\u00e0nica de Veh\u00edcles Autom\u00f2bils\">Llegeix m\u00e9s\u00bb<\/a><\/p>\n","protected":false},"author":1,"featured_media":0,"parent":550,"menu_order":0,"comment_status":"closed","ping_status":"closed","template":"","meta":{"_bbp_topic_count":0,"_bbp_reply_count":0,"_bbp_total_topic_count":0,"_bbp_total_reply_count":0,"_bbp_voice_count":0,"_bbp_anonymous_reply_count":0,"_bbp_topic_count_hidden":0,"_bbp_reply_count_hidden":0,"_bbp_forum_subforum_count":0,"footnotes":""},"class_list":["post-560","page","type-page","status-publish","hentry"],"post_mailing_queue_ids":[],"_links":{"self":[{"href":"https:\/\/agora.xtec.cat\/insmontsia\/wp-json\/wp\/v2\/pages\/560","targetHints":{"allow":["GET"]}}],"collection":[{"href":"https:\/\/agora.xtec.cat\/insmontsia\/wp-json\/wp\/v2\/pages"}],"about":[{"href":"https:\/\/agora.xtec.cat\/insmontsia\/wp-json\/wp\/v2\/types\/page"}],"author":[{"embeddable":true,"href":"https:\/\/agora.xtec.cat\/insmontsia\/wp-json\/wp\/v2\/users\/1"}],"replies":[{"embeddable":true,"href":"https:\/\/agora.xtec.cat\/insmontsia\/wp-json\/wp\/v2\/comments?post=560"}],"version-history":[{"count":2,"href":"https:\/\/agora.xtec.cat\/insmontsia\/wp-json\/wp\/v2\/pages\/560\/revisions"}],"predecessor-version":[{"id":629,"href":"https:\/\/agora.xtec.cat\/insmontsia\/wp-json\/wp\/v2\/pages\/560\/revisions\/629"}],"up":[{"embeddable":true,"href":"https:\/\/agora.xtec.cat\/insmontsia\/wp-json\/wp\/v2\/pages\/550"}],"wp:attachment":[{"href":"https:\/\/agora.xtec.cat\/insmontsia\/wp-json\/wp\/v2\/media?parent=560"}],"curies":[{"name":"wp","href":"https:\/\/api.w.org\/{rel}","templated":true}]}}