{"id":5044,"date":"2020-05-20T19:40:26","date_gmt":"2020-05-20T17:40:26","guid":{"rendered":"https:\/\/agora.xtec.cat\/insmontsia\/?page_id=5044"},"modified":"2025-10-28T12:25:19","modified_gmt":"2025-10-28T11:25:19","slug":"tramits-online","status":"publish","type":"page","link":"https:\/\/agora.xtec.cat\/insmontsia\/secretaria\/tramits-online\/","title":{"rendered":"Tr\u00e0mits online i informaci\u00f3 secretaria"},"content":{"rendered":"<h2><span style=\"text-decoration: underline;\"><strong>Tr\u00e0mits online<\/strong><\/span><\/h2>\n<p><img loading=\"lazy\" decoding=\"async\" class=\"wp-image-5057 alignright\" src=\"https:\/\/agora.xtec.cat\/insmontsia\/wp-content\/uploads\/usu12\/2020\/05\/tramit_online.png\" alt=\"\" width=\"106\" height=\"86\" \/><\/p>\n<p>En aquest espai podeu fer la sol\u00b7licitud per a qu\u00e8 se us tramitin els certificats o t\u00edtols que hagueu obtingut, convalidacions i altres tr\u00e0mits.<\/p>\n<p>Haureu d&#8217;emplenar el formulari corresponent per a tramitar cada sol\u00b7licitud.<\/p>\n<p>Al tauler podreu trobar llistats amb diferent informaci\u00f3.<\/p>\n<p>&nbsp;<\/p>\n<h2><span style=\"text-decoration: underline;\">Tr\u00e0mits disponibles<\/span><\/h2>\n<table style=\"height: 733px; width: 93.3166%;\">\n<tbody>\n<tr style=\"height: 77px;\">\n<td style=\"width: 86.0689%; height: 77px;\">\n<h2><strong>TR\u00c0MITS RELACIONATS AMB LA MATRICULACI\u00d3<\/strong><\/h2>\n<\/td>\n<td style=\"width: 21.2009%; height: 77px;\">\n<h2><strong> <img decoding=\"async\" class=\"alignnone size-full wp-image-8446\" src=\"https:\/\/agora.xtec.cat\/insmontsia\/wp-content\/uploads\/usu12\/2022\/02\/icona-formulari.png\" alt=\"\" width=\"60%\" srcset=\"https:\/\/agora.xtec.cat\/insmontsia\/wp-content\/uploads\/usu12\/2022\/02\/icona-formulari.png 512w, https:\/\/agora.xtec.cat\/insmontsia\/wp-content\/uploads\/usu12\/2022\/02\/icona-formulari-300x300.png 300w, https:\/\/agora.xtec.cat\/insmontsia\/wp-content\/uploads\/usu12\/2022\/02\/icona-formulari-150x150.png 150w\" sizes=\"(max-width: 512px) 100vw, 512px\" \/><\/strong><\/h2>\n<\/td>\n<\/tr>\n<tr style=\"height: 33px;\">\n<td style=\"width: 86.0689%; height: 33px;\">\n<h4><a href=\"https:\/\/triaeducativa.gencat.cat\/ca\/homologacio\/inici\/\">Homologaci\u00f3 d&#8217;estudis<\/a><\/h4>\n<\/td>\n<td style=\"width: 21.2009%; height: 33px;\"><\/td>\n<\/tr>\n<tr>\n<td style=\"width: 86.0689%;\"><a href=\"https:\/\/agora.xtec.cat\/insmontsia\/secretaria\/preinscripcio-i-matricula\/\">Preinscripci\u00f3 i matr\u00edcula<\/a><\/td>\n<td style=\"width: 21.2009%;\"><\/td>\n<\/tr>\n<tr>\n<td style=\"width: 86.0689%;\"><\/td>\n<td style=\"width: 21.2009%;\"><\/td>\n<\/tr>\n<tr style=\"height: 32px;\">\n<td style=\"width: 86.0689%; height: 10px;\">\n<h2><strong>TR\u00c0MITS POST-MATRICULACI\u00d3 \/ GRADUACI\u00d3<br \/>\n<\/strong><\/h2>\n<\/td>\n<td style=\"width: 21.2009%; height: 10px;\">\n<h2><strong> <img decoding=\"async\" class=\"alignnone size-full wp-image-8447\" src=\"https:\/\/agora.xtec.cat\/insmontsia\/wp-content\/uploads\/usu12\/2022\/02\/titol.jpg\" alt=\"\" width=\"60%\" \/><\/strong><\/h2>\n<\/td>\n<\/tr>\n<tr style=\"height: 33px;\">\n<td style=\"height: 33px; width: 86.0689%;\"><strong>Convalidacions<\/strong><\/p>\n<p style=\"text-align: center;\">&#8220;termini de l&#8217;1 al 31 d&#8217;octubre&#8221;<\/p>\n<p><a href=\"https:\/\/agora.xtec.cat\/insmontsia\/wp-content\/uploads\/usu12\/2022\/09\/Model-Sollicitud-alumne-convalidacio.pdf\">Sol\u00b7licitud de convalidaci\u00f3 de cr\u00e8dits, m\u00f2duls o UFs de CCFF<\/a><\/td>\n<td style=\"width: 21.2009%; height: 33px;\">&#8220;Anar a Secretaria presencialment&#8221;<\/td>\n<\/tr>\n<tr style=\"height: 33px;\">\n<td style=\"height: 33px; width: 86.0689%;\"><strong>Modificaci\u00f3 matr\u00edcula<\/strong><\/p>\n<p style=\"text-align: center;\">&#8220;termini de l&#8217;1 al 31 d&#8217;octubre&#8221;<\/p>\n<\/td>\n<td style=\"width: 21.2009%; height: 33px;\">&#8220;Anar a Secretaria presencialment&#8221;<\/td>\n<\/tr>\n<tr style=\"height: 33px;\">\n<td style=\"height: 33px; width: 86.0689%;\"><strong>Semipresencialitat<\/strong><\/p>\n<p style=\"text-align: center;\">&#8220;termini de l&#8217;1 al 31 d&#8217;octubre&#8221;<\/p>\n<p><a href=\"https:\/\/agora.xtec.cat\/insmontsia\/wp-content\/uploads\/usu12\/2022\/09\/F-162-Sollicitud-semipresencialitat-V3.pdf\">F162 Sol\u00b7licitud Semipresencialitat V3<\/a><\/td>\n<td style=\"width: 21.2009%; height: 33px;\">&#8220;Anar a Secretaria presencialment&#8221;<\/td>\n<\/tr>\n<tr>\n<td style=\"width: 86.0689%;\"><a href=\"https:\/\/docs.google.com\/forms\/d\/e\/1FAIpQLSdbZtsmOiy3wtx4awV-AxDvBviVgJZZhNjTBfZ58-zlBYjtAQ\/viewform?vc=0&amp;c=0&amp;w=1&amp;flr=0&amp;pli=1\">SOL\u00b7LICITUD D&#8217;EXEMPCI\u00d3 DE LA FORMACI\u00d3 EN CENTRES DE TREBALL<\/a><\/td>\n<td style=\"width: 21.2009%;\"><\/td>\n<\/tr>\n<tr style=\"height: 33px;\">\n<td style=\"width: 86.0689%; height: 33px;\">SOL\u00b7LICITUDS DE\u00a0 <strong>BAIXA<\/strong> TOTAL<\/td>\n<td style=\"width: 21.2009%; height: 33px;\">&#8220;Anar a Secretaria presencialment&#8221;<\/td>\n<\/tr>\n<tr style=\"height: 33px;\">\n<td style=\"width: 86.0689%; height: 33px;\">\n<ul>\n<li><a href=\"https:\/\/agora.xtec.cat\/insmontsia\/wp-content\/uploads\/usu12\/2021\/09\/F-72-Comunicat-baixa-alumnat-V3-PGQ-36.docx\">Comunicat de <strong>baixa<\/strong> per alumnat <strong>menor d&#8217;edat<\/strong><\/a><\/li>\n<li><a href=\"https:\/\/agora.xtec.cat\/insmontsia\/wp-content\/uploads\/usu12\/2021\/09\/F-73-Comunicat-baixa-alumnes-majors-edat-V3-PGQ-36.docx\">Comunicat de <strong>baixa<\/strong> per alumnat <strong>major d&#8217;edat<\/strong><\/a><\/li>\n<\/ul>\n<\/td>\n<td style=\"width: 21.2009%; height: 33px;\"><\/td>\n<\/tr>\n<tr style=\"height: 33px;\">\n<td style=\"width: 86.0689%; height: 33px;\"><\/td>\n<td style=\"width: 21.2009%; height: 33px;\"><\/td>\n<\/tr>\n<tr style=\"height: 33px;\">\n<td style=\"height: 33px; width: 86.0689%;\">\n<h4><a href=\"https:\/\/forms.gle\/jH9Fivot11Da261b6\" target=\"_blank\" rel=\"noopener\"><strong>SOL\u00b7LICITAR CERTIFICAT<\/strong><\/a><\/h4>\n<\/td>\n<td style=\"width: 21.2009%; height: 33px;\"><\/td>\n<\/tr>\n<tr style=\"height: 33px;\">\n<td style=\"height: 33px; width: 86.0689%;\">\n<h4><a href=\"https:\/\/forms.gle\/iYQ14ShpgXeThuNX9\" target=\"_blank\" rel=\"noopener\"><strong>SOL\u00b7LICITAR T\u00cdTOL<\/strong><\/a><\/h4>\n<\/td>\n<td style=\"width: 21.2009%; height: 33px;\"><\/td>\n<\/tr>\n<tr style=\"height: 62px;\">\n<td style=\"width: 86.0689%; height: 62px;\">\n<h2><\/h2>\n<h2><strong>TR\u00c0MITS GENERALS<br \/>\n<\/strong><\/h2>\n<\/td>\n<td style=\"width: 21.2009%; height: 62px;\"><img decoding=\"async\" class=\"alignnone size-full wp-image-8470\" src=\"https:\/\/agora.xtec.cat\/insmontsia\/wp-content\/uploads\/usu12\/2022\/02\/tramits_generals2.png\" alt=\"\" width=\"60%\" srcset=\"https:\/\/agora.xtec.cat\/insmontsia\/wp-content\/uploads\/usu12\/2022\/02\/tramits_generals2.png 225w, https:\/\/agora.xtec.cat\/insmontsia\/wp-content\/uploads\/usu12\/2022\/02\/tramits_generals2-150x150.png 150w\" sizes=\"(max-width: 225px) 100vw, 225px\" \/><\/td>\n<\/tr>\n<tr style=\"height: 26px;\">\n<td style=\"width: 86.0689%; height: 26px;\"><a href=\"https:\/\/agora.xtec.cat\/insmontsia\/wp-content\/uploads\/usu12\/2021\/09\/A817.pdf\" target=\"_blank\" rel=\"noopener noreferrer\">Document de <strong>declaraci\u00f3 responsable<\/strong> per a <strong>menors d&#8217;edat<\/strong><\/a><\/td>\n<td style=\"width: 21.2009%; height: 26px;\"><\/td>\n<\/tr>\n<tr style=\"height: 16px;\">\n<td style=\"width: 86.0689%; height: 16px;\"><a href=\"https:\/\/agora.xtec.cat\/insmontsia\/wp-content\/uploads\/usu12\/2021\/09\/A820-declaracio-responsable-COVID-19-majors-18-anys.pdf\" target=\"_blank\" rel=\"noopener noreferrer\">Document de <strong>declaraci\u00f3 responsable<\/strong> per a <strong>majors d&#8217;edat<\/strong><\/a><\/td>\n<td style=\"width: 21.2009%; height: 16px;\"><\/td>\n<\/tr>\n<tr>\n<td style=\"width: 86.0689%;\"><a href=\"https:\/\/agora.xtec.cat\/insmontsia\/wp-content\/uploads\/usu12\/2022\/02\/F-167-PGQ13-Autoritzacio\u0301-lliurament-documentacio\u0301-V1.pdf\" target=\"_blank\" rel=\"noopener noreferrer\"><strong>Autoritzaci\u00f3 de lliurament de documentaci\u00f3<\/strong> a terceres persones<\/a><\/td>\n<td style=\"width: 21.2009%;\"><\/td>\n<\/tr>\n<tr>\n<td style=\"width: 86.0689%;\">\n<h2><\/h2>\n<\/td>\n<td style=\"width: 21.2009%;\"><\/td>\n<\/tr>\n<tr>\n<td style=\"width: 86.0689%;\"><strong>\u00a0<\/strong><\/td>\n<td style=\"width: 21.2009%;\"><\/td>\n<\/tr>\n<\/tbody>\n<\/table>\n<h2><\/h2>\n<table style=\"border-collapse: collapse; width: 93.1081%;\">\n<tbody>\n<tr>\n<td style=\"width: 79.7533%;\">\n<h1><strong>Informaci\u00f3 secretaria\u00a0 <\/strong><\/h1>\n<\/td>\n<td style=\"width: 13.3548%;\">\n<h2><strong><a href=\"https:\/\/agora.xtec.cat\/insmontsia\/wp-content\/uploads\/usu12\/2022\/07\/info.png\"><img loading=\"lazy\" decoding=\"async\" class=\"wp-image-9536 aligncenter\" src=\"https:\/\/agora.xtec.cat\/insmontsia\/wp-content\/uploads\/usu12\/2022\/07\/info.png\" alt=\"\" width=\"74\" height=\"74\" srcset=\"https:\/\/agora.xtec.cat\/insmontsia\/wp-content\/uploads\/usu12\/2022\/07\/info.png 261w, https:\/\/agora.xtec.cat\/insmontsia\/wp-content\/uploads\/usu12\/2022\/07\/info-150x150.png 150w\" sizes=\"auto, (max-width: 74px) 100vw, 74px\" \/><\/a><span style=\"text-decoration: underline;\"><br \/>\n<\/span><\/strong><\/h2>\n<\/td>\n<\/tr>\n<\/tbody>\n<\/table>\n<h2>TAULER GENERAL<span style=\"text-decoration: underline;\"><br \/>\n<\/span><\/h2>\n<table style=\"width: 93.4376%; height: 250px;\">\n<tbody>\n<tr style=\"height: 89px;\">\n<td style=\"width: 86.3141%; height: 89px;\"><a href=\"https:\/\/agora.xtec.cat\/insmontsia\/wp-content\/uploads\/usu12\/2025\/09\/Ins-Montsia-Llibres-curs-25-26-v-09-09.pdf\" target=\"_blank\" rel=\"noopener\"><strong>Llibres i materials per al curs 2025-2026<\/strong><\/a><\/td>\n<td style=\"width: 27.3538%; height: 89px;\"><a href=\"https:\/\/agora.xtec.cat\/insmontsia\/wp-content\/uploads\/usu12\/2022\/02\/llibres1.png\"><img loading=\"lazy\" decoding=\"async\" class=\"alignnone size-full wp-image-8441\" src=\"https:\/\/agora.xtec.cat\/insmontsia\/wp-content\/uploads\/usu12\/2022\/02\/llibres1.png\" alt=\"\" width=\"254\" height=\"199\" \/><\/a><\/td>\n<\/tr>\n<tr style=\"height: 92px;\">\n<td style=\"width: 86.3141%; height: 92px;\"><a href=\"https:\/\/educacio.gencat.cat\/ca\/serveis-tramits\/beques\/beques-postobligatoris\/\"><strong>INFORMACI\u00d3 GENERAL BEQUES ESTUDIS POSTOBLIGATORIS NO UNIVERSITARIS<\/strong><\/a><\/td>\n<td style=\"width: 27.3538%; height: 92px;\"><\/td>\n<\/tr>\n<tr style=\"height: 69px;\">\n<td style=\"width: 86.3141%; height: 69px;\"><\/td>\n<td style=\"width: 27.3538%; height: 69px;\"><\/td>\n<\/tr>\n<\/tbody>\n<\/table>\n<h2><\/h2>\n<h2>TAULER GRAU MITJ\u00c0<\/h2>\n<table style=\"width: 93.1081%;\">\n<tbody>\n<tr>\n<td style=\"width: 80.571%;\"><\/td>\n<td style=\"width: 11.456%;\"><\/td>\n<\/tr>\n<tr>\n<td style=\"width: 80.571%;\"><\/td>\n<td style=\"width: 11.456%;\"><\/td>\n<\/tr>\n<tr>\n<td style=\"width: 80.571%;\"><\/td>\n<td style=\"width: 11.456%;\"><\/td>\n<\/tr>\n<tr>\n<td style=\"width: 80.571%;\"><\/td>\n<td style=\"width: 11.456%;\"><\/td>\n<\/tr>\n<\/tbody>\n<\/table>\n<h2><\/h2>\n<h2>TAULER GRAU SUPERIOR<\/h2>\n<table style=\"width: 93.2208%;\">\n<tbody>\n<tr>\n<td style=\"width: 87.5225%;\"><\/td>\n<td style=\"width: 70.3135%;\"><\/td>\n<\/tr>\n<tr>\n<td style=\"width: 87.5225%;\"><\/td>\n<td style=\"width: 70.3135%;\"><\/td>\n<\/tr>\n<\/tbody>\n<\/table>\n<h2><\/h2>\n<h2>TAULER CURSOS D&#8217;ESPECIALITZACI\u00d3<\/h2>\n<table style=\"width: 92.8378%;\">\n<tbody>\n<tr>\n<td style=\"width: 81.1729%;\"><\/td>\n<td style=\"width: 10.5838%;\"><\/td>\n<\/tr>\n<tr>\n<td style=\"width: 81.1729%;\"><\/td>\n<td style=\"width: 10.5838%;\"><\/td>\n<\/tr>\n<tr>\n<td style=\"width: 81.1729%;\"><\/td>\n<td style=\"width: 10.5838%;\"><\/td>\n<\/tr>\n<tr>\n<td style=\"width: 81.1729%;\"><\/td>\n<td style=\"width: 10.5838%;\"><\/td>\n<\/tr>\n<\/tbody>\n<\/table>\n<h2><\/h2>\n<h2>TAULER ALTRES ESTUDIS<\/h2>\n<table style=\"width: 93.1081%;\">\n<tbody>\n<tr>\n<td style=\"width: 81.3417%;\"><\/td>\n<td style=\"width: 10.6853%;\"><\/td>\n<\/tr>\n<tr>\n<td style=\"width: 81.3417%;\"><\/td>\n<td style=\"width: 10.6853%;\"><\/td>\n<\/tr>\n<\/tbody>\n<\/table>\n<p>&nbsp;<\/p>\n<h3><a href=\"https:\/\/youtu.be\/FcI7QVOurBU\" target=\"_blank\" rel=\"noopener noreferrer\">V\u00eddeo explicatiu de com obtenir un IdCat<\/a><\/h3>\n<p><iframe loading=\"lazy\" src=\"https:\/\/www.youtube.com\/embed\/FcI7QVOurBU\" width=\"560\" height=\"315\" frameborder=\"0\"><\/iframe><\/p>\n<p>&nbsp;<\/p>\n<p><strong>Horari d&#8217;atenci\u00f3 al p\u00fablic de secretaria \u00e9s el seg\u00fcent ( *en horari d&#8217;hivern)<\/strong><\/p>\n<ul>\n<li>Mat\u00ed: de dilluns a divendres de 8:30 a 13:30 hores<\/li>\n<li>Tarda: dimarts, dimecres i dijous de 15:00 a 17:00 hores<\/li>\n<\/ul>\n<p><strong>Durant el mes de juliol: <\/strong>atenci\u00f3 al p\u00fablic presencial amb cita pr\u00e8via<\/p>\n<p><strong>Horari d&#8217;atenci\u00f3 telef\u00f2nica de juliol i fins a 1 d&#8217;octubre de 2021:<\/strong><\/p>\n<ul>\n<li><strong>Mat\u00ed: de dilluns a divendres de 09:00 a 12:00 hores<\/strong><\/li>\n<\/ul>\n","protected":false},"excerpt":{"rendered":"<p>Tr\u00e0mits online<\/p>\n<p>En aquest espai podeu fer la sol\u00b7licitud per a qu\u00e8 se us tramitin els certificats o t\u00edtols que hagueu obtingut, convalidacions i altres tr\u00e0mits.<br \/>\nHaureu d&#8217;emplenar el formulari corresponent per a tramitar cada sol\u00b7licitud.<br \/>\nAl tauler podreu trobar llistats amb diferent informaci\u00f3.<br \/>\n&nbsp;<br \/>\nTr\u00e0mits disponibles<\/p>\n<p>TR\u00c0MITS RELACIONATS AMB LA&hellip;  <a href=\"https:\/\/agora.xtec.cat\/insmontsia\/secretaria\/tramits-online\/\" title=\"Read Tr\u00e0mits online i informaci\u00f3 secretaria\">Llegeix m\u00e9s\u00bb<\/a><\/p>\n","protected":false},"author":25,"featured_media":0,"parent":81,"menu_order":0,"comment_status":"closed","ping_status":"closed","template":"","meta":{"_bbp_topic_count":0,"_bbp_reply_count":0,"_bbp_total_topic_count":0,"_bbp_total_reply_count":0,"_bbp_voice_count":0,"_bbp_anonymous_reply_count":0,"_bbp_topic_count_hidden":0,"_bbp_reply_count_hidden":0,"_bbp_forum_subforum_count":0,"footnotes":""},"class_list":["post-5044","page","type-page","status-publish","hentry"],"post_mailing_queue_ids":[],"_links":{"self":[{"href":"https:\/\/agora.xtec.cat\/insmontsia\/wp-json\/wp\/v2\/pages\/5044","targetHints":{"allow":["GET"]}}],"collection":[{"href":"https:\/\/agora.xtec.cat\/insmontsia\/wp-json\/wp\/v2\/pages"}],"about":[{"href":"https:\/\/agora.xtec.cat\/insmontsia\/wp-json\/wp\/v2\/types\/page"}],"author":[{"embeddable":true,"href":"https:\/\/agora.xtec.cat\/insmontsia\/wp-json\/wp\/v2\/users\/25"}],"replies":[{"embeddable":true,"href":"https:\/\/agora.xtec.cat\/insmontsia\/wp-json\/wp\/v2\/comments?post=5044"}],"version-history":[{"count":8,"href":"https:\/\/agora.xtec.cat\/insmontsia\/wp-json\/wp\/v2\/pages\/5044\/revisions"}],"predecessor-version":[{"id":16302,"href":"https:\/\/agora.xtec.cat\/insmontsia\/wp-json\/wp\/v2\/pages\/5044\/revisions\/16302"}],"up":[{"embeddable":true,"href":"https:\/\/agora.xtec.cat\/insmontsia\/wp-json\/wp\/v2\/pages\/81"}],"wp:attachment":[{"href":"https:\/\/agora.xtec.cat\/insmontsia\/wp-json\/wp\/v2\/media?parent=5044"}],"curies":[{"name":"wp","href":"https:\/\/api.w.org\/{rel}","templated":true}]}}