{"id":15537,"date":"2025-05-23T13:00:40","date_gmt":"2025-05-23T11:00:40","guid":{"rendered":"https:\/\/agora.xtec.cat\/insmontsia\/?page_id=15537"},"modified":"2025-05-23T14:20:59","modified_gmt":"2025-05-23T12:20:59","slug":"servei-dinformacio-i-orientacio-professional","status":"publish","type":"page","link":"https:\/\/agora.xtec.cat\/insmontsia\/secretaria\/servei-dinformacio-i-orientacio-professional\/","title":{"rendered":"Servei d&#8217;Informaci\u00f3 i Orientaci\u00f3 Professional"},"content":{"rendered":"<p style=\"text-align: justify;\">El Servei d\u2019Informaci\u00f3 i Orientaci\u00f3 Professional (SIOP) t\u00e9 com a objectiu assessorar i acompanyar l\u2019usuari o usu\u00e0ria en la definici\u00f3 del seu itinerari formatiu i professional fent un acompanyament en la identificaci\u00f3 de compet\u00e8ncies, interessos i objectius professionals. Aquest servei est\u00e0 dirigit tant a l\u2019alumnat del centre com a qualsevol persona que requereixi suport per definir o reorientar la seva traject\u00f2ria educativa i professional.<\/p>\n<p>Pot fer la seva consulta o b\u00e9 concertar una reuni\u00f3 presencial al centre a trav\u00e9s del seg\u00fcent <a href=\"https:\/\/forms.gle\/9gipnkVVYsy6WeUi6\" target=\"_blank\" rel=\"noopener\">formulari de Sol\u00b7licitud al SIOP<\/a>.<\/p>\n<h5>OBJECTIUS DEL SIOP<\/h5>\n<p>1. Facilitar informaci\u00f3 sobre itineraris acad\u00e8mics i professionals<br \/>\n2. Assessorar en la presa de decisions formatives i professionals<br \/>\n3. Fomentar el desenvolupament professional continu<br \/>\n4. Acompanyar en processos de canvi o transici\u00f3<br \/>\n5. Detectar necessitats del mercat laboral<\/p>\n<h5>SERVEIS QUE OFERIM<\/h5>\n<table style=\"border-collapse: collapse; width: 100%;\">\n<tbody>\n<tr>\n<td style=\"width: 38.1503%;\"><a href=\"https:\/\/agora.xtec.cat\/insmontsia\/wp-content\/uploads\/usu12\/2025\/05\/Serveis-SIOP.png\"><img loading=\"lazy\" decoding=\"async\" class=\"aligncenter size-full wp-image-15539\" src=\"https:\/\/agora.xtec.cat\/insmontsia\/wp-content\/uploads\/usu12\/2025\/05\/Serveis-SIOP.png\" alt=\"\" width=\"221\" height=\"502\" srcset=\"https:\/\/agora.xtec.cat\/insmontsia\/wp-content\/uploads\/usu12\/2025\/05\/Serveis-SIOP.png 221w, https:\/\/agora.xtec.cat\/insmontsia\/wp-content\/uploads\/usu12\/2025\/05\/Serveis-SIOP-132x300.png 132w\" sizes=\"auto, (max-width: 221px) 100vw, 221px\" \/><\/a><\/td>\n<td style=\"width: 61.8497%;\">\n<ul>\n<li><strong>Autoconeixement i Descobriment d\u2019Interessos<\/strong>\n<p align=\"justify\"><span style=\"color: #000000;\">A<\/span><span style=\"color: #000000;\">company<\/span><span style=\"color: #000000;\">em<\/span> <span style=\"color: #000000;\">en la identificaci\u00f3 d\u2019interessos,<\/span><span style=\"color: #000000;\"> habilitats i <\/span><span style=\"color: #000000;\">objectius<\/span><span style=\"color: #000000;\">.<\/span><\/p>\n<p align=\"justify\"><a href=\"https:\/\/fp.gencat.cat\/ca\/oferta-fpcat-365\/descobreixo\/index.html\">DESCOBRIR<\/a><\/p>\n<\/li>\n<li><strong>Servei d\u2019Informaci\u00f3 Professional i Laboral <\/strong>\n<p align=\"justify\">Proporcionem informaci\u00f3 clara i actualitzada sobre les principals ocupacions i l&#8217;oferta formativa relacionada.<\/p>\n<p align=\"justify\"><a href=\"https:\/\/fp.gencat.cat\/ca\/orientacio-365\/2.-investigo-quines-son-les-principals-ocupacions\/\">INVESTIGAR<\/a><\/p>\n<\/li>\n<li><strong>Servei d\u2019Assessorament en la Presa de Decisions <\/strong><strong>(decidir)<\/strong>\n<p align=\"justify\">Ajudem en la definici\u00f3 d&#8217;un objectiu professional clar i assolible, tenint en compte el perfil de la persona i el mercat laboral.<\/p>\n<p align=\"justify\"><a href=\"https:\/\/fp.gencat.cat\/ca\/oferta-fpcat-365\/decideixo\/index.html\">DECIDIR<\/a><\/p>\n<\/li>\n<li><strong>Servei de Planificaci\u00f3 d\u2019Itineraris Formatius i Professionals <\/strong><strong>(planificar)<\/strong>\n<p align=\"justify\">Guiem a tra\u00e7ar un pla concret per a la formaci\u00f3 i creixement professional, oferint suport en la planificaci\u00f3 i execuci\u00f3 del seu itinerari.<\/p>\n<p align=\"justify\"><a href=\"https:\/\/fp.gencat.cat\/ca\/oferta-fpcat-365\/planifico\/\">PLANIFICAR<\/a><\/p>\n<\/li>\n<\/ul>\n<\/td>\n<\/tr>\n<\/tbody>\n<\/table>\n","protected":false},"excerpt":{"rendered":"<p>El Servei d\u2019Informaci\u00f3 i Orientaci\u00f3 Professional (SIOP) t\u00e9 com a objectiu assessorar i acompanyar l\u2019usuari o usu\u00e0ria en la definici\u00f3 del seu itinerari formatiu i professional fent un acompanyament en la identificaci\u00f3 de compet\u00e8ncies, interessos i objectius professionals. Aquest servei est\u00e0 dirigit tant a l\u2019alumnat&hellip;  <a href=\"https:\/\/agora.xtec.cat\/insmontsia\/secretaria\/servei-dinformacio-i-orientacio-professional\/\" title=\"Read Servei d&#8217;Informaci\u00f3 i Orientaci\u00f3 Professional\">Llegeix m\u00e9s\u00bb<\/a><\/p>\n","protected":false},"author":30,"featured_media":0,"parent":81,"menu_order":0,"comment_status":"closed","ping_status":"closed","template":"","meta":{"_bbp_topic_count":0,"_bbp_reply_count":0,"_bbp_total_topic_count":0,"_bbp_total_reply_count":0,"_bbp_voice_count":0,"_bbp_anonymous_reply_count":0,"_bbp_topic_count_hidden":0,"_bbp_reply_count_hidden":0,"_bbp_forum_subforum_count":0,"footnotes":""},"class_list":["post-15537","page","type-page","status-publish","hentry"],"post_mailing_queue_ids":[],"_links":{"self":[{"href":"https:\/\/agora.xtec.cat\/insmontsia\/wp-json\/wp\/v2\/pages\/15537","targetHints":{"allow":["GET"]}}],"collection":[{"href":"https:\/\/agora.xtec.cat\/insmontsia\/wp-json\/wp\/v2\/pages"}],"about":[{"href":"https:\/\/agora.xtec.cat\/insmontsia\/wp-json\/wp\/v2\/types\/page"}],"author":[{"embeddable":true,"href":"https:\/\/agora.xtec.cat\/insmontsia\/wp-json\/wp\/v2\/users\/30"}],"replies":[{"embeddable":true,"href":"https:\/\/agora.xtec.cat\/insmontsia\/wp-json\/wp\/v2\/comments?post=15537"}],"version-history":[{"count":6,"href":"https:\/\/agora.xtec.cat\/insmontsia\/wp-json\/wp\/v2\/pages\/15537\/revisions"}],"predecessor-version":[{"id":15592,"href":"https:\/\/agora.xtec.cat\/insmontsia\/wp-json\/wp\/v2\/pages\/15537\/revisions\/15592"}],"up":[{"embeddable":true,"href":"https:\/\/agora.xtec.cat\/insmontsia\/wp-json\/wp\/v2\/pages\/81"}],"wp:attachment":[{"href":"https:\/\/agora.xtec.cat\/insmontsia\/wp-json\/wp\/v2\/media?parent=15537"}],"curies":[{"name":"wp","href":"https:\/\/api.w.org\/{rel}","templated":true}]}}