{"id":11501,"date":"2023-06-21T13:59:03","date_gmt":"2023-06-21T11:59:03","guid":{"rendered":"https:\/\/agora.xtec.cat\/insmontsia\/?page_id=11501"},"modified":"2024-04-09T19:04:36","modified_gmt":"2024-04-09T17:04:36","slug":"fct","status":"publish","type":"page","link":"https:\/\/agora.xtec.cat\/insmontsia\/projecte-educatiu\/fct\/","title":{"rendered":"FCT"},"content":{"rendered":"<p>La formaci\u00f3 en centres de treball (FCT) consisteix en\u00a0<strong>pr\u00e0ctiques formatives no laborals<\/strong>\u00a0que realitzen els alumnes d&#8217;ensenyaments postobligatoris en centres de treball situats a l&#8217;entorn dels centres on cursen els seus estudis, mitjan\u00e7ant un acord de col\u00b7laboraci\u00f3 que subscriuen l&#8217;escola i l&#8217;empresa. Aquestes pr\u00e0ctiques formen part del programa formatiu (curricular) d&#8217;aquests ensenyaments.<\/p>\n<p>A l&#8217;Institut Montsi\u00e0 les pot realitzar tot l&#8217;alumnat que estigui matriculat i cursi cicles formatius de grau mitj\u00e0 i superior, o b\u00e9 programes de formaci\u00f3 i inserci\u00f3 en qualsevol de les seves especialitats.<\/p>\n<p><strong>Qu\u00e8 representa per a l&#8217;alumne<\/strong><\/p>\n<p>El coneixement del m\u00f3n laboral i de l&#8217;empresa. La possibilitat d&#8217;estar en contacte amb la tecnologia m\u00e9s avan\u00e7ada. Completar la seva formaci\u00f3 professional, per tal de capacitar-se per a la seva incorporaci\u00f3 al treball. L&#8217;obtenci\u00f3 d&#8217;una formaci\u00f3 adaptada a llocs de treball espec\u00edfics. L&#8217;apropament a la cultura d&#8217;empresa. L&#8217;experi\u00e8ncia en el m\u00f3n del treball com a pas per a la primera ocupaci\u00f3. L&#8217;inici del seu historial professional acreditat amb el quadern de pr\u00e0ctiques. La superaci\u00f3 del m\u00f2dul\/cr\u00e8dit de Formaci\u00f3 en centres de treball per als alumnes de cicles formatius.<\/p>\n<p><strong>Qu\u00e8 ofereix l&#8217;empresa<\/strong><\/p>\n<p>La captaci\u00f3 de futurs operaris especialitzats. Col\u00b7laborar en la formaci\u00f3 dels joves aprenents. Oferir l&#8217;acc\u00e9s dels joves a la seva primera ocupaci\u00f3. Relacionar-se amb els centres educatius. No implica serveis retribu\u00efts ni vinculaci\u00f3 laboral.<\/p>\n<p><strong>Els acords de col\u00b7laboraci\u00f3<\/strong><\/p>\n<p>\u00c9s un document, subscrit amb un model oficial, entre l&#8217;escola i l&#8217;empresa, per tal que alumnes d&#8217;ensenyaments secundaris post-obligatoris puguin realitzar pr\u00e0ctiques formatives, no retribu\u00efdes, que completen la seva formaci\u00f3 te\u00f2rica.<\/p>\n<p>L&#8217;Institut Montsi\u00e0 formalitza acords de col\u00b7laboraci\u00f3 per a la realitzaci\u00f3 de la formaci\u00f3 pr\u00e0ctica en centres de treball amb empreses i institucions p\u00fabliques col\u00b7laboradores pr\u00e8viament homologades per acollir alumnat.<\/p>\n<p><strong>Durada de les pr\u00e0ctiques<\/strong><\/p>\n<p>La durada de la formaci\u00f3 pr\u00e0ctica en centres de treball ser\u00e0 la que estableixi el disseny curricular del cicle formatiu, que oscil\u00b7la entre les 300 i les 700 hores aproximadament organitzades en un temps de 4 hores di\u00e0ries i 20 de setmanals si es compaginen les pr\u00e0ctiques amb l&#8217;activitat en el centre o b\u00e9 de 8 hores di\u00e0ries fins a un m\u00e0xim de 40 de setmanals si es fan de forma intensiva.<\/p>\n<p><strong>Control i seguiment de la FCT<\/strong><\/p>\n<p><strong>Al centre docent: <\/strong>el coordinador de formaci\u00f3 professional i els tutors de pr\u00e0ctiques professionals.<\/p>\n<p><strong>A l&#8217;empresa: <\/strong>una persona responsable (tutor d&#8217;empresa), que en fa el seguiment amb el coordinador de formaci\u00f3 professional o de pr\u00e0ctiques professionals del centre educatiu, del Pla d&#8217;activitats que l&#8217;alumne ha de realitzar a l&#8217;empresa.<\/p>\n<p><strong>A l&#8217;Administraci\u00f3: <\/strong>el Servei de Programes i Projectes de Foment dels Ensenyaments Professionals, que s&#8217;ocupa d&#8217;autoritzar els acords i donar el suport necessari per fer el seguiment d&#8217;aquestes pr\u00e0ctiques.<\/p>\n<p><strong>Asseguran\u00e7a<\/strong><\/p>\n<p>L&#8217;estada d&#8217;FPCT va acompanyada per una cobertura per a l&#8217;alumnat que estigui matriculat i compleixi els requisits reglamentaris:<\/p>\n<ul>\n<li><strong>Asseguran\u00e7a escolar<\/strong>: Accidents escolars (lesions sofertes en activitats vinculades a la seva condici\u00f3 d&#8217;estudiant), malalties i infortunis familiars, fins als 28 anys. L&#8217;atenci\u00f3 sanit\u00e0ria ser\u00e0 oferta a trav\u00e9s dels centres sanitaris p\u00fablics i concertats.<\/li>\n<li><strong>P\u00f2lissa d&#8217;asseguran\u00e7a d&#8217;accidents personals<\/strong>: Mort o invalidesa durant l&#8217;activitat ocupacional, aix\u00ed com\u00a0<em>in itinere<\/em>. Per a tot l&#8217;alumnat de centres p\u00fablics de titularitat de la Generalitat de Catalunya que facin pr\u00e0ctiques en empreses.<\/li>\n<li><strong>P\u00f2lissa d&#8217;asseguran\u00e7a de responsabilitat civil i patrimonial<\/strong>: Danys corporals o materials patits per terceres persones i causats, per acci\u00f3 o per omissi\u00f3, per l&#8217;alumnat en pr\u00e0ctiques, cobrint les conseq\u00fc\u00e8ncies econ\u00f2miques que se&#8217;n derivin. Cobreix tot l&#8217;alumnat de centres p\u00fablics de titularitat de la Generalitat de Catalunya.<\/li>\n<\/ul>\n<p>En cas d&#8217;accident o incident, cal comunicar-ho a la Direcci\u00f3 General de Formaci\u00f3 Professional i Ensenyaments de R\u00e8gim Especial a trav\u00e9s del coordinador o coordinadora territorial.<\/p>\n","protected":false},"excerpt":{"rendered":"<p>La formaci\u00f3 en centres de treball (FCT) consisteix en\u00a0pr\u00e0ctiques formatives no laborals\u00a0que realitzen els alumnes d&#8217;ensenyaments postobligatoris en centres de treball situats a l&#8217;entorn dels centres on cursen els seus estudis, mitjan\u00e7ant un acord de col\u00b7laboraci\u00f3 que subscriuen l&#8217;escola i l&#8217;empresa. Aquestes pr\u00e0ctiques formen part&hellip;  <a href=\"https:\/\/agora.xtec.cat\/insmontsia\/projecte-educatiu\/fct\/\" title=\"Read FCT\">Llegeix m\u00e9s\u00bb<\/a><\/p>\n","protected":false},"author":30,"featured_media":0,"parent":57,"menu_order":0,"comment_status":"closed","ping_status":"closed","template":"","meta":{"_bbp_topic_count":0,"_bbp_reply_count":0,"_bbp_total_topic_count":0,"_bbp_total_reply_count":0,"_bbp_voice_count":0,"_bbp_anonymous_reply_count":0,"_bbp_topic_count_hidden":0,"_bbp_reply_count_hidden":0,"_bbp_forum_subforum_count":0,"footnotes":""},"class_list":["post-11501","page","type-page","status-publish","hentry"],"post_mailing_queue_ids":[],"_links":{"self":[{"href":"https:\/\/agora.xtec.cat\/insmontsia\/wp-json\/wp\/v2\/pages\/11501","targetHints":{"allow":["GET"]}}],"collection":[{"href":"https:\/\/agora.xtec.cat\/insmontsia\/wp-json\/wp\/v2\/pages"}],"about":[{"href":"https:\/\/agora.xtec.cat\/insmontsia\/wp-json\/wp\/v2\/types\/page"}],"author":[{"embeddable":true,"href":"https:\/\/agora.xtec.cat\/insmontsia\/wp-json\/wp\/v2\/users\/30"}],"replies":[{"embeddable":true,"href":"https:\/\/agora.xtec.cat\/insmontsia\/wp-json\/wp\/v2\/comments?post=11501"}],"version-history":[{"count":3,"href":"https:\/\/agora.xtec.cat\/insmontsia\/wp-json\/wp\/v2\/pages\/11501\/revisions"}],"predecessor-version":[{"id":11506,"href":"https:\/\/agora.xtec.cat\/insmontsia\/wp-json\/wp\/v2\/pages\/11501\/revisions\/11506"}],"up":[{"embeddable":true,"href":"https:\/\/agora.xtec.cat\/insmontsia\/wp-json\/wp\/v2\/pages\/57"}],"wp:attachment":[{"href":"https:\/\/agora.xtec.cat\/insmontsia\/wp-json\/wp\/v2\/media?parent=11501"}],"curies":[{"name":"wp","href":"https:\/\/api.w.org\/{rel}","templated":true}]}}