{"id":10759,"date":"2023-03-17T20:40:34","date_gmt":"2023-03-17T19:40:34","guid":{"rendered":"https:\/\/agora.xtec.cat\/insmontsia\/?page_id=10759"},"modified":"2026-04-15T19:18:15","modified_gmt":"2026-04-15T17:18:15","slug":"preinscripcio-cicles-formatius-de-grau-mitja","status":"publish","type":"page","link":"https:\/\/agora.xtec.cat\/insmontsia\/secretaria\/preinscripcio-i-matricula\/preinscripcio-cicles-formatius-de-grau-mitja\/","title":{"rendered":"Preinscripci\u00f3 Cicles Formatius de Grau Mitj\u00e0 per al curs 2026-27"},"content":{"rendered":"<h2>INFORMACI\u00d3 GENERAL<\/h2>\n<p>Tota la informaci\u00f3 detallada del Departament d&#8217;Educaci\u00f3 la trobar\u00e0s <a href=\"https:\/\/preinscripcio.gencat.cat\/ca\/estudis\/fp-grau-mitja\/informat\/calendari\/\" target=\"_blank\" rel=\"noopener\">en el seg\u00fcent enlla\u00e7<\/a>.<\/p>\n<p>Document amb l&#8217;oferta de Cicles Mitjans a l&#8217;Institut Montsi\u00e0 (pendent).<\/p>\n<h2>Calendari per a tot l&#8217;alumnat<\/h2>\n<table style=\"border-collapse: collapse; width: 100%; height: 697px;\">\n<tbody>\n<tr style=\"height: 35px;\">\n<td style=\"width: 34.4344%; background-color: #fcf36d; vertical-align: middle; height: 35px;\">Difusi\u00f3 de l&#8217;oferta (Document) <img loading=\"lazy\" decoding=\"async\" class=\"alignnone wp-image-11187 \" src=\"https:\/\/agora.xtec.cat\/insmontsia\/wp-content\/uploads\/usu12\/2023\/04\/WikiProject_Council_project_list_icon-e1682682233544.png\" alt=\"\" width=\"20\" height=\"18\" \/> <img loading=\"lazy\" decoding=\"async\" class=\"alignnone wp-image-11038 size-full\" src=\"https:\/\/agora.xtec.cat\/insmontsia\/wp-content\/uploads\/usu12\/2023\/04\/Messagebox_info.svg_-1-e1681473246293.png\" alt=\"\" width=\"15\" height=\"15\" \/><\/td>\n<td style=\"width: 25.1251%; background-color: #fcf36d; vertical-align: middle; height: 35px;\">22 de maig de 2026<\/td>\n<td style=\"width: 40.4404%; background-color: #fcf36d; vertical-align: middle; height: 35px;\"><\/td>\n<\/tr>\n<tr style=\"height: 60px;\">\n<td style=\"width: 34.4344%; vertical-align: middle; height: 60px; background-color: #00fbff;\">Presentaci\u00f3 de sol\u00b7licituds<\/td>\n<td style=\"width: 25.1251%; vertical-align: middle; height: 60px; background-color: #00fbff;\">del 26 de maig al 1 de juny de 2026, ambd\u00f3s inclosos<\/td>\n<td style=\"width: 40.4404%; vertical-align: middle; height: 60px; background-color: #00fbff;\"><a href=\"https:\/\/agora.xtec.cat\/insmontsia\/wp-content\/uploads\/usu12\/2023\/04\/1328101911_Symbol-Check.png\"><img loading=\"lazy\" decoding=\"async\" class=\"wp-image-11037 size-full alignleft\" src=\"https:\/\/agora.xtec.cat\/insmontsia\/wp-content\/uploads\/usu12\/2023\/04\/1328101911_Symbol-Check-e1681472830948.png\" alt=\"\" width=\"30\" height=\"30\" \/><\/a>La sol\u00b7licitud \u00e9s telem\u00e0tica i la trobar\u00e0s en el seg\u00fcent enlla\u00e7. <a href=\"https:\/\/educacio.gencat.cat\/ca\/tramits\/tramits-temes\/preinscripcio-fp-gm\" target=\"_blank\" rel=\"noopener\">https:\/\/educacio.gencat.cat\/ca\/tramits\/tramits-temes\/preinscripcio-fp-gm<\/a><\/td>\n<\/tr>\n<tr style=\"height: 59px;\">\n<td style=\"width: 34.4344%; background-color: #ff9d00; vertical-align: middle; height: 59px;\">Publicaci\u00f3 de la llista amb puntuaci\u00f3 provisional (Llista) <img loading=\"lazy\" decoding=\"async\" class=\"alignnone wp-image-11187 size-full\" src=\"https:\/\/agora.xtec.cat\/insmontsia\/wp-content\/uploads\/usu12\/2023\/04\/WikiProject_Council_project_list_icon-e1682682233544.png\" alt=\"\" width=\"20\" height=\"18\" \/> <img loading=\"lazy\" decoding=\"async\" class=\"alignnone wp-image-11038 size-full\" src=\"https:\/\/agora.xtec.cat\/insmontsia\/wp-content\/uploads\/usu12\/2023\/04\/Messagebox_info.svg_-1-e1681473246293.png\" alt=\"\" width=\"15\" height=\"15\" \/><\/td>\n<td style=\"width: 25.1251%; background-color: #ff9d00; vertical-align: middle; height: 59px;\">29 de juny de 2026<\/td>\n<td style=\"width: 40.4404%; background-color: #ff9d00; vertical-align: middle; height: 59px;\"><a href=\"https:\/\/agora.xtec.cat\/insmontsia\/wp-content\/uploads\/usu12\/2023\/04\/120px-Dialog-warning-yellow.svg_-e1681472182827.png\"><img loading=\"lazy\" decoding=\"async\" class=\"size-full wp-image-11036 alignleft\" src=\"https:\/\/agora.xtec.cat\/insmontsia\/wp-content\/uploads\/usu12\/2023\/04\/120px-Dialog-warning-yellow.svg_-e1681472182827.png\" alt=\"\" width=\"30\" height=\"29\" \/><\/a>\u00c9s molt important consultar aquesta llista per tal d&#8217;assegurar-se que s&#8217;ha tramitat correctament la nostra sol\u00b7licitud i no hi ha cap errada en la puntuaci\u00f3.<\/td>\n<\/tr>\n<tr style=\"height: 32px;\">\n<td style=\"width: 34.4344%; background-color: #fcf36d; vertical-align: middle; height: 32px;\">Presentaci\u00f3 de reclamacions a les puntuacions provisionals<\/td>\n<td style=\"width: 25.1251%; background-color: #fcf36d; vertical-align: middle; height: 32px;\">Del 29 de juny al 2 de juliol<\/td>\n<td style=\"width: 40.4404%; background-color: #fcf36d; vertical-align: middle; height: 32px;\">\u00c9s molt important fer les reclamacions dins aquest per\u00edode. Eina electr\u00f2nica per adjuntar les reclamacions.<\/td>\n<\/tr>\n<tr style=\"height: 32px;\">\n<td style=\"width: 34.4344%; background-color: #fcf36d; vertical-align: middle; height: 32px;\">Sorteig desempat<\/td>\n<td style=\"width: 25.1251%; background-color: #fcf36d; vertical-align: middle; height: 32px;\">6 de juliol de 2026 a les 11:00 hores<\/td>\n<td style=\"width: 40.4404%; background-color: #fcf36d; vertical-align: middle; height: 32px;\">Als serveis centrals de Departament d&#8217;Educaci\u00f3 i Formaci\u00f3 Professional.<\/td>\n<\/tr>\n<tr style=\"height: 37px;\">\n<td style=\"width: 34.4344%; background-color: #fcf36d; vertical-align: middle; height: 37px;\">Publicaci\u00f3 de la llista amb puntuaci\u00f3 definitiva (Llista) <img loading=\"lazy\" decoding=\"async\" class=\"alignnone wp-image-11187 size-full\" src=\"https:\/\/agora.xtec.cat\/insmontsia\/wp-content\/uploads\/usu12\/2023\/04\/WikiProject_Council_project_list_icon-e1682682233544.png\" alt=\"\" width=\"20\" height=\"18\" \/> <img loading=\"lazy\" decoding=\"async\" class=\"alignnone wp-image-11038 size-full\" src=\"https:\/\/agora.xtec.cat\/insmontsia\/wp-content\/uploads\/usu12\/2023\/04\/Messagebox_info.svg_-1-e1681473246293.png\" alt=\"\" width=\"15\" height=\"15\" \/><\/td>\n<td style=\"width: 25.1251%; background-color: #fcf36d; vertical-align: middle; height: 37px;\">7 de juliol de 2026<\/td>\n<td style=\"width: 40.4404%; background-color: #fcf36d; vertical-align: middle; height: 37px;\"><\/td>\n<\/tr>\n<tr style=\"height: 37px;\">\n<td style=\"width: 34.4344%; background-color: #fcf36d; vertical-align: middle; height: 37px;\">Publicaci\u00f3 de l&#8217;oferta final de places (Llista) <img loading=\"lazy\" decoding=\"async\" class=\"alignnone wp-image-11187 size-full\" src=\"https:\/\/agora.xtec.cat\/insmontsia\/wp-content\/uploads\/usu12\/2023\/04\/WikiProject_Council_project_list_icon-e1682682233544.png\" alt=\"\" width=\"20\" height=\"18\" \/> <img loading=\"lazy\" decoding=\"async\" class=\"alignnone wp-image-11038 size-full\" src=\"https:\/\/agora.xtec.cat\/insmontsia\/wp-content\/uploads\/usu12\/2023\/04\/Messagebox_info.svg_-1-e1681473246293.png\" alt=\"\" width=\"15\" height=\"15\" \/><\/td>\n<td style=\"width: 25.1251%; background-color: #fcf36d; vertical-align: middle; height: 37px;\">10 de juliol de 2026<\/td>\n<td style=\"width: 40.4404%; background-color: #fcf36d; vertical-align: middle; height: 37px;\"><\/td>\n<\/tr>\n<tr style=\"height: 32px;\">\n<td style=\"width: 34.4344%; vertical-align: middle; height: 32px; background-color: #00ff33;\">Publicaci\u00f3 de la llista d&#8217;assignacions 1\u00aa tanda (Llista) <img loading=\"lazy\" decoding=\"async\" class=\"alignnone wp-image-11187 size-full\" src=\"https:\/\/agora.xtec.cat\/insmontsia\/wp-content\/uploads\/usu12\/2023\/04\/WikiProject_Council_project_list_icon-e1682682233544.png\" alt=\"\" width=\"20\" height=\"18\" \/> <img loading=\"lazy\" decoding=\"async\" class=\"alignnone wp-image-11038 size-full\" src=\"https:\/\/agora.xtec.cat\/insmontsia\/wp-content\/uploads\/usu12\/2023\/04\/Messagebox_info.svg_-1-e1681473246293.png\" alt=\"\" width=\"15\" height=\"15\" \/><\/p>\n<p><strong>Data i hora per fer formalitzar la matr\u00edcula al centre<\/strong><\/td>\n<td style=\"width: 25.1251%; vertical-align: middle; height: 32px; background-color: #00ff33;\">10 de juliol de 2026<\/td>\n<td style=\"width: 40.4404%; background-color: #ff8400; height: 32px; vertical-align: middle;\"><strong><a href=\"https:\/\/agora.xtec.cat\/insmontsia\/wp-content\/uploads\/usu12\/2023\/04\/120px-Dialog-warning-yellow.svg_-e1681472182827.png\"><img loading=\"lazy\" decoding=\"async\" class=\"size-full wp-image-11036 alignleft\" src=\"https:\/\/agora.xtec.cat\/insmontsia\/wp-content\/uploads\/usu12\/2023\/04\/120px-Dialog-warning-yellow.svg_-e1681472182827.png\" alt=\"\" width=\"30\" height=\"29\" \/><\/a>ATENCI\u00d3!!<\/strong> teniu nom\u00e9s del 10 al 14 de juliol, ambd\u00f3s inclosos, per fer la <strong>confirmaci\u00f3 online<\/strong> conforme accepteu matricular-vos.<\/p>\n<p>Es pot presentar la documentaci\u00f3 al centre assignat fins al 16 de juliol a les 14 hores.<\/p>\n<p><a href=\"https:\/\/agora.xtec.cat\/insmontsia\/wp-content\/uploads\/usu12\/2023\/04\/1328101911_Symbol-Check-e1681472830948.png\"><img loading=\"lazy\" decoding=\"async\" class=\"alignnone size-full wp-image-11037\" src=\"https:\/\/agora.xtec.cat\/insmontsia\/wp-content\/uploads\/usu12\/2023\/04\/1328101911_Symbol-Check-e1681472830948.png\" alt=\"\" width=\"30\" height=\"30\" \/><\/a> <a href=\"https:\/\/agora.xtec.cat\/insmontsia\/secretaria\/preinscripcio-i-matricula\/documentacio-que-cal-aportar-al-moment-de-matricular-se\/\" target=\"_blank\" rel=\"noopener\">Veure documentaci\u00f3 que cal aportar<\/a><\/td>\n<\/tr>\n<tr style=\"height: 78px;\">\n<td style=\"width: 34.4344%; background-color: #fcf36d; vertical-align: middle; height: 78px;\">Per\u00edode per interposar reclamacions a les llistes d&#8217;alumnes amb pla\u00e7a assignada en 1\u00aa assignaci\u00f3 davant la comissio de garanties d&#8217;admissi\u00f3<\/td>\n<td style=\"width: 25.1251%; background-color: #fcf36d; vertical-align: middle; height: 78px;\">Del 13 al 15 de juliols de 2026, ambd\u00f3s inclosos<\/td>\n<td style=\"width: 40.4404%; background-color: #fcf36d; vertical-align: middle; height: 78px;\"><strong>\u00a0<\/strong><\/td>\n<\/tr>\n<tr style=\"height: 80px;\">\n<td style=\"width: 34.4344%; vertical-align: middle; height: 80px; background-color: #00ff33;\">Llista d&#8217;assignacions a alumnat preinscrit al centre en 2\u00aa tanda (Llista) <img loading=\"lazy\" decoding=\"async\" class=\"alignnone wp-image-11187 size-full\" src=\"https:\/\/agora.xtec.cat\/insmontsia\/wp-content\/uploads\/usu12\/2023\/04\/WikiProject_Council_project_list_icon-e1682682233544.png\" alt=\"\" width=\"20\" height=\"18\" \/> <img loading=\"lazy\" decoding=\"async\" class=\"alignnone wp-image-11038 size-full\" src=\"https:\/\/agora.xtec.cat\/insmontsia\/wp-content\/uploads\/usu12\/2023\/04\/Messagebox_info.svg_-1-e1681473246293.png\" alt=\"\" width=\"15\" height=\"15\" \/><\/p>\n<p>Llista d&#8217;assignacions al centre en 2\u00aa tanda (Llista) <img loading=\"lazy\" decoding=\"async\" class=\"alignnone wp-image-11187 size-full\" src=\"https:\/\/agora.xtec.cat\/insmontsia\/wp-content\/uploads\/usu12\/2023\/04\/WikiProject_Council_project_list_icon-e1682682233544.png\" alt=\"\" width=\"20\" height=\"18\" \/> <img loading=\"lazy\" decoding=\"async\" class=\"alignnone wp-image-11038 size-full\" src=\"https:\/\/agora.xtec.cat\/insmontsia\/wp-content\/uploads\/usu12\/2023\/04\/Messagebox_info.svg_-1-e1681473246293.png\" alt=\"\" width=\"15\" height=\"15\" \/><\/td>\n<td style=\"width: 25.1251%; vertical-align: middle; height: 80px; background-color: #00ff33;\">24 de juliol de 2026<\/td>\n<td style=\"width: 40.4404%; background-color: #ff8400; vertical-align: middle; height: 80px;\"><strong><a href=\"https:\/\/agora.xtec.cat\/insmontsia\/wp-content\/uploads\/usu12\/2023\/04\/120px-Dialog-warning-yellow.svg_-e1681472182827.png\"><img loading=\"lazy\" decoding=\"async\" class=\"size-full wp-image-11036 alignleft\" src=\"https:\/\/agora.xtec.cat\/insmontsia\/wp-content\/uploads\/usu12\/2023\/04\/120px-Dialog-warning-yellow.svg_-e1681472182827.png\" alt=\"\" width=\"30\" height=\"29\" \/><\/a>ATENCI\u00d3!!<\/strong> teniu nom\u00e9s del 24 al 28 de juliol per fer la <strong>confirmaci\u00f3 online<\/strong> conforme accepteu matricular-vos.<\/p>\n<p>Es pot presentar la documentaci\u00f3 al centre assignat fins al 29 de juliol a les 14 hores i excepcionalment entre l&#8217;1 i el 3 de setembre.<\/p>\n<p><a href=\"https:\/\/agora.xtec.cat\/insmontsia\/wp-content\/uploads\/usu12\/2023\/04\/1328101911_Symbol-Check-e1681472830948.png\"><img loading=\"lazy\" decoding=\"async\" class=\"alignnone size-full wp-image-11037\" src=\"https:\/\/agora.xtec.cat\/insmontsia\/wp-content\/uploads\/usu12\/2023\/04\/1328101911_Symbol-Check-e1681472830948.png\" alt=\"\" width=\"30\" height=\"30\" \/><\/a> <a href=\"https:\/\/agora.xtec.cat\/insmontsia\/secretaria\/preinscripcio-i-matricula\/documentacio-que-cal-aportar-al-moment-de-matricular-se\/\" target=\"_blank\" rel=\"noopener\">Veure documentaci\u00f3 que cal aportar<\/a><\/td>\n<\/tr>\n<tr style=\"height: 77px;\">\n<td style=\"width: 34.4344%; background-color: #fcf36d; vertical-align: middle; height: 77px;\">Per\u00edode per interposar reclamacions a les llistes d&#8217;alumnes amb pla\u00e7a assignada en 2\u00aa assignaci\u00f3 davant la comissio de garanties d&#8217;admissi\u00f3<\/td>\n<td style=\"width: 25.1251%; background-color: #fcf36d; vertical-align: middle; height: 77px;\">Del 27 al 29 de juliol de 2026, ambd\u00f3s inclosos<\/td>\n<td style=\"width: 40.4404%; background-color: #fcf36d; vertical-align: middle; height: 77px;\"><strong>\u00a0<\/strong><\/td>\n<\/tr>\n<tr style=\"height: 79px;\">\n<td style=\"width: 34.4344%; background-color: #fcf36d; vertical-align: middle; height: 79px;\">Per\u00edode per interposar recurs d&#8217;al\u00e7ada a les llistes d&#8217;alumnes amb pla\u00e7a assignada<\/td>\n<td style=\"width: 25.1251%; background-color: #fcf36d; vertical-align: middle; height: 79px;\">1 mes davant els serveis territorials d&#8217;educaci\u00f3 corresponents<\/td>\n<td style=\"width: 40.4404%; background-color: #fcf36d; vertical-align: middle; height: 79px;\"><strong>\u00a0<\/strong><\/td>\n<\/tr>\n<tr style=\"height: 59px;\">\n<td style=\"width: 99.9999%; background-color: #fcf803; text-align: justify; vertical-align: middle; height: 59px;\" colspan=\"3\"><strong><a href=\"https:\/\/agora.xtec.cat\/insmontsia\/wp-content\/uploads\/usu12\/2023\/04\/120px-Dialog-warning-yellow.svg_-e1681472182827.png\"><img loading=\"lazy\" decoding=\"async\" class=\"size-full wp-image-11036 alignleft\" src=\"https:\/\/agora.xtec.cat\/insmontsia\/wp-content\/uploads\/usu12\/2023\/04\/120px-Dialog-warning-yellow.svg_-e1681472182827.png\" alt=\"\" width=\"30\" height=\"29\" \/><\/a><span style=\"color: #993300;\">ATENCI\u00d3 RECLAMACIONS:<\/span><\/strong><span style=\"color: #993300;\"> cal fer-les oficialment davant la<strong> Comissi\u00f3 de Garanties d\u2019Admissi\u00f3<\/strong> sempre dins els per\u00edodes establerts.<\/span><\/td>\n<\/tr>\n<\/tbody>\n<\/table>\n<p>Els\u00a0cicles formatius de grau mitj\u00e0\u00a0proporcionen la formaci\u00f3 necess\u00e0ria per adquirir la compet\u00e8ncia professional i el coneixement propis de cada sector.<\/p>\n","protected":false},"excerpt":{"rendered":"<p>INFORMACI\u00d3 GENERAL<br \/>\nTota la informaci\u00f3 detallada del Departament d&#8217;Educaci\u00f3 la trobar\u00e0s <a href=\"https:\/\/preinscripcio.gencat.cat\/ca\/estudis\/fp-grau-mitja\/informat\/calendari\/\" target=\"_blank\" rel=\"noopener\">en el seg\u00fcent enlla\u00e7<\/a>.<br \/>\nDocument amb l&#8217;oferta de Cicles Mitjans a l&#8217;Institut Montsi\u00e0 (pendent).<br \/>\nCalendari per a tot l&#8217;alumnat<\/p>\n<p>Difusi\u00f3 de l&#8217;oferta (Document)<br \/>\n22 de maig de 2026<\/p>\n<p>Presentaci\u00f3 de sol\u00b7licituds<br \/>\ndel 26 de maig al&hellip;  <a href=\"https:\/\/agora.xtec.cat\/insmontsia\/secretaria\/preinscripcio-i-matricula\/preinscripcio-cicles-formatius-de-grau-mitja\/\" title=\"Read Preinscripci\u00f3 Cicles Formatius de Grau Mitj\u00e0 per al curs 2026-27\">Llegeix m\u00e9s\u00bb<\/a><\/p>\n","protected":false},"author":30,"featured_media":0,"parent":471,"menu_order":0,"comment_status":"closed","ping_status":"closed","template":"","meta":{"_bbp_topic_count":0,"_bbp_reply_count":0,"_bbp_total_topic_count":0,"_bbp_total_reply_count":0,"_bbp_voice_count":0,"_bbp_anonymous_reply_count":0,"_bbp_topic_count_hidden":0,"_bbp_reply_count_hidden":0,"_bbp_forum_subforum_count":0,"footnotes":""},"class_list":["post-10759","page","type-page","status-publish","hentry"],"post_mailing_queue_ids":[],"_links":{"self":[{"href":"https:\/\/agora.xtec.cat\/insmontsia\/wp-json\/wp\/v2\/pages\/10759","targetHints":{"allow":["GET"]}}],"collection":[{"href":"https:\/\/agora.xtec.cat\/insmontsia\/wp-json\/wp\/v2\/pages"}],"about":[{"href":"https:\/\/agora.xtec.cat\/insmontsia\/wp-json\/wp\/v2\/types\/page"}],"author":[{"embeddable":true,"href":"https:\/\/agora.xtec.cat\/insmontsia\/wp-json\/wp\/v2\/users\/30"}],"replies":[{"embeddable":true,"href":"https:\/\/agora.xtec.cat\/insmontsia\/wp-json\/wp\/v2\/comments?post=10759"}],"version-history":[{"count":6,"href":"https:\/\/agora.xtec.cat\/insmontsia\/wp-json\/wp\/v2\/pages\/10759\/revisions"}],"predecessor-version":[{"id":17608,"href":"https:\/\/agora.xtec.cat\/insmontsia\/wp-json\/wp\/v2\/pages\/10759\/revisions\/17608"}],"up":[{"embeddable":true,"href":"https:\/\/agora.xtec.cat\/insmontsia\/wp-json\/wp\/v2\/pages\/471"}],"wp:attachment":[{"href":"https:\/\/agora.xtec.cat\/insmontsia\/wp-json\/wp\/v2\/media?parent=10759"}],"curies":[{"name":"wp","href":"https:\/\/api.w.org\/{rel}","templated":true}]}}