{"id":1024,"date":"2017-06-14T10:46:51","date_gmt":"2017-06-14T08:46:51","guid":{"rendered":"http:\/\/agora.xtec.cat\/insmontsia\/?page_id=1024"},"modified":"2017-06-23T10:58:01","modified_gmt":"2017-06-23T08:58:01","slug":"canvi-de-contrasenya-del-compte-dusuari","status":"publish","type":"page","link":"https:\/\/agora.xtec.cat\/insmontsia\/alumnat\/canvi-de-contrasenya-del-compte-dusuari\/","title":{"rendered":"Canvi de contrasenya del compte d&#8217;usuari"},"content":{"rendered":"<p>Per realitzar el canvi de contrasenya del compte d&#8217;usuari de qualsevol alumne o alumna caldr\u00e0 gestionar-ho a trav\u00e9s de la seg\u00fcent\u00a0web:<\/p>\n<ul style=\"list-style-type: disc;\">\n<li>Si s&#8217;accedeix des de dins del centre:\u00a0<a href=\"http:\/\/gosa.iesmontsia.org\">http:\/\/gosa.iesmontsia.org<\/a><\/li>\n<li>Si s&#8217;accedeix des de fora del centre:\u00a0<a href=\"http:\/\/gosa.iesmontsia.org:83\">http:\/\/gosa.iesmontsia.org:83<\/a><\/li>\n<\/ul>\n<p>Aquest proc\u00e9s \u00e9s per canviar la contrasenya actual del compte d&#8217;usuari, no es pot recuperar la contrasenya des d&#8217;aquesta web. Si l&#8217;alumne o l&#8217;alumna no recorda la contrasenya o no deixa accedir a qualsevol dels serveis inform\u00e0tics del centre caldr\u00e0 gestionar-ho a trav\u00e9s del seu tutor o la seva tutora.<\/p>\n<p>&nbsp;<\/p>\n","protected":false},"excerpt":{"rendered":"<p>Per realitzar el canvi de contrasenya del compte d&#8217;usuari de qualsevol alumne o alumna caldr\u00e0 gestionar-ho a trav\u00e9s de la seg\u00fcent\u00a0web:<\/p>\n<ul style=\"list-style-type: disc;\">\n<li>Si s&#8217;accedeix des de dins del centre:\u00a0<a href=\"http:\/\/gosa.iesmontsia.org\">http:\/\/gosa.iesmontsia.org<\/a><\/li>\n<li>Si s&#8217;accedeix des de fora del centre:\u00a0<a href=\"http:\/\/gosa.iesmontsia.org:83\">http:\/\/gosa.iesmontsia.org:83<\/a><\/li>\n<\/ul>\n<p>Aquest proc\u00e9s \u00e9s per canviar la contrasenya actual del&hellip;  <a href=\"https:\/\/agora.xtec.cat\/insmontsia\/alumnat\/canvi-de-contrasenya-del-compte-dusuari\/\" title=\"Read Canvi de contrasenya del compte d&#8217;usuari\">Llegeix m\u00e9s\u00bb<\/a><\/p>\n","protected":false},"author":1,"featured_media":0,"parent":1017,"menu_order":0,"comment_status":"closed","ping_status":"closed","template":"","meta":{"_bbp_topic_count":0,"_bbp_reply_count":0,"_bbp_total_topic_count":0,"_bbp_total_reply_count":0,"_bbp_voice_count":0,"_bbp_anonymous_reply_count":0,"_bbp_topic_count_hidden":0,"_bbp_reply_count_hidden":0,"_bbp_forum_subforum_count":0,"footnotes":""},"class_list":["post-1024","page","type-page","status-publish","hentry"],"post_mailing_queue_ids":[],"_links":{"self":[{"href":"https:\/\/agora.xtec.cat\/insmontsia\/wp-json\/wp\/v2\/pages\/1024","targetHints":{"allow":["GET"]}}],"collection":[{"href":"https:\/\/agora.xtec.cat\/insmontsia\/wp-json\/wp\/v2\/pages"}],"about":[{"href":"https:\/\/agora.xtec.cat\/insmontsia\/wp-json\/wp\/v2\/types\/page"}],"author":[{"embeddable":true,"href":"https:\/\/agora.xtec.cat\/insmontsia\/wp-json\/wp\/v2\/users\/1"}],"replies":[{"embeddable":true,"href":"https:\/\/agora.xtec.cat\/insmontsia\/wp-json\/wp\/v2\/comments?post=1024"}],"version-history":[{"count":3,"href":"https:\/\/agora.xtec.cat\/insmontsia\/wp-json\/wp\/v2\/pages\/1024\/revisions"}],"predecessor-version":[{"id":1090,"href":"https:\/\/agora.xtec.cat\/insmontsia\/wp-json\/wp\/v2\/pages\/1024\/revisions\/1090"}],"up":[{"embeddable":true,"href":"https:\/\/agora.xtec.cat\/insmontsia\/wp-json\/wp\/v2\/pages\/1017"}],"wp:attachment":[{"href":"https:\/\/agora.xtec.cat\/insmontsia\/wp-json\/wp\/v2\/media?parent=1024"}],"curies":[{"name":"wp","href":"https:\/\/api.w.org\/{rel}","templated":true}]}}