{"id":8996,"date":"2025-10-07T12:47:44","date_gmt":"2025-10-07T10:47:44","guid":{"rendered":"https:\/\/agora.xtec.cat\/insmontpedros\/?page_id=8996"},"modified":"2025-10-08T11:35:40","modified_gmt":"2025-10-08T09:35:40","slug":"programa-salut-i-escola","status":"publish","type":"page","link":"https:\/\/agora.xtec.cat\/insmontpedros\/programa-salut-i-escola\/","title":{"rendered":"Programa Salut i Escola"},"content":{"rendered":"\n<p>La Consulta Oberta \u00e9s un&nbsp;espai d\u2019atenci\u00f3 directa i de consulta adre\u00e7at als nostres alumnes,&nbsp;que s\u2019ofereix dins del centre educatiu amb un\/a professional d\u2019infermeria del&nbsp;<a href=\"https:\/\/salutpublica.gencat.cat\/ca\/ambits\/promocio\/salut-escola\/\" target=\"_blank\" rel=\"noreferrer noopener\">Programa Salut i Escola (PSiE)<\/a>&nbsp;que es despla\u00e7a des del centre&nbsp;d\u2019atenci\u00f3&nbsp;prim\u00e0ria de salut.<\/p>\n\n\n\n<p>La funci\u00f3 d\u2019aquest\/a professional d\u2019infermeria \u00e9s resoldre dubtes de salut, detectar problemes de salut: psicol\u00f2gics o socials, sense entrar en diagn\u00f2stics ni tractaments, realitzar escolta activa, detectar senyals d\u2019alarma, facilitar eines als adolescents per identificar els problemes i acompanyar-los, o derivar-los en l\u2019orientaci\u00f3 cap a l\u2019atenci\u00f3 dins del Sistema Sanitari.<\/p>\n\n\n\n<p>Els alumnes hi poden accedir de manera espont\u00e0nia o derivats pel professor o tutor, amb garanties de privacitat i confidencialitat.<\/p>\n\n\n\n<p>Podeu consultar les\u00a0visites programades per al curs 2025-2026 al seg\u00fcent calendari:<\/p>\n\n\n\n<p><a href=\"https:\/\/agora.xtec.cat\/insmontpedros\/wp-content\/uploads\/usu1784\/2025\/10\/Calendari-Salut-i-Escola.pdf\" data-type=\"link\" data-id=\"https:\/\/agora.xtec.cat\/insmontpedros\/wp-content\/uploads\/usu1784\/2025\/10\/Calendari-Salut-i-Escola.pdf\">Calendari Consulta Oberta 25-26<\/a><\/p>\n","protected":false},"excerpt":{"rendered":"<p>La Consulta Oberta \u00e9s un&nbsp;espai d\u2019atenci\u00f3 directa i de consulta adre\u00e7at als nostres alumnes,&nbsp;que s\u2019ofereix dins del centre educatiu amb un\/a professional d\u2019infermeria del&nbsp;Programa Salut i Escola (PSiE)&nbsp;que es despla\u00e7a des del centre&nbsp;d\u2019atenci\u00f3&nbsp;prim\u00e0ria de salut. La funci\u00f3 d\u2019aquest\/a professional d\u2019infermeria \u00e9s resoldre dubtes de salut, detectar problemes de salut: psicol\u00f2gics o socials, sense entrar en [&hellip;]<\/p>\n","protected":false},"author":1,"featured_media":0,"parent":0,"menu_order":0,"comment_status":"closed","ping_status":"close","template":"","meta":{"_bbp_topic_count":0,"_bbp_reply_count":0,"_bbp_total_topic_count":0,"_bbp_total_reply_count":0,"_bbp_voice_count":0,"_bbp_anonymous_reply_count":0,"_bbp_topic_count_hidden":0,"_bbp_reply_count_hidden":0,"_bbp_forum_subforum_count":0,"site-sidebar-layout":"default","site-content-layout":"","ast-site-content-layout":"default","site-content-style":"default","site-sidebar-style":"default","ast-global-header-display":"","ast-banner-title-visibility":"","ast-main-header-display":"","ast-hfb-above-header-display":"","ast-hfb-below-header-display":"","ast-hfb-mobile-header-display":"","site-post-title":"","ast-breadcrumbs-content":"","ast-featured-img":"","footer-sml-layout":"","theme-transparent-header-meta":"","adv-header-id-meta":"","stick-header-meta":"","header-above-stick-meta":"","header-main-stick-meta":"","header-below-stick-meta":"","astra-migrate-meta-layouts":"set","ast-page-background-enabled":"default","ast-page-background-meta":{"desktop":{"background-color":"var(--ast-global-color-4)","background-image":"","background-repeat":"repeat","background-position":"center center","background-size":"auto","background-attachment":"scroll","background-type":"","background-media":"","overlay-type":"","overlay-color":"","overlay-opacity":"","overlay-gradient":""},"tablet":{"background-color":"","background-image":"","background-repeat":"repeat","background-position":"center center","background-size":"auto","background-attachment":"scroll","background-type":"","background-media":"","overlay-type":"","overlay-color":"","overlay-opacity":"","overlay-gradient":""},"mobile":{"background-color":"","background-image":"","background-repeat":"repeat","background-position":"center center","background-size":"auto","background-attachment":"scroll","background-type":"","background-media":"","overlay-type":"","overlay-color":"","overlay-opacity":"","overlay-gradient":""}},"ast-content-background-meta":{"desktop":{"background-color":"var(--ast-global-color-5)","background-image":"","background-repeat":"repeat","background-position":"center center","background-size":"auto","background-attachment":"scroll","background-type":"","background-media":"","overlay-type":"","overlay-color":"","overlay-opacity":"","overlay-gradient":""},"tablet":{"background-color":"var(--ast-global-color-5)","background-image":"","background-repeat":"repeat","background-position":"center center","background-size":"auto","background-attachment":"scroll","background-type":"","background-media":"","overlay-type":"","overlay-color":"","overlay-opacity":"","overlay-gradient":""},"mobile":{"background-color":"var(--ast-global-color-5)","background-image":"","background-repeat":"repeat","background-position":"center center","background-size":"auto","background-attachment":"scroll","background-type":"","background-media":"","overlay-type":"","overlay-color":"","overlay-opacity":"","overlay-gradient":""}},"footnotes":""},"class_list":["post-8996","page","type-page","status-publish","hentry"],"post_mailing_queue_ids":[],"_links":{"self":[{"href":"https:\/\/agora.xtec.cat\/insmontpedros\/wp-json\/wp\/v2\/pages\/8996","targetHints":{"allow":["GET"]}}],"collection":[{"href":"https:\/\/agora.xtec.cat\/insmontpedros\/wp-json\/wp\/v2\/pages"}],"about":[{"href":"https:\/\/agora.xtec.cat\/insmontpedros\/wp-json\/wp\/v2\/types\/page"}],"author":[{"embeddable":true,"href":"https:\/\/agora.xtec.cat\/insmontpedros\/wp-json\/wp\/v2\/users\/1"}],"replies":[{"embeddable":true,"href":"https:\/\/agora.xtec.cat\/insmontpedros\/wp-json\/wp\/v2\/comments?post=8996"}],"version-history":[{"count":2,"href":"https:\/\/agora.xtec.cat\/insmontpedros\/wp-json\/wp\/v2\/pages\/8996\/revisions"}],"predecessor-version":[{"id":9001,"href":"https:\/\/agora.xtec.cat\/insmontpedros\/wp-json\/wp\/v2\/pages\/8996\/revisions\/9001"}],"wp:attachment":[{"href":"https:\/\/agora.xtec.cat\/insmontpedros\/wp-json\/wp\/v2\/media?parent=8996"}],"curies":[{"name":"wp","href":"https:\/\/api.w.org\/{rel}","templated":true}]}}