{"id":81,"date":"2018-02-22T12:08:05","date_gmt":"2018-02-22T11:08:05","guid":{"rendered":"http:\/\/agora.xtec.cat\/insmontpedros\/?page_id=81"},"modified":"2026-03-03T13:16:41","modified_gmt":"2026-03-03T12:16:41","slug":"secretaria","status":"publish","type":"page","link":"https:\/\/agora.xtec.cat\/insmontpedros\/secretaria\/","title":{"rendered":"Secretaria"},"content":{"rendered":"<ul>\n<li><a href=\"https:\/\/agora.xtec.cat\/insmontpedros\/documents-administratius-i-de-gestio\/\">Documents de Secretaria<\/a><\/li>\n<li><a href=\"https:\/\/agora.xtec.cat\/insmontpedros\/wp-content\/uploads\/usu1784\/2024\/03\/Convocatoria-beques-estudis-postobligatoris.pdf\" target=\"_blank\" rel=\"noopener\">Convocat\u00f2ria beques estudis postobligatoris<\/a><\/li>\n<li><a href=\"https:\/\/agora.xtec.cat\/insmontpedros\/secretaria\/preinscripcio-eso\/\">Preinscripci\u00f3 i Matr\u00edcula de l&#8217;ESO 26-27<\/a><\/li>\n<li><a href=\"https:\/\/agora.xtec.cat\/insmontpedros\/secretaria\/preinscripcio-batxillerat\/\">Preinscripci\u00f3 i Matr\u00edcula de Batxillerat 25-26<\/a><\/li>\n<\/ul>\n<header class=\"entry-header \">\n<h1 class=\"entry-title\">\u00a0<\/h1>\n<\/header>\n<div class=\"entry-content clear\" data-ast-blocks-layout=\"true\"><hr class=\"wp-block-separator has-alpha-channel-opacity\" \/>\n<h2 class=\"wp-block-heading\">PREINSCRIPCI\u00d3 I MATR\u00cdCULA DE L\u2019ESO 26-27<\/h2>\n<\/div>\n<div class=\"entry-content clear\" data-ast-blocks-layout=\"true\">\n<ul style=\"font-weight: 400;\">\n<li>Reunions informatives :\u00a0<strong>dimecres 25 de febrer<\/strong><\/li>\n<li><a href=\"https:\/\/agora.xtec.cat\/insmontpedros\/wp-content\/uploads\/usu1784\/2026\/03\/OFERTA-INICIAL-PREINSCRIPCIO.pdf\">Oferta inicial<\/a>\u00a0:\u00a0<strong>3 de mar\u00e7 de 2026<\/strong><\/li>\n<li>Calendari de Preinscripci\u00f3\u00a0<a href=\"https:\/\/preinscripcio.gencat.cat\/ca\/inici\/index.html\" data-saferedirecturl=\"https:\/\/www.google.com\/url?q=https:\/\/preinscripcio.gencat.cat\/ca\/inici\/index.html&amp;source=gmail&amp;ust=1771499261432000&amp;usg=AOvVaw0FP9hZnz5UFHn9Dg1qQEia\">https:\/\/preinscripcio.gencat.cat\/ca\/inici\/index.html<\/a><\/li>\n<li>Preinscripci\u00f3 telem\u00e0tica : <strong>6 al 18 de mar\u00e7 de 2026<\/strong><\/li>\n<li><a href=\"https:\/\/agora.xtec.cat\/insmontpedros\/wp-content\/uploads\/usu1784\/2026\/03\/Jornada-Portes-obertes-ESO-26-27-1.pdf\">Presentaci\u00f3 Jornada de Portes Obertes d\u2019ESO 26-27<\/a><\/li>\n<li>Barem provisional: <strong>15 d\u2019abril<\/strong><\/li>\n<li>Reclamacions barem provisional : <strong>15 al 20 d\u2019abril de 2026<\/strong><\/li>\n<li>Barem amb puntuaci\u00f3\u00a0resoltes les reclamacions:\u00a0<strong>23 d\u2019abril de 2026<\/strong><\/li>\n<li>Publicaci\u00f3 llistat d\u2019admesos:\u00a0<strong>10 de juny de 2026<\/strong><\/li>\n<li><strong>Matr\u00edcula 26- 27:\u00a0del 22 al 30 de juny<\/strong><\/li>\n<\/ul>\n<\/div>\n<hr class=\"wp-block-separator has-alpha-channel-opacity\" \/>\n<h2 class=\"wp-block-heading\">PREINSCRIPCI\u00d3 I MATR\u00cdCULA DE BATXILLERAT 26-27 (PENDENT)<\/h2>\n<ul class=\"wp-block-list\">\n<li>Oferta inicial<\/li>\n<li>Calendari de Preinscripci\u00f3<\/li>\n<li>Preinscripci\u00f3 Telem\u00e0tica<\/li>\n<li><a href=\"https:\/\/agora.xtec.cat\/insmontpedros\/wp-content\/uploads\/usu1784\/2026\/03\/Jornada-Portes-obertes-ESO-26-27-1.pdf\">Presentaci\u00f3 Jornada de Portes Obertes d\u2019ESO 26-27<\/a><\/li>\n<li>Barem amb puntuaci\u00f3 provisional<\/li>\n<li>Barem amb puntuaci\u00f3 resoltes les reclamacions<\/li>\n<li>Instruccions matr\u00edcula Batxillerat 26-27<\/li>\n<li>Documents matr\u00edcula Batxillerat 26-27<\/li>\n<li>Llistat alumnes admesos 1r Batxillerat,\u00a0<\/li>\n<li>Llistat alumnes llista d\u2019espera 1r Batxillerat,\u00a0<\/li>\n<\/ul>\n\n\n<p><\/p>\n","protected":false},"excerpt":{"rendered":"<p>Documents de Secretaria Convocat\u00f2ria beques estudis postobligatoris Preinscripci\u00f3 i Matr\u00edcula de l&#8217;ESO 26-27 Preinscripci\u00f3 i Matr\u00edcula de Batxillerat 25-26 \u00a0 PREINSCRIPCI\u00d3 I MATR\u00cdCULA DE L\u2019ESO 26-27 Reunions informatives :\u00a0dimecres 25 de febrer Oferta inicial\u00a0:\u00a03 de mar\u00e7 de 2026 Calendari de Preinscripci\u00f3\u00a0https:\/\/preinscripcio.gencat.cat\/ca\/inici\/index.html Preinscripci\u00f3 telem\u00e0tica : 6 al 18 de mar\u00e7 de 2026 Presentaci\u00f3 Jornada de Portes [&hellip;]<\/p>\n","protected":false},"author":1,"featured_media":0,"parent":0,"menu_order":0,"comment_status":"closed","ping_status":"closed","template":"","meta":{"_bbp_topic_count":0,"_bbp_reply_count":0,"_bbp_total_topic_count":0,"_bbp_total_reply_count":0,"_bbp_voice_count":0,"_bbp_anonymous_reply_count":0,"_bbp_topic_count_hidden":0,"_bbp_reply_count_hidden":0,"_bbp_forum_subforum_count":0,"site-sidebar-layout":"default","site-content-layout":"","ast-site-content-layout":"default","site-content-style":"default","site-sidebar-style":"default","ast-global-header-display":"","ast-banner-title-visibility":"","ast-main-header-display":"","ast-hfb-above-header-display":"","ast-hfb-below-header-display":"","ast-hfb-mobile-header-display":"","site-post-title":"","ast-breadcrumbs-content":"","ast-featured-img":"","footer-sml-layout":"","theme-transparent-header-meta":"","adv-header-id-meta":"","stick-header-meta":"","header-above-stick-meta":"","header-main-stick-meta":"","header-below-stick-meta":"","astra-migrate-meta-layouts":"set","ast-page-background-enabled":"default","ast-page-background-meta":{"desktop":{"background-color":"var(--ast-global-color-4)","background-image":"","background-repeat":"repeat","background-position":"center center","background-size":"auto","background-attachment":"scroll","background-type":"","background-media":"","overlay-type":"","overlay-color":"","overlay-opacity":"","overlay-gradient":""},"tablet":{"background-color":"","background-image":"","background-repeat":"repeat","background-position":"center center","background-size":"auto","background-attachment":"scroll","background-type":"","background-media":"","overlay-type":"","overlay-color":"","overlay-opacity":"","overlay-gradient":""},"mobile":{"background-color":"","background-image":"","background-repeat":"repeat","background-position":"center center","background-size":"auto","background-attachment":"scroll","background-type":"","background-media":"","overlay-type":"","overlay-color":"","overlay-opacity":"","overlay-gradient":""}},"ast-content-background-meta":{"desktop":{"background-color":"var(--ast-global-color-5)","background-image":"","background-repeat":"repeat","background-position":"center center","background-size":"auto","background-attachment":"scroll","background-type":"","background-media":"","overlay-type":"","overlay-color":"","overlay-opacity":"","overlay-gradient":""},"tablet":{"background-color":"var(--ast-global-color-5)","background-image":"","background-repeat":"repeat","background-position":"center center","background-size":"auto","background-attachment":"scroll","background-type":"","background-media":"","overlay-type":"","overlay-color":"","overlay-opacity":"","overlay-gradient":""},"mobile":{"background-color":"var(--ast-global-color-5)","background-image":"","background-repeat":"repeat","background-position":"center center","background-size":"auto","background-attachment":"scroll","background-type":"","background-media":"","overlay-type":"","overlay-color":"","overlay-opacity":"","overlay-gradient":""}},"footnotes":""},"class_list":["post-81","page","type-page","status-publish","hentry"],"post_mailing_queue_ids":[],"_links":{"self":[{"href":"https:\/\/agora.xtec.cat\/insmontpedros\/wp-json\/wp\/v2\/pages\/81","targetHints":{"allow":["GET"]}}],"collection":[{"href":"https:\/\/agora.xtec.cat\/insmontpedros\/wp-json\/wp\/v2\/pages"}],"about":[{"href":"https:\/\/agora.xtec.cat\/insmontpedros\/wp-json\/wp\/v2\/types\/page"}],"author":[{"embeddable":true,"href":"https:\/\/agora.xtec.cat\/insmontpedros\/wp-json\/wp\/v2\/users\/1"}],"replies":[{"embeddable":true,"href":"https:\/\/agora.xtec.cat\/insmontpedros\/wp-json\/wp\/v2\/comments?post=81"}],"version-history":[{"count":6,"href":"https:\/\/agora.xtec.cat\/insmontpedros\/wp-json\/wp\/v2\/pages\/81\/revisions"}],"predecessor-version":[{"id":9392,"href":"https:\/\/agora.xtec.cat\/insmontpedros\/wp-json\/wp\/v2\/pages\/81\/revisions\/9392"}],"wp:attachment":[{"href":"https:\/\/agora.xtec.cat\/insmontpedros\/wp-json\/wp\/v2\/media?parent=81"}],"curies":[{"name":"wp","href":"https:\/\/api.w.org\/{rel}","templated":true}]}}