{"id":67,"date":"2018-02-22T12:00:18","date_gmt":"2018-02-22T11:00:18","guid":{"rendered":"http:\/\/agora.xtec.cat\/insmontpedros\/?page_id=67"},"modified":"2024-03-02T08:23:55","modified_gmt":"2024-03-02T07:23:55","slug":"mediacio","status":"publish","type":"page","link":"https:\/\/agora.xtec.cat\/insmontpedros\/serveis\/mediacio\/","title":{"rendered":"La conviv\u00e8ncia al centre"},"content":{"rendered":"<p style=\"text-align: justify;\">Des curs 22-23, el centre compta amb un servei de Mediaci\u00f3.\u00a0Cada any, un grup d&#8217;alumnes es formen trav\u00e9s de l&#8217;optativa de Mediaci\u00f3, a 2n d&#8217;ESO, i passen a formar part del grup de mediadors, per tla d&#8217;ajudar altres companys i compnayes a resoldre de forma dialogada i cnostructiva els conflictes que puguin sorgir al centre.<\/p>\n<p style=\"text-align: justify;\">Durant el curs 23-24, s&#8217;est\u00e0 duent a terme la reforma integral del Projecte de Mediaci\u00f3, que culminar\u00e0 amb la intenci\u00f3 de disposar d&#8217;un servei efica\u00e7 i \u00e0gil.<\/p>\n<p style=\"text-align: justify;\"><a href=\"https:\/\/agora.xtec.cat\/insmontpedros\/wp-content\/uploads\/usu1784\/2024\/03\/mediacio.jpg\"><img loading=\"lazy\" decoding=\"async\" class=\"aligncenter size-full wp-image-6742\" src=\"https:\/\/agora.xtec.cat\/insmontpedros\/wp-content\/uploads\/usu1784\/2024\/03\/mediacio.jpg\" alt=\"\" width=\"236\" height=\"214\" \/><\/a><\/p>\n<p style=\"text-align: justify;\">Per altra banda, durant el curs 23-24 el centre ha entrat a formar part del programa d&#8217;innovaci\u00f3 #aquiproubullying, per tal de dotar al professorat d&#8217;estrat\u00e8gies i eines de prevenci\u00f3 i resoluci\u00f3 dels conflictes, i per ajudar a canviar la mirada sobre com tractar la conviv\u00e8ncia a l&#8217;institut.<\/p>\n<p style=\"text-align: justify;\"><a href=\"https:\/\/agora.xtec.cat\/insmontpedros\/wp-content\/uploads\/usu1784\/2024\/03\/bullying.png\"><img loading=\"lazy\" decoding=\"async\" class=\"size-full wp-image-6743\" src=\"https:\/\/agora.xtec.cat\/insmontpedros\/wp-content\/uploads\/usu1784\/2024\/03\/bullying.png\" alt=\"\" width=\"475\" height=\"106\" \/><\/a><\/p>\n<p>&nbsp;<\/p>\n","protected":false},"excerpt":{"rendered":"<p>Des curs 22-23, el centre compta amb un servei de Mediaci\u00f3.\u00a0Cada any, un grup d&#8217;alumnes es formen trav\u00e9s de l&#8217;optativa de Mediaci\u00f3, a 2n d&#8217;ESO, i passen a formar part del grup de mediadors, per tla d&#8217;ajudar altres companys i compnayes a resoldre de forma dialogada i cnostructiva els conflictes que puguin sorgir al centre. [&hellip;]<\/p>\n","protected":false},"author":1,"featured_media":0,"parent":63,"menu_order":20,"comment_status":"closed","ping_status":"closed","template":"page-templates\/side-menu.php","meta":{"_bbp_topic_count":0,"_bbp_reply_count":0,"_bbp_total_topic_count":0,"_bbp_total_reply_count":0,"_bbp_voice_count":0,"_bbp_anonymous_reply_count":0,"_bbp_topic_count_hidden":0,"_bbp_reply_count_hidden":0,"_bbp_forum_subforum_count":0,"site-sidebar-layout":"default","site-content-layout":"","ast-site-content-layout":"","site-content-style":"default","site-sidebar-style":"default","ast-global-header-display":"","ast-banner-title-visibility":"","ast-main-header-display":"","ast-hfb-above-header-display":"","ast-hfb-below-header-display":"","ast-hfb-mobile-header-display":"","site-post-title":"","ast-breadcrumbs-content":"","ast-featured-img":"","footer-sml-layout":"","theme-transparent-header-meta":"","adv-header-id-meta":"","stick-header-meta":"","header-above-stick-meta":"","header-main-stick-meta":"","header-below-stick-meta":"","astra-migrate-meta-layouts":"default","ast-page-background-enabled":"default","ast-page-background-meta":{"desktop":{"background-color":"var(--ast-global-color-4)","background-image":"","background-repeat":"repeat","background-position":"center center","background-size":"auto","background-attachment":"scroll","background-type":"","background-media":"","overlay-type":"","overlay-color":"","overlay-opacity":"","overlay-gradient":""},"tablet":{"background-color":"","background-image":"","background-repeat":"repeat","background-position":"center center","background-size":"auto","background-attachment":"scroll","background-type":"","background-media":"","overlay-type":"","overlay-color":"","overlay-opacity":"","overlay-gradient":""},"mobile":{"background-color":"","background-image":"","background-repeat":"repeat","background-position":"center center","background-size":"auto","background-attachment":"scroll","background-type":"","background-media":"","overlay-type":"","overlay-color":"","overlay-opacity":"","overlay-gradient":""}},"ast-content-background-meta":{"desktop":{"background-color":"var(--ast-global-color-5)","background-image":"","background-repeat":"repeat","background-position":"center center","background-size":"auto","background-attachment":"scroll","background-type":"","background-media":"","overlay-type":"","overlay-color":"","overlay-opacity":"","overlay-gradient":""},"tablet":{"background-color":"var(--ast-global-color-5)","background-image":"","background-repeat":"repeat","background-position":"center center","background-size":"auto","background-attachment":"scroll","background-type":"","background-media":"","overlay-type":"","overlay-color":"","overlay-opacity":"","overlay-gradient":""},"mobile":{"background-color":"var(--ast-global-color-5)","background-image":"","background-repeat":"repeat","background-position":"center center","background-size":"auto","background-attachment":"scroll","background-type":"","background-media":"","overlay-type":"","overlay-color":"","overlay-opacity":"","overlay-gradient":""}},"footnotes":""},"class_list":["post-67","page","type-page","status-publish","hentry"],"post_mailing_queue_ids":[],"_links":{"self":[{"href":"https:\/\/agora.xtec.cat\/insmontpedros\/wp-json\/wp\/v2\/pages\/67","targetHints":{"allow":["GET"]}}],"collection":[{"href":"https:\/\/agora.xtec.cat\/insmontpedros\/wp-json\/wp\/v2\/pages"}],"about":[{"href":"https:\/\/agora.xtec.cat\/insmontpedros\/wp-json\/wp\/v2\/types\/page"}],"author":[{"embeddable":true,"href":"https:\/\/agora.xtec.cat\/insmontpedros\/wp-json\/wp\/v2\/users\/1"}],"replies":[{"embeddable":true,"href":"https:\/\/agora.xtec.cat\/insmontpedros\/wp-json\/wp\/v2\/comments?post=67"}],"version-history":[{"count":5,"href":"https:\/\/agora.xtec.cat\/insmontpedros\/wp-json\/wp\/v2\/pages\/67\/revisions"}],"predecessor-version":[{"id":639,"href":"https:\/\/agora.xtec.cat\/insmontpedros\/wp-json\/wp\/v2\/pages\/67\/revisions\/639"}],"up":[{"embeddable":true,"href":"https:\/\/agora.xtec.cat\/insmontpedros\/wp-json\/wp\/v2\/pages\/63"}],"wp:attachment":[{"href":"https:\/\/agora.xtec.cat\/insmontpedros\/wp-json\/wp\/v2\/media?parent=67"}],"curies":[{"name":"wp","href":"https:\/\/api.w.org\/{rel}","templated":true}]}}