{"id":6064,"date":"2023-05-08T13:15:43","date_gmt":"2023-05-08T11:15:43","guid":{"rendered":"https:\/\/agora.xtec.cat\/insmontpedros\/?page_id=6064"},"modified":"2023-05-09T08:03:12","modified_gmt":"2023-05-09T06:03:12","slug":"ieduca","status":"publish","type":"page","link":"https:\/\/agora.xtec.cat\/insmontpedros\/ieduca\/","title":{"rendered":"iEduca"},"content":{"rendered":"<p><a href=\"https:\/\/www.youtube.com\/watch?v=4P97HfIh_RY&amp;list=PLh6RbrqunrkUoTp8TdfsW3wEvQhprV8l-&amp;index=3&amp;ab_channel=IEduca\" target=\"_blank\" rel=\"noopener\">Com baixar-se l&#8217;App iEduca Tokapp. Perfil fam\u00edlies<\/a><\/p>\n<p><iframe loading=\"lazy\" src=\"\/\/www.youtube.com\/embed\/4P97HfIh_RY?list=PLh6RbrqunrkUoTp8TdfsW3wEvQhprV8l-&amp;index=4&amp;ab_channel=IEduca\" width=\"256\" height=\"144\" allowfullscreen=\"allowfullscreen\"><\/iframe><\/p>\n<p><a href=\"https:\/\/www.youtube.com\/watch?v=rnFTwePxLpc&amp;list=PLh6RbrqunrkUoTp8TdfsW3wEvQhprV8l-&amp;index=6&amp;ab_channel=IEduca\" target=\"_blank\" rel=\"noopener\">Com instal\u00b7lar Tokapp.<\/a><\/p>\n<p><iframe loading=\"lazy\" src=\"\/\/www.youtube.com\/embed\/rnFTwePxLpc?list=PLh6RbrqunrkUoTp8TdfsW3wEvQhprV8l-&amp;index=6&amp;ab_channel=IEduca\" width=\"256\" height=\"144\" allowfullscreen=\"allowfullscreen\"><\/iframe><\/p>\n<p><a href=\"https:\/\/www.youtube.com\/watch?v=J1A1eLSb450&amp;list=PLh6RbrqunrkUoTp8TdfsW3wEvQhprV8l-&amp;index=8&amp;ab_channel=IEduca\" target=\"_blank\" rel=\"noopener\">Com instal\u00b7lar TokApp fam\u00edlies v2<\/a><\/p>\n<p><iframe loading=\"lazy\" src=\"\/\/www.youtube.com\/embed\/J1A1eLSb450?list=PLh6RbrqunrkUoTp8TdfsW3wEvQhprV8l-&amp;index=8&amp;ab_channel=IEduca\" width=\"256\" height=\"144\" allowfullscreen=\"allowfullscreen\"><\/iframe><\/p>\n<p><a href=\"https:\/\/www.youtube.com\/watch?v=Qfu52jDoEmE&amp;list=PLh6RbrqunrkUoTp8TdfsW3wEvQhprV8l-&amp;index=1&amp;ab_channel=IEduca\" target=\"_blank\" rel=\"noopener\">Com recuperar la Clau per entrar a iEduca<\/a><\/p>\n<p><iframe loading=\"lazy\" src=\"\/\/www.youtube.com\/embed\/Qfu52jDoEmE?list=PLh6RbrqunrkUoTp8TdfsW3wEvQhprV8l-&amp;index=1&amp;ab_channel=IEduca\" width=\"256\" height=\"144\" allowfullscreen=\"allowfullscreen\"><\/iframe><\/p>\n<p><a href=\"https:\/\/www.youtube.com\/watch?v=4P97HfIh_RY&amp;list=PLh6RbrqunrkUoTp8TdfsW3wEvQhprV8l-&amp;index=3&amp;ab_channel=IEduca\" target=\"_blank\" rel=\"noopener\">La intranet. La visi\u00f3n de la familia. Bloque 4.<\/a><\/p>\n<p><iframe loading=\"lazy\" src=\"\/\/www.youtube.com\/embed\/4P97HfIh_RY?list=PLh6RbrqunrkUoTp8TdfsW3wEvQhprV8l-&amp;index=3&amp;ab_channel=IEduca\" width=\"256\" height=\"144\" allowfullscreen=\"allowfullscreen\"><\/iframe><\/p>\n<p><a href=\"https:\/\/www.youtube.com\/watch?v=uXd3RJxJ8m8&amp;list=PLh6RbrqunrkUoTp8TdfsW3wEvQhprV8l-&amp;index=4&amp;ab_channel=IEduca\" target=\"_blank\" rel=\"noopener\">Com justificar una falta d&#8217;assist\u00e8ncia?<\/a><\/p>\n<p><iframe loading=\"lazy\" src=\"\/\/www.youtube.com\/embed\/uXd3RJxJ8m8?list=PLh6RbrqunrkUoTp8TdfsW3wEvQhprV8l-&amp;index=4&amp;ab_channel=IEduca\" width=\"256\" height=\"144\" allowfullscreen=\"allowfullscreen\"><\/iframe><\/p>\n<p class=\"style-scope ytd-watch-metadata\"><a href=\"https:\/\/www.youtube.com\/watch?v=FI2hzoF8w50&amp;list=PLh6RbrqunrkUoTp8TdfsW3wEvQhprV8l-&amp;index=5&amp;ab_channel=IEduca\" target=\"_blank\" rel=\"noopener\">NOTES &#8211; Com veure les notes?<\/a><\/p>\n<p><iframe loading=\"lazy\" src=\"\/\/www.youtube.com\/embed\/FI2hzoF8w50?list=PLh6RbrqunrkUoTp8TdfsW3wEvQhprV8l-&amp;index=5&amp;ab_channel=IEduca\" width=\"256\" height=\"144\" allowfullscreen=\"allowfullscreen\"><\/iframe><\/p>\n<p>&nbsp;<\/p>\n","protected":false},"excerpt":{"rendered":"<p>Com baixar-se l&#8217;App iEduca Tokapp. Perfil fam\u00edlies Com instal\u00b7lar Tokapp. Com instal\u00b7lar TokApp fam\u00edlies v2 Com recuperar la Clau per entrar a iEduca La intranet. La visi\u00f3n de la familia. Bloque 4. Com justificar una falta d&#8217;assist\u00e8ncia? NOTES &#8211; Com veure les notes? &nbsp;<\/p>\n","protected":false},"author":1,"featured_media":0,"parent":0,"menu_order":0,"comment_status":"closed","ping_status":"closed","template":"","meta":{"_bbp_topic_count":0,"_bbp_reply_count":0,"_bbp_total_topic_count":0,"_bbp_total_reply_count":0,"_bbp_voice_count":0,"_bbp_anonymous_reply_count":0,"_bbp_topic_count_hidden":0,"_bbp_reply_count_hidden":0,"_bbp_forum_subforum_count":0,"site-sidebar-layout":"default","site-content-layout":"","ast-site-content-layout":"","site-content-style":"default","site-sidebar-style":"default","ast-global-header-display":"","ast-banner-title-visibility":"","ast-main-header-display":"","ast-hfb-above-header-display":"","ast-hfb-below-header-display":"","ast-hfb-mobile-header-display":"","site-post-title":"","ast-breadcrumbs-content":"","ast-featured-img":"","footer-sml-layout":"","theme-transparent-header-meta":"","adv-header-id-meta":"","stick-header-meta":"","header-above-stick-meta":"","header-main-stick-meta":"","header-below-stick-meta":"","astra-migrate-meta-layouts":"default","ast-page-background-enabled":"default","ast-page-background-meta":{"desktop":{"background-color":"var(--ast-global-color-4)","background-image":"","background-repeat":"repeat","background-position":"center center","background-size":"auto","background-attachment":"scroll","background-type":"","background-media":"","overlay-type":"","overlay-color":"","overlay-opacity":"","overlay-gradient":""},"tablet":{"background-color":"","background-image":"","background-repeat":"repeat","background-position":"center center","background-size":"auto","background-attachment":"scroll","background-type":"","background-media":"","overlay-type":"","overlay-color":"","overlay-opacity":"","overlay-gradient":""},"mobile":{"background-color":"","background-image":"","background-repeat":"repeat","background-position":"center center","background-size":"auto","background-attachment":"scroll","background-type":"","background-media":"","overlay-type":"","overlay-color":"","overlay-opacity":"","overlay-gradient":""}},"ast-content-background-meta":{"desktop":{"background-color":"var(--ast-global-color-5)","background-image":"","background-repeat":"repeat","background-position":"center center","background-size":"auto","background-attachment":"scroll","background-type":"","background-media":"","overlay-type":"","overlay-color":"","overlay-opacity":"","overlay-gradient":""},"tablet":{"background-color":"var(--ast-global-color-5)","background-image":"","background-repeat":"repeat","background-position":"center center","background-size":"auto","background-attachment":"scroll","background-type":"","background-media":"","overlay-type":"","overlay-color":"","overlay-opacity":"","overlay-gradient":""},"mobile":{"background-color":"var(--ast-global-color-5)","background-image":"","background-repeat":"repeat","background-position":"center center","background-size":"auto","background-attachment":"scroll","background-type":"","background-media":"","overlay-type":"","overlay-color":"","overlay-opacity":"","overlay-gradient":""}},"footnotes":""},"class_list":["post-6064","page","type-page","status-publish","hentry"],"post_mailing_queue_ids":[],"_links":{"self":[{"href":"https:\/\/agora.xtec.cat\/insmontpedros\/wp-json\/wp\/v2\/pages\/6064","targetHints":{"allow":["GET"]}}],"collection":[{"href":"https:\/\/agora.xtec.cat\/insmontpedros\/wp-json\/wp\/v2\/pages"}],"about":[{"href":"https:\/\/agora.xtec.cat\/insmontpedros\/wp-json\/wp\/v2\/types\/page"}],"author":[{"embeddable":true,"href":"https:\/\/agora.xtec.cat\/insmontpedros\/wp-json\/wp\/v2\/users\/1"}],"replies":[{"embeddable":true,"href":"https:\/\/agora.xtec.cat\/insmontpedros\/wp-json\/wp\/v2\/comments?post=6064"}],"version-history":[{"count":3,"href":"https:\/\/agora.xtec.cat\/insmontpedros\/wp-json\/wp\/v2\/pages\/6064\/revisions"}],"predecessor-version":[{"id":6069,"href":"https:\/\/agora.xtec.cat\/insmontpedros\/wp-json\/wp\/v2\/pages\/6064\/revisions\/6069"}],"wp:attachment":[{"href":"https:\/\/agora.xtec.cat\/insmontpedros\/wp-json\/wp\/v2\/media?parent=6064"}],"curies":[{"name":"wp","href":"https:\/\/api.w.org\/{rel}","templated":true}]}}