{"id":459,"date":"2016-11-14T21:32:21","date_gmt":"2016-11-14T20:32:21","guid":{"rendered":"http:\/\/agora.xtec.cat\/insmediona\/?page_id=459"},"modified":"2018-10-16T10:57:07","modified_gmt":"2018-10-16T08:57:07","slug":"extraescolars","status":"publish","type":"page","link":"https:\/\/agora.xtec.cat\/insmediona\/extraescolars\/","title":{"rendered":"Activitats complement\u00e0ries"},"content":{"rendered":"<p style=\"text-align: justify;\">Des de l&#8217;institut Vall del Mediona, volem promocionar la pr\u00e0ctica d&#8217;activitats fora del centre. En aquesta l\u00ednia volem que el nostre alumnat s&#8217;engresqui i participi en m\u00faltiples i variades propostes que van des de la pr\u00e0ctica de l&#8217;esport fins a competir en matem\u00e0tiques o angl\u00e8s a nivell europeu.<\/p>\n<p><a href=\"http:\/\/agora.xtec.cat\/insmediona\/wp-content\/uploads\/usu462\/2016\/11\/extraescolars2.jpg\"><img loading=\"lazy\" decoding=\"async\" class=\"aligncenter wp-image-492\" src=\"http:\/\/agora.xtec.cat\/insmediona\/wp-content\/uploads\/usu462\/2016\/11\/extraescolars2.jpg\" alt=\"extraescolars2\" width=\"479\" height=\"164\" srcset=\"https:\/\/agora.xtec.cat\/insmediona\/wp-content\/uploads\/usu462\/2016\/11\/extraescolars2.jpg 383w, https:\/\/agora.xtec.cat\/insmediona\/wp-content\/uploads\/usu462\/2016\/11\/extraescolars2-300x103.jpg 300w\" sizes=\"auto, (max-width: 479px) 100vw, 479px\" \/><\/a><\/p>\n<p><a href=\"http:\/\/agora.xtec.cat\/insmediona\/wp-content\/uploads\/usu462\/2016\/11\/extraescolars4.jpg\"><img loading=\"lazy\" decoding=\"async\" class=\"aligncenter size-full wp-image-493\" src=\"http:\/\/agora.xtec.cat\/insmediona\/wp-content\/uploads\/usu462\/2016\/11\/extraescolars4.jpg\" alt=\"extraescolars4\" width=\"486\" height=\"104\" srcset=\"https:\/\/agora.xtec.cat\/insmediona\/wp-content\/uploads\/usu462\/2016\/11\/extraescolars4.jpg 486w, https:\/\/agora.xtec.cat\/insmediona\/wp-content\/uploads\/usu462\/2016\/11\/extraescolars4-300x64.jpg 300w\" sizes=\"auto, (max-width: 486px) 100vw, 486px\" \/><\/a><\/p>\n","protected":false},"excerpt":{"rendered":"<p>Des de l&#8217;institut Vall del Mediona, volem promocionar la pr\u00e0ctica d&#8217;activitats fora del centre. En aquesta l\u00ednia volem que el nostre alumnat s&#8217;engresqui i participi en m\u00faltiples i variades propostes que van des de la pr\u00e0ctica de l&#8217;esport fins a competir en matem\u00e0tiques o angl\u00e8s&hellip;  <a href=\"https:\/\/agora.xtec.cat\/insmediona\/extraescolars\/\" title=\"Read Activitats complement\u00e0ries\">Llegeix m\u00e9s\u00bb<\/a><\/p>\n","protected":false},"author":1,"featured_media":0,"parent":0,"menu_order":0,"comment_status":"closed","ping_status":"closed","template":"","meta":{"_bbp_topic_count":0,"_bbp_reply_count":0,"_bbp_total_topic_count":0,"_bbp_total_reply_count":0,"_bbp_voice_count":0,"_bbp_anonymous_reply_count":0,"_bbp_topic_count_hidden":0,"_bbp_reply_count_hidden":0,"_bbp_forum_subforum_count":0,"footnotes":""},"class_list":["post-459","page","type-page","status-publish","hentry"],"post_mailing_queue_ids":[],"_links":{"self":[{"href":"https:\/\/agora.xtec.cat\/insmediona\/wp-json\/wp\/v2\/pages\/459","targetHints":{"allow":["GET"]}}],"collection":[{"href":"https:\/\/agora.xtec.cat\/insmediona\/wp-json\/wp\/v2\/pages"}],"about":[{"href":"https:\/\/agora.xtec.cat\/insmediona\/wp-json\/wp\/v2\/types\/page"}],"author":[{"embeddable":true,"href":"https:\/\/agora.xtec.cat\/insmediona\/wp-json\/wp\/v2\/users\/1"}],"replies":[{"embeddable":true,"href":"https:\/\/agora.xtec.cat\/insmediona\/wp-json\/wp\/v2\/comments?post=459"}],"version-history":[{"count":3,"href":"https:\/\/agora.xtec.cat\/insmediona\/wp-json\/wp\/v2\/pages\/459\/revisions"}],"predecessor-version":[{"id":1024,"href":"https:\/\/agora.xtec.cat\/insmediona\/wp-json\/wp\/v2\/pages\/459\/revisions\/1024"}],"wp:attachment":[{"href":"https:\/\/agora.xtec.cat\/insmediona\/wp-json\/wp\/v2\/media?parent=459"}],"curies":[{"name":"wp","href":"https:\/\/api.w.org\/{rel}","templated":true}]}}