{"id":4371,"date":"2020-09-09T00:48:18","date_gmt":"2020-09-08T22:48:18","guid":{"rendered":"http:\/\/agora.xtec.cat\/insmartipous\/?page_id=4371"},"modified":"2024-09-06T19:49:07","modified_gmt":"2024-09-06T17:49:07","slug":"atencio-a-les-families","status":"publish","type":"page","link":"https:\/\/agora.xtec.cat\/insmartipous\/curs-2024-2025\/atencio-a-les-families\/","title":{"rendered":"Atenci\u00f3 a les fam\u00edlies"},"content":{"rendered":"<h3>Contacte prioritari: Tutora o tutor<\/h3>\n<p>El tutor o tutora de seguiment \u00e9s el contacte prioritari per qualsevol comunicaci\u00f3, dubte o consulta (excepte els propis de secretaria).\u00a0Durant el curs us convocar\u00e0 a un m\u00ednim d&#8217;una entrevista, per\u00f2 podeu demanar-ne una vosaltres sempre que sigui necessari.<\/p>\n<h3>Secretaria<\/h3>\n<p>Per consultes sobre pagament de quotes i expedici\u00f3 de certificats, cal adre\u00e7ar-se directament a la secretaria del centre: <a href=\"mailto:secretaria@martipous.cat\">secretaria@martipous.cat. <\/a>L&#8217;horari d&#8217;atenci\u00f3 de Secretaria \u00e9s de dilluns a divendres de 9 a 13 h, i dilluns i dimecres de 15 a 16:30 h.<\/p>\n<h3>Comunicaci\u00f3 d&#8217;abs\u00e8ncies<\/h3>\n<p>A trav\u00e9s de l&#8217;<span style=\"font-weight: 400;\">aplicaci\u00f3 <em>Dinantia<\/em>. Rebreu un correu electr\u00f2nic per donar-vos d\u2019alta i generar la contrasenya. Tamb\u00e9 us recomanem que us descarregueu l\u2019aplicaci\u00f3 m\u00f2bil, que us permetr\u00e0 tenir tots els correus i rebre les comunicacions d\u2019abs\u00e8ncies.\u00a0<\/span><\/p>\n","protected":false},"excerpt":{"rendered":"<p>Contacte prioritari: Tutora o tutor<br \/>\nEl tutor o tutora de seguiment \u00e9s el contacte prioritari per qualsevol comunicaci\u00f3, dubte o consulta (excepte els propis de secretaria).\u00a0Durant el curs us convocar\u00e0 a un m\u00ednim d&#8217;una entrevista, per\u00f2 podeu demanar-ne una vosaltres sempre que sigui necessari.<br \/>\nSecretaria<br \/>\nPer consultes sobre&hellip;  <a href=\"https:\/\/agora.xtec.cat\/insmartipous\/curs-2024-2025\/atencio-a-les-families\/\" title=\"Read Atenci\u00f3 a les fam\u00edlies\">Llegeix m\u00e9s\u00bb<\/a><\/p>\n","protected":false},"author":1,"featured_media":0,"parent":4346,"menu_order":15,"comment_status":"closed","ping_status":"closed","template":"page-templates\/side-menu.php","meta":{"_bbp_topic_count":0,"_bbp_reply_count":0,"_bbp_total_topic_count":0,"_bbp_total_reply_count":0,"_bbp_voice_count":0,"_bbp_anonymous_reply_count":0,"_bbp_topic_count_hidden":0,"_bbp_reply_count_hidden":0,"_bbp_forum_subforum_count":0,"footnotes":""},"class_list":["post-4371","page","type-page","status-publish","hentry"],"post_mailing_queue_ids":[],"_links":{"self":[{"href":"https:\/\/agora.xtec.cat\/insmartipous\/wp-json\/wp\/v2\/pages\/4371","targetHints":{"allow":["GET"]}}],"collection":[{"href":"https:\/\/agora.xtec.cat\/insmartipous\/wp-json\/wp\/v2\/pages"}],"about":[{"href":"https:\/\/agora.xtec.cat\/insmartipous\/wp-json\/wp\/v2\/types\/page"}],"author":[{"embeddable":true,"href":"https:\/\/agora.xtec.cat\/insmartipous\/wp-json\/wp\/v2\/users\/1"}],"replies":[{"embeddable":true,"href":"https:\/\/agora.xtec.cat\/insmartipous\/wp-json\/wp\/v2\/comments?post=4371"}],"version-history":[{"count":5,"href":"https:\/\/agora.xtec.cat\/insmartipous\/wp-json\/wp\/v2\/pages\/4371\/revisions"}],"predecessor-version":[{"id":6302,"href":"https:\/\/agora.xtec.cat\/insmartipous\/wp-json\/wp\/v2\/pages\/4371\/revisions\/6302"}],"up":[{"embeddable":true,"href":"https:\/\/agora.xtec.cat\/insmartipous\/wp-json\/wp\/v2\/pages\/4346"}],"wp:attachment":[{"href":"https:\/\/agora.xtec.cat\/insmartipous\/wp-json\/wp\/v2\/media?parent=4371"}],"curies":[{"name":"wp","href":"https:\/\/api.w.org\/{rel}","templated":true}]}}