{"id":9975,"date":"2026-03-10T16:07:38","date_gmt":"2026-03-10T15:07:38","guid":{"rendered":"https:\/\/agora.xtec.cat\/insmartidot\/?page_id=9975"},"modified":"2026-03-24T14:15:00","modified_gmt":"2026-03-24T13:15:00","slug":"itinerari-formatiu-especific-ife","status":"publish","type":"page","link":"https:\/\/agora.xtec.cat\/insmartidot\/secretaria\/preinscripcio-i-matricula\/itinerari-formatiu-especific-ife\/","title":{"rendered":"IFE"},"content":{"rendered":"<header class=\"entry-header \">\n<h1 class=\"entry-title\">IFE<\/h1>\n<\/header>\n<div class=\"entry-content clear\" data-ast-blocks-layout=\"true\"><header class=\"entry-header\">\n<h1 class=\"entry-title\">Itineraris formatius espec\u00edfics (IFE)<\/h1>\n<\/header>\n<div class=\"entry-content\">\n<ul>\n<li>Llista de sol\u00b7licituds amb la puntuaci\u00f3 provisional<\/li>\n<li>Llista d&#8217;alumnes admesos<\/li>\n<li>Oferta inicial IFE<\/li>\n<\/ul>\n<h3><strong>Calendari 2026-2027<br \/><\/strong><\/h3>\n<ul>\n<li><strong>8 de maig<\/strong> de 2026: oferta inicial de places escolars<\/li>\n<\/ul>\n<h4><a href=\"https:\/\/preinscripcio.gencat.cat\/ca\/estudis\/ife\/inici\/\"><strong>Preinscripci\u00f3<\/strong><\/a><\/h4>\n<ul>\n<li>De l&#8217;<strong>11 al 22 de maig<\/strong> de 2026: presentaci\u00f3 de sol\u00b7licituds<\/li>\n<li><strong>29 de maig<\/strong> de 2026: llista de sol\u00b7licituds amb la puntuaci\u00f3 provisional<\/li>\n<li><strong>2 de juny<\/strong> de 2026: sorteig per resoldre les sol\u00b7licituds de preinscripci\u00f3 empatades en punts<\/li>\n<li>Del <strong>3 al 10 de juny<\/strong> de 2026, ambd\u00f3s inclosos: presentaci\u00f3 de reclamacions<\/li>\n<li><strong>16 de juny<\/strong> de 2026: llista d&#8217;alumnes admesos<\/li>\n<\/ul>\n<h4><strong>Matr\u00edcula<\/strong><\/h4>\n<ul>\n<li>Del <strong>19 al 26 de juny<\/strong> de 2026: matriculaci\u00f3<\/li>\n<\/ul>\n<\/div>\n<\/div>\n<ul>\n<li><a href=\"https:\/\/agora.xtec.cat\/insmartidot\/wp-content\/uploads\/usu476\/2026\/03\/Preus-i-aportacions_curs-26-27.pdf\">Preus i aportacions<\/a><\/li>\n<\/ul>\n<h3><strong>Documentaci\u00f3 i criteris de prioritat<\/strong><\/h3>\n<p>Si hi ha m\u00e9s demanda que places, s&#8217;apliquen successivament, els\u00a0<strong>criteris de prioritat<\/strong>\u00a0en l&#8217;admissi\u00f3 seg\u00fcents:<\/p>\n<ul>\n<li>En primer lloc, l&#8217;alumnat que compleix el 16 o 17 anys durant l&#8217;any en qu\u00e8 accedeix a l&#8217;itinerari formatiu espec\u00edfic (IFE).<\/li>\n<li>En segon lloc, l&#8217;alumnat que compleix els 18 anys durant l&#8217;any en qu\u00e8 accedeix a l&#8217;itinerari formatiu espec\u00edfic (IFE).<\/li>\n<li>En tercer lloc l&#8217;alumnat que compleix els 19 anys durant l&#8217;any en qu\u00e8 accedeix a l&#8217;itinerari formatiu espec\u00edfic (IFE).<\/li>\n<li>En quart lloc l&#8217;alumnat que compleix els 20 anys durant l&#8217;any en qu\u00e8 accedeix a l&#8217;itinerari formatiu espec\u00edfic (IFE).<\/li>\n<\/ul>\n<p>Dins de cadascun dels grups d&#8217;edat establerts anteriorment, les sol\u00b7licituds es prioritzen d&#8217;acord amb els criteris seg\u00fcents:<\/p>\n<ul>\n<li><strong>Situaci\u00f3 d&#8217;escolaritzaci\u00f3 en el curs acad\u00e8mic 2025-2026:<\/strong>\u00a0per estar matriculat en un centre ordinari o en un centre d&#8217;educaci\u00f3 especial a l&#8217;etapa obligat\u00f2ria: 25 punts.<\/li>\n<li><strong>Participaci\u00f3 per primera vegada en programes postobligatoris:<\/strong>\u00a0per no haver cursat un programa de formaci\u00f3 i inserci\u00f3 (PFI) ni un cicle de formaci\u00f3 professional : 20 punts.<\/li>\n<\/ul>\n\n\n<p><\/p>\n\n\n\n<p><em>M\u00e9s informaci\u00f3 a la web del&nbsp;<a href=\"https:\/\/preinscripcio.gencat.cat\/ca\/estudis\/pfi\/inici\/\" target=\"_blank\" rel=\"noreferrer noopener\">Departament d\u2019Educaci\u00f3 i Formaci\u00f3 Professional<\/a><\/em><\/p>\n\n\n\n<p><\/p>\n","protected":false},"excerpt":{"rendered":"<p>IFE Itineraris formatius espec\u00edfics (IFE) Llista de sol\u00b7licituds amb la puntuaci\u00f3 provisional Llista d&#8217;alumnes admesos Oferta inicial IFE Calendari 2026-2027 8 de maig de 2026: oferta inicial de places escolars Preinscripci\u00f3 De l&#8217;11 al 22 de maig de 2026: presentaci\u00f3 de sol\u00b7licituds 29 de maig de 2026: llista de sol\u00b7licituds amb la puntuaci\u00f3 provisional 2 [&hellip;]<\/p>\n","protected":false},"author":1,"featured_media":0,"parent":8883,"menu_order":0,"comment_status":"closed","ping_status":"closed","template":"","meta":{"_bbp_topic_count":0,"_bbp_reply_count":0,"_bbp_total_topic_count":0,"_bbp_total_reply_count":0,"_bbp_voice_count":0,"_bbp_anonymous_reply_count":0,"_bbp_topic_count_hidden":0,"_bbp_reply_count_hidden":0,"_bbp_forum_subforum_count":0,"site-sidebar-layout":"default","site-content-layout":"","ast-site-content-layout":"default","site-content-style":"default","site-sidebar-style":"default","ast-global-header-display":"","ast-banner-title-visibility":"","ast-main-header-display":"","ast-hfb-above-header-display":"","ast-hfb-below-header-display":"","ast-hfb-mobile-header-display":"","site-post-title":"","ast-breadcrumbs-content":"","ast-featured-img":"","footer-sml-layout":"","theme-transparent-header-meta":"default","adv-header-id-meta":"","stick-header-meta":"","header-above-stick-meta":"","header-main-stick-meta":"","header-below-stick-meta":"","astra-migrate-meta-layouts":"set","ast-page-background-enabled":"default","ast-page-background-meta":{"desktop":{"background-color":"var(--ast-global-color-4)","background-image":"","background-repeat":"repeat","background-position":"center center","background-size":"auto","background-attachment":"scroll","background-type":"","background-media":"","overlay-type":"","overlay-color":"","overlay-opacity":"","overlay-gradient":""},"tablet":{"background-color":"","background-image":"","background-repeat":"repeat","background-position":"center center","background-size":"auto","background-attachment":"scroll","background-type":"","background-media":"","overlay-type":"","overlay-color":"","overlay-opacity":"","overlay-gradient":""},"mobile":{"background-color":"","background-image":"","background-repeat":"repeat","background-position":"center center","background-size":"auto","background-attachment":"scroll","background-type":"","background-media":"","overlay-type":"","overlay-color":"","overlay-opacity":"","overlay-gradient":""}},"ast-content-background-meta":{"desktop":{"background-color":"var(--ast-global-color-5)","background-image":"","background-repeat":"repeat","background-position":"center center","background-size":"auto","background-attachment":"scroll","background-type":"","background-media":"","overlay-type":"","overlay-color":"","overlay-opacity":"","overlay-gradient":""},"tablet":{"background-color":"var(--ast-global-color-5)","background-image":"","background-repeat":"repeat","background-position":"center center","background-size":"auto","background-attachment":"scroll","background-type":"","background-media":"","overlay-type":"","overlay-color":"","overlay-opacity":"","overlay-gradient":""},"mobile":{"background-color":"var(--ast-global-color-5)","background-image":"","background-repeat":"repeat","background-position":"center center","background-size":"auto","background-attachment":"scroll","background-type":"","background-media":"","overlay-type":"","overlay-color":"","overlay-opacity":"","overlay-gradient":""}},"footnotes":""},"class_list":["post-9975","page","type-page","status-publish","hentry"],"post_mailing_queue_ids":[],"_links":{"self":[{"href":"https:\/\/agora.xtec.cat\/insmartidot\/wp-json\/wp\/v2\/pages\/9975","targetHints":{"allow":["GET"]}}],"collection":[{"href":"https:\/\/agora.xtec.cat\/insmartidot\/wp-json\/wp\/v2\/pages"}],"about":[{"href":"https:\/\/agora.xtec.cat\/insmartidot\/wp-json\/wp\/v2\/types\/page"}],"author":[{"embeddable":true,"href":"https:\/\/agora.xtec.cat\/insmartidot\/wp-json\/wp\/v2\/users\/1"}],"replies":[{"embeddable":true,"href":"https:\/\/agora.xtec.cat\/insmartidot\/wp-json\/wp\/v2\/comments?post=9975"}],"version-history":[{"count":6,"href":"https:\/\/agora.xtec.cat\/insmartidot\/wp-json\/wp\/v2\/pages\/9975\/revisions"}],"predecessor-version":[{"id":10078,"href":"https:\/\/agora.xtec.cat\/insmartidot\/wp-json\/wp\/v2\/pages\/9975\/revisions\/10078"}],"up":[{"embeddable":true,"href":"https:\/\/agora.xtec.cat\/insmartidot\/wp-json\/wp\/v2\/pages\/8883"}],"wp:attachment":[{"href":"https:\/\/agora.xtec.cat\/insmartidot\/wp-json\/wp\/v2\/media?parent=9975"}],"curies":[{"name":"wp","href":"https:\/\/api.w.org\/{rel}","templated":true}]}}