{"id":8887,"date":"2024-03-08T14:11:47","date_gmt":"2024-03-08T13:11:47","guid":{"rendered":"https:\/\/agora.xtec.cat\/insmartidot\/?page_id=8887"},"modified":"2026-04-23T09:57:56","modified_gmt":"2026-04-23T07:57:56","slug":"eso","status":"publish","type":"page","link":"https:\/\/agora.xtec.cat\/insmartidot\/secretaria\/preinscripcio-i-matricula\/eso\/","title":{"rendered":"ESO"},"content":{"rendered":"<header class=\"entry-header\">\n<header class=\"entry-header\">\n<h1 class=\"entry-title\">Educaci\u00f3 Secund\u00e0ria Obligat\u00f2ria (ESO)<\/h1>\n<\/header>\n<div class=\"entry-content\">\n<div class=\"FW_sPregunta FW_sImpacte\">\n<div class=\"FW_sDetallGeneral\">\n<div class=\"\">\n<div class=\"FW_bContingutArticle \">\n<div class=\"FW_sArticleFoto\">\n<div class=\"FW_sEditPro\">\n<ul>\n<li>Full reclamacions<\/li>\n<li>Procediment reclamacions<\/li>\n<li>Llista d\u2019espera<\/li>\n<li>Llistat d\u2019alumnat adm\u00e8s<\/li>\n<li>Oferta definitiva ESO<\/li>\n<li>Llistat ordenat amb barem definitiu<\/li>\n<li><a href=\"https:\/\/agora.xtec.cat\/insmartidot\/wp-content\/uploads\/usu476\/2026\/04\/Llista-ESO26-27-resoltes-reclamacions.pdf\">Llistat amb barem resoltes les reclamacions<\/a><\/li>\n<li><a href=\"https:\/\/agora.xtec.cat\/insmartidot\/wp-content\/uploads\/usu476\/2026\/04\/llista-provisional-ESO.pdf\">Llistat amb barem provisional<\/a><\/li>\n<li><a href=\"https:\/\/agora.xtec.cat\/insmartidot\/wp-content\/uploads\/usu476\/2026\/03\/Oferta-inicial-ESO.pdf\" target=\"_blank\" rel=\"noopener\">Oferta Inicial ESO<\/a><\/li>\n<\/ul>\n<h3><strong>Calendari 2026-2027<\/strong><\/h3>\n<h4><strong><a href=\"https:\/\/preinscripcio.gencat.cat\/ca\/estudis\/eso\/inici\/\">Preinscripci\u00f3<\/a><br \/>\n<\/strong><\/h4>\n<ul>\n<li>Difusi\u00f3 de l\u2019oferta inicial:\u00a0<strong>3 de mar\u00e7 de 2026<\/strong><\/li>\n<li><a href=\"https:\/\/preinscripcio.gencat.cat\/ca\/estudis\/eso\/preinscriute\/sollicitud\/\">Presentaci\u00f3 i\/o modificaci\u00f3 de sol\u00b7licituds:<\/a>\u00a0<strong>del 6 al 18 de mar\u00e7 de 2026<\/strong><\/li>\n<li>Presentaci\u00f3 de documentaci\u00f3 acreditativa:\u00a0<strong>fins al 19 de mar\u00e7 de 2026<\/strong><\/li>\n<li><a href=\"https:\/\/agora.xtec.cat\/insmartidot\/wp-content\/uploads\/usu476\/2026\/04\/llista-provisional-ESO.pdf\">Publicaci\u00f3 de les llistes amb barem provisional:<\/a>\u00a0<strong>15 d\u2019abril de 2026<br \/>\n<\/strong><\/li>\n<li>Presentaci\u00f3 de reclamacions:\u00a0<strong>del 15 al 20 d\u2019abril de 2026<br \/>\n<\/strong><\/li>\n<li><a href=\"https:\/\/agora.xtec.cat\/insmartidot\/wp-content\/uploads\/usu476\/2026\/04\/Llista-ESO26-27-resoltes-reclamacions.pdf\">Publicaci\u00f3 de les llistes amb barem definitiu un cop resoltes les reclamacions<\/a>:\u00a0<strong>23 d\u2019abril de 2026<br \/>\n<\/strong><\/li>\n<li>Sorteig del n\u00famero de desempat:\u00a0<strong>28 d\u2019abril de\u00a0<\/strong><strong>2026<\/strong>, a les 11 hores<\/li>\n<li>Publicaci\u00f3 llista ordenada definitiva:\u00a0<strong>29 d\u2019abril de 2026<br \/>\n<\/strong><\/li>\n<li>Ampliaci\u00f3 peticions per les sol\u00b7licituds de preinscripci\u00f3 sense assignaci\u00f3 (alumnat NEE B):\u00a0<strong>13 i 14 de maig de 2026<\/strong><\/li>\n<li>Ampliaci\u00f3 peticions per les sol\u00b7licituds de preinscripci\u00f3 sense assignaci\u00f3 (alumnat ordinari):\u00a0<strong>de l\u20191 al 3 de juny de 2026<\/strong><\/li>\n<li>Publicaci\u00f3 de l\u2019oferta final:\u00a0<strong>10 de juny de 2026<br \/>\n<\/strong><\/li>\n<li>Publicaci\u00f3 llista d\u2019alumnat adm\u00e8s i llista d\u2019espera:\u00a0<strong>10 de juny de 2026<br \/>\n<\/strong><\/li>\n<\/ul>\n<h4><strong>Matr\u00edcula<br \/>\n<\/strong><\/h4>\n<ul>\n<li>Per\u00edode de matr\u00edcula (alumnat nou al centre):\u00a0<strong>del 22 al 30 de juny de 2026<\/strong><\/li>\n<li><span style=\"color: #008000;\">65 euros.<\/span><\/li>\n<\/ul>\n<\/div>\n<\/div>\n<\/div>\n<\/div>\n<\/div>\n<\/div>\n<\/div>\n<\/header>\n<div class=\"entry-content\">\n<div class=\"FW_sPregunta FW_sImpacte\">\n<div class=\"FW_sDetallGeneral\">\n<div class=\"\">\n<div class=\"FW_bContingutArticle \">\n<div class=\"FW_sArticleFoto\">\n<div class=\"FW_sEditPro\">\n<h4>M\u00e9s informaci\u00f3 sobre la preinscripci\u00f3:<\/h4>\n<ul>\n<li style=\"list-style-type: none;\">\n<ul>\n<li><a href=\"https:\/\/preinscripcio.gencat.cat\/ca\/estudis\/eso\/inici\/\" target=\"_blank\" rel=\"noopener\">Preinscripci\u00f3 2026-2027<\/a><\/li>\n<li><a href=\"https:\/\/preinscripcio.gencat.cat\/ca\/estudis\/eso\/informat\/calendari\/\" target=\"_blank\" rel=\"noopener\">Coneix el calendari i els terminis<\/a><\/li>\n<li><a href=\"https:\/\/agora.xtec.cat\/insmartidot\/wp-content\/uploads\/usu476\/2026\/03\/guia-preinscripcio-ca.pdf\" target=\"_blank\" rel=\"noopener\"><strong>Guia preinscripci\u00f3<\/strong><\/a><\/li>\n<\/ul>\n<\/li>\n<\/ul>\n<p><em>M\u00e9s informaci\u00f3 a la web del\u00a0<a href=\"https:\/\/preinscripcio.gencat.cat\/ca\/inici\/index.html\">Departament d\u2019Educaci\u00f3 i Formaci\u00f3 Professional<\/a><\/em><\/p>\n<\/div>\n<\/div>\n<\/div>\n<\/div>\n<\/div>\n<\/div>\n<\/div>\n","protected":false},"excerpt":{"rendered":"<p>Educaci\u00f3 Secund\u00e0ria Obligat\u00f2ria (ESO) Full reclamacions Procediment reclamacions Llista d\u2019espera Llistat d\u2019alumnat adm\u00e8s Oferta definitiva ESO Llistat ordenat amb barem definitiu Llistat amb barem resoltes les reclamacions Llistat amb barem provisional Oferta Inicial ESO Calendari 2026-2027 Preinscripci\u00f3 Difusi\u00f3 de l\u2019oferta inicial:\u00a03 de mar\u00e7 de 2026 Presentaci\u00f3 i\/o modificaci\u00f3 de sol\u00b7licituds:\u00a0del 6 al 18 de mar\u00e7 [&hellip;]<\/p>\n","protected":false},"author":1,"featured_media":0,"parent":8883,"menu_order":0,"comment_status":"closed","ping_status":"closed","template":"","meta":{"_bbp_topic_count":0,"_bbp_reply_count":0,"_bbp_total_topic_count":0,"_bbp_total_reply_count":0,"_bbp_voice_count":0,"_bbp_anonymous_reply_count":0,"_bbp_topic_count_hidden":0,"_bbp_reply_count_hidden":0,"_bbp_forum_subforum_count":0,"site-sidebar-layout":"default","site-content-layout":"","ast-site-content-layout":"default","site-content-style":"default","site-sidebar-style":"default","ast-global-header-display":"","ast-banner-title-visibility":"","ast-main-header-display":"","ast-hfb-above-header-display":"","ast-hfb-below-header-display":"","ast-hfb-mobile-header-display":"","site-post-title":"","ast-breadcrumbs-content":"","ast-featured-img":"","footer-sml-layout":"","theme-transparent-header-meta":"default","adv-header-id-meta":"","stick-header-meta":"","header-above-stick-meta":"","header-main-stick-meta":"","header-below-stick-meta":"","astra-migrate-meta-layouts":"set","ast-page-background-enabled":"default","ast-page-background-meta":{"desktop":{"background-color":"var(--ast-global-color-4)","background-image":"","background-repeat":"repeat","background-position":"center center","background-size":"auto","background-attachment":"scroll","background-type":"","background-media":"","overlay-type":"","overlay-color":"","overlay-opacity":"","overlay-gradient":""},"tablet":{"background-color":"","background-image":"","background-repeat":"repeat","background-position":"center center","background-size":"auto","background-attachment":"scroll","background-type":"","background-media":"","overlay-type":"","overlay-color":"","overlay-opacity":"","overlay-gradient":""},"mobile":{"background-color":"","background-image":"","background-repeat":"repeat","background-position":"center center","background-size":"auto","background-attachment":"scroll","background-type":"","background-media":"","overlay-type":"","overlay-color":"","overlay-opacity":"","overlay-gradient":""}},"ast-content-background-meta":{"desktop":{"background-color":"var(--ast-global-color-5)","background-image":"","background-repeat":"repeat","background-position":"center center","background-size":"auto","background-attachment":"scroll","background-type":"","background-media":"","overlay-type":"","overlay-color":"","overlay-opacity":"","overlay-gradient":""},"tablet":{"background-color":"var(--ast-global-color-5)","background-image":"","background-repeat":"repeat","background-position":"center center","background-size":"auto","background-attachment":"scroll","background-type":"","background-media":"","overlay-type":"","overlay-color":"","overlay-opacity":"","overlay-gradient":""},"mobile":{"background-color":"var(--ast-global-color-5)","background-image":"","background-repeat":"repeat","background-position":"center center","background-size":"auto","background-attachment":"scroll","background-type":"","background-media":"","overlay-type":"","overlay-color":"","overlay-opacity":"","overlay-gradient":""}},"footnotes":""},"class_list":["post-8887","page","type-page","status-publish","hentry"],"post_mailing_queue_ids":[],"_links":{"self":[{"href":"https:\/\/agora.xtec.cat\/insmartidot\/wp-json\/wp\/v2\/pages\/8887","targetHints":{"allow":["GET"]}}],"collection":[{"href":"https:\/\/agora.xtec.cat\/insmartidot\/wp-json\/wp\/v2\/pages"}],"about":[{"href":"https:\/\/agora.xtec.cat\/insmartidot\/wp-json\/wp\/v2\/types\/page"}],"author":[{"embeddable":true,"href":"https:\/\/agora.xtec.cat\/insmartidot\/wp-json\/wp\/v2\/users\/1"}],"replies":[{"embeddable":true,"href":"https:\/\/agora.xtec.cat\/insmartidot\/wp-json\/wp\/v2\/comments?post=8887"}],"version-history":[{"count":6,"href":"https:\/\/agora.xtec.cat\/insmartidot\/wp-json\/wp\/v2\/pages\/8887\/revisions"}],"predecessor-version":[{"id":10122,"href":"https:\/\/agora.xtec.cat\/insmartidot\/wp-json\/wp\/v2\/pages\/8887\/revisions\/10122"}],"up":[{"embeddable":true,"href":"https:\/\/agora.xtec.cat\/insmartidot\/wp-json\/wp\/v2\/pages\/8883"}],"wp:attachment":[{"href":"https:\/\/agora.xtec.cat\/insmartidot\/wp-json\/wp\/v2\/media?parent=8887"}],"curies":[{"name":"wp","href":"https:\/\/api.w.org\/{rel}","templated":true}]}}