{"id":7,"date":"2018-09-12T10:14:31","date_gmt":"2018-09-12T08:14:31","guid":{"rendered":"http:\/\/agora.xtec.cat\/insmartidot\/?page_id=7"},"modified":"2020-09-18T11:47:20","modified_gmt":"2020-09-18T09:47:20","slug":"pagines-dinici","status":"publish","type":"page","link":"https:\/\/agora.xtec.cat\/insmartidot\/pagines-dinici\/","title":{"rendered":"URGENT: SUSPENSI\u00d3 ACTIVITAT LECTIVA DIVENDRES 18 DE SETEMBRE"},"content":{"rendered":"<p><span style=\"font-weight: 400;\">A causa de l\u2019incendi que es va produir ahir i que encara crema al costat de l\u2019institut, la contaminaci\u00f3 atmosf\u00e8rica als patis i a les aules ens obligaria a confinar-nos dins de les aules, cosa que no es possible perqu\u00e8 impediria la ventilaci\u00f3 necess\u00e0ria per protegir els alumnes de la COVID-19.<\/span><\/p>\n<p><span style=\"font-weight: 400;\">Per aquest motiu, seguint les instruccions del la inspecci\u00f3 educativa i la direcci\u00f3 territorial, procedim a suspendre l\u2019activitat lectiva i tanquem l\u2019institut.<\/span><\/p>\n<p>TOTES LES PRESENTACIONS DE CICLES FORMATIUS DE GRAU SUPERIOR PREVISTES PER AVUI, QUEDEN SUSPESES. <span style=\"font-family: inherit; font-size: 1em;\">L&#8217;alumnat de 1r de Grau Superior de DIRECCI\u00d3 DE CUINA tindr\u00e0 la presentaci\u00f3 del curs a les 10:00 del mat\u00ed del proper dilluns 21 de setembre. L&#8217;inici de les classes ser\u00e0 el mateix dia a partir de les 11:00<\/span><\/p>\n<p><span style=\"font-weight: 400;\">Es recomana als alumnes de la vila que es tanquin a casa seva fins que l\u2019incendi estigui extingit.<\/span><\/p>\n<p><span style=\"font-weight: 400;\">Salutacions,<\/span><\/p>\n<p><span style=\"font-weight: 400;\">Montse Garrabou<\/span><\/p>\n<p><span style=\"font-weight: 400;\">Directora<\/span><\/p>\n","protected":false},"excerpt":{"rendered":"<p>A causa de l\u2019incendi que es va produir ahir i que encara crema al costat de l\u2019institut, la contaminaci\u00f3 atmosf\u00e8rica als patis i a les aules ens obligaria a confinar-nos dins de les aules, cosa que no es possible perqu\u00e8 impediria la ventilaci\u00f3 necess\u00e0ria per protegir els alumnes de la COVID-19. Per aquest motiu, seguint [&hellip;]<\/p>\n","protected":false},"author":1,"featured_media":0,"parent":0,"menu_order":0,"comment_status":"closed","ping_status":"closed","template":"","meta":{"_bbp_topic_count":0,"_bbp_reply_count":0,"_bbp_total_topic_count":0,"_bbp_total_reply_count":0,"_bbp_voice_count":0,"_bbp_anonymous_reply_count":0,"_bbp_topic_count_hidden":0,"_bbp_reply_count_hidden":0,"_bbp_forum_subforum_count":0,"site-sidebar-layout":"default","site-content-layout":"","ast-site-content-layout":"","site-content-style":"default","site-sidebar-style":"default","ast-global-header-display":"","ast-banner-title-visibility":"","ast-main-header-display":"","ast-hfb-above-header-display":"","ast-hfb-below-header-display":"","ast-hfb-mobile-header-display":"","site-post-title":"","ast-breadcrumbs-content":"","ast-featured-img":"","footer-sml-layout":"","theme-transparent-header-meta":"","adv-header-id-meta":"","stick-header-meta":"","header-above-stick-meta":"","header-main-stick-meta":"","header-below-stick-meta":"","astra-migrate-meta-layouts":"default","ast-page-background-enabled":"default","ast-page-background-meta":{"desktop":{"background-color":"var(--ast-global-color-4)","background-image":"","background-repeat":"repeat","background-position":"center center","background-size":"auto","background-attachment":"scroll","background-type":"","background-media":"","overlay-type":"","overlay-color":"","overlay-opacity":"","overlay-gradient":""},"tablet":{"background-color":"","background-image":"","background-repeat":"repeat","background-position":"center center","background-size":"auto","background-attachment":"scroll","background-type":"","background-media":"","overlay-type":"","overlay-color":"","overlay-opacity":"","overlay-gradient":""},"mobile":{"background-color":"","background-image":"","background-repeat":"repeat","background-position":"center center","background-size":"auto","background-attachment":"scroll","background-type":"","background-media":"","overlay-type":"","overlay-color":"","overlay-opacity":"","overlay-gradient":""}},"ast-content-background-meta":{"desktop":{"background-color":"var(--ast-global-color-5)","background-image":"","background-repeat":"repeat","background-position":"center center","background-size":"auto","background-attachment":"scroll","background-type":"","background-media":"","overlay-type":"","overlay-color":"","overlay-opacity":"","overlay-gradient":""},"tablet":{"background-color":"var(--ast-global-color-5)","background-image":"","background-repeat":"repeat","background-position":"center center","background-size":"auto","background-attachment":"scroll","background-type":"","background-media":"","overlay-type":"","overlay-color":"","overlay-opacity":"","overlay-gradient":""},"mobile":{"background-color":"var(--ast-global-color-5)","background-image":"","background-repeat":"repeat","background-position":"center center","background-size":"auto","background-attachment":"scroll","background-type":"","background-media":"","overlay-type":"","overlay-color":"","overlay-opacity":"","overlay-gradient":""}},"footnotes":""},"class_list":["post-7","page","type-page","status-publish","hentry"],"post_mailing_queue_ids":[],"_links":{"self":[{"href":"https:\/\/agora.xtec.cat\/insmartidot\/wp-json\/wp\/v2\/pages\/7","targetHints":{"allow":["GET"]}}],"collection":[{"href":"https:\/\/agora.xtec.cat\/insmartidot\/wp-json\/wp\/v2\/pages"}],"about":[{"href":"https:\/\/agora.xtec.cat\/insmartidot\/wp-json\/wp\/v2\/types\/page"}],"author":[{"embeddable":true,"href":"https:\/\/agora.xtec.cat\/insmartidot\/wp-json\/wp\/v2\/users\/1"}],"replies":[{"embeddable":true,"href":"https:\/\/agora.xtec.cat\/insmartidot\/wp-json\/wp\/v2\/comments?post=7"}],"version-history":[{"count":3,"href":"https:\/\/agora.xtec.cat\/insmartidot\/wp-json\/wp\/v2\/pages\/7\/revisions"}],"predecessor-version":[{"id":6691,"href":"https:\/\/agora.xtec.cat\/insmartidot\/wp-json\/wp\/v2\/pages\/7\/revisions\/6691"}],"wp:attachment":[{"href":"https:\/\/agora.xtec.cat\/insmartidot\/wp-json\/wp\/v2\/media?parent=7"}],"curies":[{"name":"wp","href":"https:\/\/api.w.org\/{rel}","templated":true}]}}

URGENT: SUSPENSIÓ ACTIVITAT LECTIVA DIVENDRES 18 DE SETEMBRE

<p><span style="font-weight: 400;">A causa de l’incendi que es va produir ahir i que encara crema al costat de l’institut, la contaminació atmosfèrica als patis i a les aules ens obligaria a confinar-nos dins de les aules, cosa que no es possible perquè impediria la ventilació necessària per protegir els alumnes de la COVID-19.</span></p>
<p><span style="font-weight: 400;">Per aquest motiu, seguint les instruccions del la inspecció educativa i la direcció territorial, procedim a suspendre l’activitat lectiva i tanquem l’institut.</span></p>
<p>TOTES LES PRESENTACIONS DE CICLES FORMATIUS DE GRAU SUPERIOR PREVISTES PER AVUI, QUEDEN SUSPESES. <span style="font-family: inherit; font-size: 1em;">L&#8217;alumnat de 1r de Grau Superior de DIRECCIÓ DE CUINA tindrà la presentació del curs a les 10:00 del matí del proper dilluns 21 de setembre. L&#8217;inici de les classes serà el mateix dia a partir de les 11:00</span></p>
<p><span style="font-weight: 400;">Es recomana als alumnes de la vila que es tanquin a casa seva fins que l’incendi estigui extingit.</span></p>
<p><span style="font-weight: 400;">Salutacions,</span></p>
<p><span style="font-weight: 400;">Montse Garrabou</span></p>
<p><span style="font-weight: 400;">Directora</span></p>

<p>A causa de l’incendi que es va produir ahir i que encara crema al costat de l’institut, la contaminació atmosfèrica als patis i a les aules ens obligaria a confinar-nos dins de les aules, cosa que no es possible perquè impediria la ventilació necessària per protegir els alumnes de la COVID-19. Per aquest motiu, seguint [&hellip;]</p>
