{"id":983,"date":"2023-06-08T16:41:25","date_gmt":"2023-06-08T14:41:25","guid":{"rendered":"https:\/\/agora.xtec.cat\/insmarianao\/?page_id=983"},"modified":"2026-03-19T17:55:15","modified_gmt":"2026-03-19T16:55:15","slug":"certificats-i-titols","status":"publish","type":"page","link":"https:\/\/agora.xtec.cat\/insmarianao\/secretaria-i-gestions\/certificats-i-titols\/","title":{"rendered":"Certificats i T\u00edtols"},"content":{"rendered":"<div class=\"header-common-style header-titols\"><\/div>\n<h2>T\u00cdTOLS<\/h2>\n<ul>\n<li><strong><u>Sol\u00b7licitud del t\u00edtol:<\/u><\/strong>. Des del 2 de febrer de 2026\u00a0 els t\u00edtols d\u2019ESO, Batxillerat,\u00a0 Formaci\u00f3 professional de grau mitj\u00e0 i superior els tramita el propi alumne mitjan\u00e7ant un portal web: <a href=\"https:\/\/tramits.gencat.cat\/ca\/tramits\/tramits-temes\/titols-academics-no-universitaris\" target=\"_blank\" rel=\"noopener\">Clica aqu\u00ed per iniciar la tramitaci\u00f3 del t\u00edtol<span class=\"dashicons dashicons-admin-links custom-icons\">\u00a0<\/span><\/a>.<\/li>\n<li><a href=\"https:\/\/agora.xtec.cat\/insmarianao\/wp-content\/uploads\/usu2666\/2026\/02\/Tutorial-per-demanar-titols.pdf\" target=\"_blank\" rel=\"noopener\"><strong><u>Tutorial per demanar t\u00edtols per primera vegada <\/u><\/strong><span class=\"dashicons dashicons-pdf custom-icons\">\u00a0<\/span><\/a><\/li>\n<li><a href=\"https:\/\/agora.xtec.cat\/insmarianao\/wp-content\/uploads\/usu2666\/2026\/02\/Tutorial-per-demanar-duplicat-de-titols.pdf\" target=\"_blank\" rel=\"noopener\"><strong><u>Tutorial per demanar duplicat de t\u00edtols <\/u><\/strong><span class=\"dashicons dashicons-pdf custom-icons\">\u00a0<\/span><\/a><\/li>\n<li>Consideracions sobre la sol\u00b7licitud del t\u00edtol:\n<ul>\n<li>Si tens algun problema (dades no correctes, problemes d\u2019identificaci\u00f3, etc.), contacta amb el centre.<\/li>\n<\/ul>\n<\/li>\n<li><strong><u>Resguard del t\u00edtol<\/u><\/strong>: Una vegada acabis la sol\u00b7licitud correctament, imprimir\u00e0s un <strong>RESGUARD DEL T\u00cdTOL<\/strong>. Aquest resguard nom\u00e9s tindr\u00e0 validesa legal quan estigui signat i segellat pel centre.<\/li>\n<li style=\"text-align: justify;\"><strong><span style=\"text-decoration: underline;\">Recollida del t\u00edtol:<\/span><\/strong> Passat el temps, un cop arribin els t\u00edtols a l\u2019Institut, s\u2019avisar\u00e0 per carta postal per a venir recollir-ho. En el moment de la recollida s\u2019ha de portar:\n<ul>\n<li>El resguard del t\u00edtol amb el segell del centre que es va donar en el seu dia.<\/li>\n<li>El DNI del titular.<\/li>\n<li>Si no el recull la persona interessada major d&#8217;edat, cal una <a href=\"https:\/\/agora.xtec.cat\/insmarianao\/wp-content\/uploads\/usu2666\/2026\/03\/M341-Autoritzacio-recollida-titols.pdf\" target=\"_blank\" rel=\"noopener noreferrer\">autoritzaci\u00f3 escrita<\/a> acompanyada de la c\u00f2pia del DNI del titular.<\/li>\n<\/ul>\n<\/li>\n<\/ul>\n<h2>CERTIFICATS<\/h2>\n<ul>\n<li><strong><span style=\"text-decoration: underline;\">Sol\u00b7licitud:<\/span><\/strong> S\u2019han de sol\u00b7licitar per escrit a la secretaria mitjan\u00e7ant <a href=\"https:\/\/agora.xtec.cat\/insmarianao\/wp-content\/uploads\/usu2666\/2026\/03\/M010-Instancia-General-Institut.pdf\" target=\"_blank\" rel=\"noopener noreferrer\">inst\u00e0ncia de centre<\/a>.<\/li>\n<li style=\"text-align: justify;\"><strong><span style=\"text-decoration: underline;\">Recollida:<\/span><\/strong> El temps aproximat per la recollida \u00e9s d\u2019uns dos dies. Pot trucar telef\u00f2nicament per saber si el seu certificat ja est\u00e0 fet. En el moment de la recollida s\u2019ha de portar el DNI de l\u2019interessat (o pare\/mare si \u00e9s menor d\u2019edat) o, si no recull el certificat un interessat major d\u2019edat, una <a href=\"https:\/\/agora.xtec.cat\/insmarianao\/wp-content\/uploads\/usu2666\/2026\/03\/M341-Autoritzacio-recollida-titols.pdf\" target=\"_blank\" rel=\"noopener noreferrer\">autoritzaci\u00f3 escrita<\/a> acompanyada de la c\u00f2pia del seu DNI.<\/li>\n<\/ul>\n<h2>CERTIFICATS DE CONEIXEMENTS DE CATAL\u00c0, NIVELL B2 o C1<\/h2>\n<p style=\"text-align: justify;\">Tots els instituts p\u00fablics de secund\u00e0ria de Catalunya estan autoritzats, pr\u00e8via acreditaci\u00f3 de les condicions establertes en cada moment per <a href=\"https:\/\/llengua.gencat.cat\/web\/.content\/documents\/legislacio\/recull_de_normativa\/ensenyament\/arxius\/ens_equiv.pdf\" target=\"_blank\" rel=\"noopener\">la llei<\/a>, a expedir certificats de coneixement de catal\u00e0 (nivells B2 o C1).<\/p>\n<ul>\n<li><strong><span style=\"text-decoration: underline;\">Sol\u00b7licitud:<\/span><\/strong> S\u2019han de sol\u00b7licitar per escrit a la secretaria mitjan\u00e7ant <a href=\"https:\/\/agora.xtec.cat\/insmarianao\/wp-content\/uploads\/usu2666\/2026\/03\/M308-Sol.licitud-catala.pdf\" target=\"_blank\" rel=\"noopener noreferrer\">inst\u00e0ncia espec\u00edfica de centre<\/a>.<\/li>\n<li style=\"text-align: justify;\"><strong><span style=\"text-decoration: underline;\">Recollida:<\/span><\/strong> El temps aproximat per la recollida \u00e9s d\u2019uns dos dies a cinc dies. Pot trucar telef\u00f2nicament per saber si el seu certificat ja est\u00e0 fet. En el moment de la recollida s\u2019ha de portar el DNI de l\u2019interessat (o pare\/mare si \u00e9s menor d\u2019edat) o, si no recull el certificat un interessat major d\u2019edat, una <a href=\"https:\/\/agora.xtec.cat\/insmarianao\/wp-content\/uploads\/usu2666\/2026\/03\/M341-Autoritzacio-recollida-titols.pdf\" target=\"_blank\" rel=\"noopener noreferrer\">autoritzaci\u00f3 escrita<\/a> acompanyada de la c\u00f2pia del seu DNI.<\/li>\n<\/ul>\n<h2>DOCUMENTS<\/h2>\n<ul>\n<li><a href=\"https:\/\/agora.xtec.cat\/insmarianao\/wp-content\/uploads\/usu2666\/2026\/03\/M010-Instancia-General-Institut.pdf\" target=\"_blank\" rel=\"noopener noreferrer\">Inst\u00e0ncia gen\u00e8rica de centre<span class=\"dashicons dashicons-pdf custom-icons\">\u00a0<\/span><\/a><\/li>\n<li><a href=\"https:\/\/agora.xtec.cat\/insmarianao\/wp-content\/uploads\/usu2666\/2026\/03\/M308-Sol.licitud-catala.pdf\" target=\"_blank\" rel=\"noopener noreferrer\">Sol\u00b7licitut certificat de coneixements de catal\u00e0<span class=\"dashicons dashicons-pdf custom-icons\">\u00a0<\/span><\/a><\/li>\n<li><a href=\"https:\/\/agora.xtec.cat\/insmarianao\/wp-content\/uploads\/usu2666\/2026\/03\/M341-Autoritzacio-recollida-titols.pdf\" target=\"_blank\" rel=\"noopener noreferrer\">Autoritzaci\u00f3 de recollida<span class=\"dashicons dashicons-pdf custom-icons\">\u00a0<\/span><\/a><\/li>\n<\/ul>\n","protected":false},"excerpt":{"rendered":"<p>T\u00cdTOLS Sol\u00b7licitud del t\u00edtol:. Des del 2 de febrer de 2026\u00a0 els t\u00edtols d\u2019ESO, Batxillerat,\u00a0 Formaci\u00f3 professional de grau mitj\u00e0 i superior els tramita el propi alumne mitjan\u00e7ant un portal web: Clica aqu\u00ed per iniciar la tramitaci\u00f3 del t\u00edtol\u00a0. Tutorial per demanar t\u00edtols per primera vegada \u00a0 Tutorial per demanar duplicat de t\u00edtols \u00a0 Consideracions [&hellip;]<\/p>\n","protected":false},"author":1,"featured_media":0,"parent":977,"menu_order":4,"comment_status":"closed","ping_status":"closed","template":"","meta":{"_bbp_topic_count":0,"_bbp_reply_count":0,"_bbp_total_topic_count":0,"_bbp_total_reply_count":0,"_bbp_voice_count":0,"_bbp_anonymous_reply_count":0,"_bbp_topic_count_hidden":0,"_bbp_reply_count_hidden":0,"_bbp_forum_subforum_count":0,"site-sidebar-layout":"default","site-content-layout":"","ast-site-content-layout":"default","site-content-style":"default","site-sidebar-style":"default","ast-global-header-display":"","ast-banner-title-visibility":"","ast-main-header-display":"","ast-hfb-above-header-display":"","ast-hfb-below-header-display":"","ast-hfb-mobile-header-display":"","site-post-title":"","ast-breadcrumbs-content":"","ast-featured-img":"","footer-sml-layout":"","theme-transparent-header-meta":"default","adv-header-id-meta":"","stick-header-meta":"","header-above-stick-meta":"","header-main-stick-meta":"","header-below-stick-meta":"","astra-migrate-meta-layouts":"set","ast-page-background-enabled":"default","ast-page-background-meta":{"desktop":{"background-color":"var(--ast-global-color-4)","background-image":"","background-repeat":"repeat","background-position":"center center","background-size":"auto","background-attachment":"scroll","background-type":"","background-media":"","overlay-type":"","overlay-color":"","overlay-opacity":"","overlay-gradient":""},"tablet":{"background-color":"","background-image":"","background-repeat":"repeat","background-position":"center center","background-size":"auto","background-attachment":"scroll","background-type":"","background-media":"","overlay-type":"","overlay-color":"","overlay-opacity":"","overlay-gradient":""},"mobile":{"background-color":"","background-image":"","background-repeat":"repeat","background-position":"center center","background-size":"auto","background-attachment":"scroll","background-type":"","background-media":"","overlay-type":"","overlay-color":"","overlay-opacity":"","overlay-gradient":""}},"ast-content-background-meta":{"desktop":{"background-color":"var(--ast-global-color-5)","background-image":"","background-repeat":"repeat","background-position":"center center","background-size":"auto","background-attachment":"scroll","background-type":"","background-media":"","overlay-type":"","overlay-color":"","overlay-opacity":"","overlay-gradient":""},"tablet":{"background-color":"var(--ast-global-color-5)","background-image":"","background-repeat":"repeat","background-position":"center center","background-size":"auto","background-attachment":"scroll","background-type":"","background-media":"","overlay-type":"","overlay-color":"","overlay-opacity":"","overlay-gradient":""},"mobile":{"background-color":"var(--ast-global-color-5)","background-image":"","background-repeat":"repeat","background-position":"center center","background-size":"auto","background-attachment":"scroll","background-type":"","background-media":"","overlay-type":"","overlay-color":"","overlay-opacity":"","overlay-gradient":""}},"footnotes":""},"class_list":["post-983","page","type-page","status-publish","hentry"],"post_mailing_queue_ids":[],"_links":{"self":[{"href":"https:\/\/agora.xtec.cat\/insmarianao\/wp-json\/wp\/v2\/pages\/983","targetHints":{"allow":["GET"]}}],"collection":[{"href":"https:\/\/agora.xtec.cat\/insmarianao\/wp-json\/wp\/v2\/pages"}],"about":[{"href":"https:\/\/agora.xtec.cat\/insmarianao\/wp-json\/wp\/v2\/types\/page"}],"author":[{"embeddable":true,"href":"https:\/\/agora.xtec.cat\/insmarianao\/wp-json\/wp\/v2\/users\/1"}],"replies":[{"embeddable":true,"href":"https:\/\/agora.xtec.cat\/insmarianao\/wp-json\/wp\/v2\/comments?post=983"}],"version-history":[{"count":7,"href":"https:\/\/agora.xtec.cat\/insmarianao\/wp-json\/wp\/v2\/pages\/983\/revisions"}],"predecessor-version":[{"id":5901,"href":"https:\/\/agora.xtec.cat\/insmarianao\/wp-json\/wp\/v2\/pages\/983\/revisions\/5901"}],"up":[{"embeddable":true,"href":"https:\/\/agora.xtec.cat\/insmarianao\/wp-json\/wp\/v2\/pages\/977"}],"wp:attachment":[{"href":"https:\/\/agora.xtec.cat\/insmarianao\/wp-json\/wp\/v2\/media?parent=983"}],"curies":[{"name":"wp","href":"https:\/\/api.w.org\/{rel}","templated":true}]}}