{"id":812,"date":"2022-02-08T23:37:09","date_gmt":"2022-02-08T22:37:09","guid":{"rendered":"https:\/\/agora.xtec.cat\/insmarianao\/?page_id=812"},"modified":"2026-02-02T21:10:55","modified_gmt":"2026-02-02T20:10:55","slug":"informatica","status":"publish","type":"page","link":"https:\/\/agora.xtec.cat\/insmarianao\/formacio-professional\/informatica\/","title":{"rendered":"Inform\u00e0tica"},"content":{"rendered":"<div class=\"header-common-style header-informatica\"><\/div>\n<h2>\u00cdndex<\/h2>\n<ul>\n<li><a href=\"https:\/\/agora.xtec.cat\/insmarianao\/categoria\/informatica\/\">Not\u00edcies Inform\u00e0tica<\/a><\/li>\n<li><a href=\"#inf1\">Informaci\u00f3 general Inform\u00e0tica<\/a><\/li>\n<li><a href=\"#inf2\">CFGM en Sistemes Microinform\u00e0tics i Xarxes (SMX)<\/a><\/li>\n<li><a href=\"#inf3\">CFGS en Administraci\u00f3 de Sistemes Inform\u00e0tics en Xarxa (ASIX)<\/a><\/li>\n<li><a href=\"#inf4\">CFGS en Desenvolupament d&#8217;Aplicacions Multiplataforma (DAM)<\/a><\/li>\n<li><a href=\"#inf5\">CFGS en Desenvolupament d&#8217;Aplicacions Web (DAW)<\/a><\/li>\n<li><a href=\"#inf6\">Fulls Informatius d&#8217;Inform\u00e0tica<\/a><\/li>\n<li><a href=\"#inf7\">Normes de comportament a les aules d&#8217;Inform\u00e0tica<\/a><\/li>\n<\/ul>\n<hr class=\"linea\" \/>\n<h2 id=\"inf1\">Informaci\u00f3 general Inform\u00e0tica<\/h2>\n<p style=\"text-align: justify;\">Els cicles formatius de la fam\u00edlia d&#8217;<strong>Inform\u00e0tica<\/strong> que s&#8217;imparteixen a l&#8217;<strong>Institut Marianao<\/strong> s\u00f3n:<\/p>\n<ul>\n<li>Cicle Formatiu de Grau Mitj\u00e0 en <strong>Sistemes Microinform\u00e0tics i Xarxes<\/strong> (SMX)<\/li>\n<li>Cicle Formatiu de Grau Superior en <strong>Administraci\u00f3 de Sistemes Inform\u00e0tics en Xarxa<\/strong> (ASIX)<\/li>\n<li>Cicle Formatiu de Grau Superior en <strong>Desenvolupament d&#8217;Aplicacions Multiplataforma<\/strong> (DAM)<\/li>\n<li>Cicle Formatiu de Grau Superior en <strong>Desenvolupament d&#8217;Aplicacions Web<\/strong> (DAW)<\/li>\n<\/ul>\n<p><strong>Tr\u00edptic informatiu<\/strong> dels Cicles Formatius de la fam\u00edlia d&#8217;<strong>Inform\u00e0tica<\/strong>: <a href=\"https:\/\/triptics.institutmarianao.cat\/informatica\/\" target=\"_blank\" rel=\"noopener\">Descarregar aqu\u00ed<span class=\"dashicons dashicons-pdf custom-icons\">\u00a0<\/span><\/a>.<\/p>\n<hr class=\"linea\" \/>\n<h2 id=\"inf2\">CFGM en Sistemes Microinform\u00e0tics i Xarxes (SMX)<\/h2>\n<h4>Caracter\u00edstiques<\/h4>\n<ul>\n<li><strong>Ensenyament<\/strong>: Formaci\u00f3 professional<\/li>\n<li><strong>Grau<\/strong>: Grau mitj\u00e0<\/li>\n<li><strong>Titulaci\u00f3<\/strong>: T\u00e8cnic\/a<\/li>\n<li><strong>Durada<\/strong>: 2.000 hores distribu\u00efdes en dos cursos acad\u00e8mics.<\/li>\n<li><strong>Horari<\/strong>: Di\u00fcrn-mat\u00ed<\/li>\n<\/ul>\n<h4>Descripci\u00f3<\/h4>\n<p style=\"text-align: justify;\">Aquests estudis postobligatoris capaciten per instal\u00b7lar i mantenir serveis de xarxes fixes i m\u00f2bils, serveis d\u2019Internet i sistemes inform\u00e0tics i tamb\u00e9 per prestar suport als usuaris i usu\u00e0ries.<\/p>\n<h4>M\u00e9s informaci\u00f3<\/h4>\n<ul>\n<li>\n<p style=\"margin-top: 20px;\">Tota la informaci\u00f3 sobre el <strong>CFGM en Sistemes Microinform\u00e0tics i Xarxes<\/strong> la trobar\u00e0s en <a href=\"https:\/\/triaeducativa.gencat.cat\/ca\/estudis\/?sistemes-microinformatics-xarxes&amp;p_id=123\" target=\"_blank\" rel=\"noopener\">aquest enlla\u00e7<span class=\"dashicons dashicons-admin-links custom-icons\">\u00a0<\/span><\/a><\/p>\n<\/li>\n<\/ul>\n<hr class=\"linea\" \/>\n<h2 id=\"inf3\">CFGS en Administraci\u00f3 de Sistemes Inform\u00e0tics en Xarxa (ASIX)<\/h2>\n<h4>Caracter\u00edstiques<\/h4>\n<ul>\n<li><strong>Ensenyament<\/strong>: Formaci\u00f3 professional<\/li>\n<li><strong>Grau<\/strong>: Grau superior<\/li>\n<li><strong>Titulaci\u00f3<\/strong>: T\u00e8cnic\/a superior<\/li>\n<li><strong>Durada<\/strong>: 2.000 hores distribu\u00efdes en dos cursos acad\u00e8mics.<\/li>\n<li><strong>Horari<\/strong>: Di\u00fcrn-tarda<\/li>\n<\/ul>\n<h4>Descripci\u00f3<\/h4>\n<p style=\"text-align: justify;\">Aquests estudis postobligatoris capaciten per configurar, administrar i mantenir els sistemes inform\u00e0tics i per garantir la funcionalitat, la integritat i els serveis del sistema. Garanteixen la qualificaci\u00f3 t\u00e8cnica adequada exigida com a requisit per ser empresa instal\u00b7ladora d&#8217;infraestructures comunes de telecomunicacions.<\/p>\n<h4>M\u00e9s informaci\u00f3<\/h4>\n<ul>\n<li>\n<p style=\"margin-top: 20px;\">Tota la informaci\u00f3 sobre el <strong>CFGS en Administraci\u00f3 de Sistemes Inform\u00e0tics en Xarxa<\/strong> la trobar\u00e0s en <a href=\"https:\/\/triaeducativa.gencat.cat\/ca\/estudis\/?administracio-sistemes-informatics-xarxa&amp;p_id=217\" target=\"_blank\" rel=\"noopener\">aquest enlla\u00e7<span class=\"dashicons dashicons-admin-links custom-icons\">\u00a0<\/span><\/a><\/p>\n<\/li>\n<\/ul>\n<hr class=\"linea\" \/>\n<h2 id=\"inf4\">CFGS en Desenvolupament d&#8217;Aplicacions Multiplataforma (DAM)<\/h2>\n<h4>Caracter\u00edstiques<\/h4>\n<ul>\n<li><strong>Ensenyament<\/strong>: Formaci\u00f3 professional<\/li>\n<li><strong>Grau<\/strong>: Grau superior<\/li>\n<li><strong>Titulaci\u00f3<\/strong>: T\u00e8cnic\/a superior<\/li>\n<li><strong>Durada<\/strong>: 2.000 hores distribu\u00efdes en dos cursos acad\u00e8mics.<\/li>\n<li><strong>Horari<\/strong>: Di\u00fcrn-tarda<\/li>\n<\/ul>\n<h4>Descripci\u00f3<\/h4>\n<p style=\"text-align: justify;\">Aquests estudis postobligatoris capaciten per desenvolupar, implantar, documentar i mantenir aplicacions inform\u00e0tiques multiplataforma, utilitzant tecnologies i entorns de desenvolupament espec\u00edfics, garantint l&#8217;acc\u00e9s a les dades de forma segura i complint els criteris de usabilitat i qualitat exigides en els est\u00e0ndards establerts.<\/p>\n<h4>M\u00e9s informaci\u00f3<\/h4>\n<ul>\n<li>\n<p style=\"margin-top: 20px;\">Tota la informaci\u00f3 sobre el <strong>CFGS en Desenvolupament d&#8217;Aplicacions Multiplataforma<\/strong> la trobar\u00e0s en <a href=\"https:\/\/triaeducativa.gencat.cat\/ca\/estudis\/?desenvolupament-aplicacions-multiplataforma&amp;p_id=219\" target=\"_blank\" rel=\"noopener\">aquest enlla\u00e7<span class=\"dashicons dashicons-admin-links custom-icons\">\u00a0<\/span><\/a><\/p>\n<\/li>\n<\/ul>\n<hr class=\"linea\" \/>\n<h2 id=\"inf5\">CFGS en Desenvolupament d&#8217;Aplicacions Web (DAW)<\/h2>\n<h4>Caracter\u00edstiques<\/h4>\n<ul>\n<li><strong>Ensenyament<\/strong>: Formaci\u00f3 professional<\/li>\n<li><strong>Grau<\/strong>: Grau superior<\/li>\n<li><strong>Titulaci\u00f3<\/strong>: T\u00e8cnic\/a superior<\/li>\n<li><strong>Durada<\/strong>: 2.000 hores distribu\u00efdes en dos cursos acad\u00e8mics.<\/li>\n<li><strong>Horari<\/strong>: Di\u00fcrn-tarda<\/li>\n<\/ul>\n<h4>Descripci\u00f3<\/h4>\n<p style=\"text-align: justify;\">Aquests estudis postobligatoris capaciten per desenvolupar, implantar i mantenir aplicacions web, amb independ\u00e8ncia del model emprat i utilitzant tecnologies espec\u00edfiques, garantint l&#8217;acc\u00e9s a les dades de forma segura i complint els criteris d&#8217;accessibilitat, usabilitat i qualitat exigides en els est\u00e0ndards establerts.<\/p>\n<h4>M\u00e9s informaci\u00f3<\/h4>\n<ul>\n<li>\n<p style=\"margin-top: 20px;\">Tota la informaci\u00f3 sobre el <strong>CFGS en Desenvolupament d&#8217;Aplicacions Web<\/strong> la trobar\u00e0s en <a href=\"https:\/\/triaeducativa.gencat.cat\/ca\/estudis\/?desenvolupament-aplicacions-web&amp;p_id=770\" target=\"_blank\" rel=\"noopener\">aquest enlla\u00e7<span class=\"dashicons dashicons-admin-links custom-icons\">\u00a0<\/span><\/a><\/p>\n<\/li>\n<\/ul>\n<hr class=\"linea\" \/>\n<h2 id=\"inf6\">Fulls Informatius d&#8217;Inform\u00e0tica<\/h2>\n<p>Documents Informatius del departament d&#8217;<strong>Inform\u00e0tica<\/strong>:<\/p>\n<ul>\n<li><a href=\"https:\/\/agora.xtec.cat\/insmarianao\/wp-content\/uploads\/usu2666\/2025\/09\/Fulls-Informatius-SMX-2025-2026-1.pdf\" target=\"_blank\" rel=\"noopener\">Grau Mitj\u00e0 en Sistemes Microinform\u00e0tics i Xarxes<span class=\"dashicons dashicons-pdf custom-icons\">\u00a0<\/span><\/a><\/li>\n<li><a href=\"https:\/\/agora.xtec.cat\/insmarianao\/wp-content\/uploads\/usu2666\/2025\/09\/Fulls-Informatius-ASIX-2025-2026-1.pdf\" target=\"_blank\" rel=\"noopener\">Grau Superior en Administraci\u00f3 de Sistemes Inform\u00e0tics en Xarxa<span class=\"dashicons dashicons-pdf custom-icons\">\u00a0<\/span><\/a><\/li>\n<li><a href=\"https:\/\/agora.xtec.cat\/insmarianao\/wp-content\/uploads\/usu2666\/2025\/09\/Fulls-informatius-DAM-2025-2026-1.pdf\" target=\"_blank\" rel=\"noopener\">Grau Superior en Desenvolupament d&#8217;Aplicacions Multiplataforma<span class=\"dashicons dashicons-pdf custom-icons\">\u00a0<\/span><\/a><\/li>\n<li><a href=\"https:\/\/agora.xtec.cat\/insmarianao\/wp-content\/uploads\/usu2666\/2025\/09\/Fulls-informatius-DAW-2025-2026-1.pdf\" target=\"_blank\" rel=\"noopener\">Grau Superior en Desenvolupament d&#8217;Aplicacions Web<span class=\"dashicons dashicons-pdf custom-icons\">\u00a0<\/span><\/a><\/li>\n<\/ul>\n<hr class=\"linea\" \/>\n<h2 id=\"inf7\">Normes de comportament a les aules d&#8217;Inform\u00e0tica<\/h2>\n<p><i class=\"fa fa-warning\" aria-hidden=\"true\">\u00a0<\/i>Cal seguir les seg\u00fcents normes atentament sempre que estigueu a les aules d&#8217;Inform\u00e0tica:<\/p>\n<ul>\n<li><a href=\"https:\/\/agora.xtec.cat\/insmarianao\/wp-content\/uploads\/usu2666\/2023\/07\/normativa_informatica.pdf\" target=\"_blank\" rel=\"noopener\">Normes de comportament a les aules d&#8217;Inform\u00e0tica<span class=\"dashicons dashicons-pdf custom-icons\">\u00a0<\/span><\/a><\/li>\n<\/ul>\n","protected":false},"excerpt":{"rendered":"<p>\u00cdndex Not\u00edcies Inform\u00e0tica Informaci\u00f3 general Inform\u00e0tica CFGM en Sistemes Microinform\u00e0tics i Xarxes (SMX) CFGS en Administraci\u00f3 de Sistemes Inform\u00e0tics en Xarxa (ASIX) CFGS en Desenvolupament d&#8217;Aplicacions Multiplataforma (DAM) CFGS en Desenvolupament d&#8217;Aplicacions Web (DAW) Fulls Informatius d&#8217;Inform\u00e0tica Normes de comportament a les aules d&#8217;Inform\u00e0tica Informaci\u00f3 general Inform\u00e0tica Els cicles formatius de la fam\u00edlia d&#8217;Inform\u00e0tica que [&hellip;]<\/p>\n","protected":false},"author":1,"featured_media":0,"parent":1432,"menu_order":3,"comment_status":"closed","ping_status":"closed","template":"","meta":{"_bbp_topic_count":0,"_bbp_reply_count":0,"_bbp_total_topic_count":0,"_bbp_total_reply_count":0,"_bbp_voice_count":0,"_bbp_anonymous_reply_count":0,"_bbp_topic_count_hidden":0,"_bbp_reply_count_hidden":0,"_bbp_forum_subforum_count":0,"site-sidebar-layout":"default","site-content-layout":"","ast-site-content-layout":"default","site-content-style":"default","site-sidebar-style":"default","ast-global-header-display":"","ast-banner-title-visibility":"","ast-main-header-display":"","ast-hfb-above-header-display":"","ast-hfb-below-header-display":"","ast-hfb-mobile-header-display":"","site-post-title":"","ast-breadcrumbs-content":"","ast-featured-img":"","footer-sml-layout":"","theme-transparent-header-meta":"default","adv-header-id-meta":"","stick-header-meta":"","header-above-stick-meta":"","header-main-stick-meta":"","header-below-stick-meta":"","astra-migrate-meta-layouts":"set","ast-page-background-enabled":"default","ast-page-background-meta":{"desktop":{"background-color":"var(--ast-global-color-4)","background-image":"","background-repeat":"repeat","background-position":"center center","background-size":"auto","background-attachment":"scroll","background-type":"","background-media":"","overlay-type":"","overlay-color":"","overlay-opacity":"","overlay-gradient":""},"tablet":{"background-color":"","background-image":"","background-repeat":"repeat","background-position":"center center","background-size":"auto","background-attachment":"scroll","background-type":"","background-media":"","overlay-type":"","overlay-color":"","overlay-opacity":"","overlay-gradient":""},"mobile":{"background-color":"","background-image":"","background-repeat":"repeat","background-position":"center center","background-size":"auto","background-attachment":"scroll","background-type":"","background-media":"","overlay-type":"","overlay-color":"","overlay-opacity":"","overlay-gradient":""}},"ast-content-background-meta":{"desktop":{"background-color":"var(--ast-global-color-5)","background-image":"","background-repeat":"repeat","background-position":"center center","background-size":"auto","background-attachment":"scroll","background-type":"","background-media":"","overlay-type":"","overlay-color":"","overlay-opacity":"","overlay-gradient":""},"tablet":{"background-color":"var(--ast-global-color-5)","background-image":"","background-repeat":"repeat","background-position":"center center","background-size":"auto","background-attachment":"scroll","background-type":"","background-media":"","overlay-type":"","overlay-color":"","overlay-opacity":"","overlay-gradient":""},"mobile":{"background-color":"var(--ast-global-color-5)","background-image":"","background-repeat":"repeat","background-position":"center center","background-size":"auto","background-attachment":"scroll","background-type":"","background-media":"","overlay-type":"","overlay-color":"","overlay-opacity":"","overlay-gradient":""}},"footnotes":""},"class_list":["post-812","page","type-page","status-publish","hentry"],"post_mailing_queue_ids":[],"_links":{"self":[{"href":"https:\/\/agora.xtec.cat\/insmarianao\/wp-json\/wp\/v2\/pages\/812","targetHints":{"allow":["GET"]}}],"collection":[{"href":"https:\/\/agora.xtec.cat\/insmarianao\/wp-json\/wp\/v2\/pages"}],"about":[{"href":"https:\/\/agora.xtec.cat\/insmarianao\/wp-json\/wp\/v2\/types\/page"}],"author":[{"embeddable":true,"href":"https:\/\/agora.xtec.cat\/insmarianao\/wp-json\/wp\/v2\/users\/1"}],"replies":[{"embeddable":true,"href":"https:\/\/agora.xtec.cat\/insmarianao\/wp-json\/wp\/v2\/comments?post=812"}],"version-history":[{"count":6,"href":"https:\/\/agora.xtec.cat\/insmarianao\/wp-json\/wp\/v2\/pages\/812\/revisions"}],"predecessor-version":[{"id":5599,"href":"https:\/\/agora.xtec.cat\/insmarianao\/wp-json\/wp\/v2\/pages\/812\/revisions\/5599"}],"up":[{"embeddable":true,"href":"https:\/\/agora.xtec.cat\/insmarianao\/wp-json\/wp\/v2\/pages\/1432"}],"wp:attachment":[{"href":"https:\/\/agora.xtec.cat\/insmarianao\/wp-json\/wp\/v2\/media?parent=812"}],"curies":[{"name":"wp","href":"https:\/\/api.w.org\/{rel}","templated":true}]}}