{"id":705,"date":"2022-02-08T22:51:49","date_gmt":"2022-02-08T21:51:49","guid":{"rendered":"https:\/\/agora.xtec.cat\/insmarianao\/?page_id=705"},"modified":"2026-01-23T16:42:32","modified_gmt":"2026-01-23T15:42:32","slug":"portes-obertes","status":"publish","type":"page","link":"https:\/\/agora.xtec.cat\/insmarianao\/secretaria-i-gestions\/portes-obertes\/","title":{"rendered":"Portes Obertes"},"content":{"rendered":"<div class=\"header-common-style header-portes-obertes\"><\/div>\n<h2>QU\u00c8 S\u00d3N?<\/h2>\n<p style=\"text-align: justify;\">Cada any el centre organitza una s\u00e8rie de jornades de portes ofertes adre\u00e7ades a les fam\u00edlies i als alumnes que estiguin interessats en matricular-se al nostre institut.<\/p>\n<h2>A QUI S\u2019ADRECEN?<\/h2>\n<p style=\"text-align: justify;\">Aquestes jornades es dediquen a atendre per separat cadascun dels nivells educatius: ESO, Batxillerat, Cicles formatius de Grau mitj\u00e0 i Cicles formatius de Grau superior. El contingut de les sessions, gen\u00e8ricament, tracta temes tant administratius (proc\u00e9s i calendari de preinscripci\u00f3 i de matr\u00edcula) com d\u2019organitzaci\u00f3 general del centre i de l\u2019etapa educativa o la fam\u00edlia professional en q\u00fcesti\u00f3, aix\u00ed com una visita al centre.<\/p>\n<h2>DATES<\/h2>\n<div style=\"background-color: #f1f4e0; padding: 15px; margin-bottom: 15px;\"><strong>ESO<\/strong>: Dijous 26 de febrer de 2026 a les 17:30h<br \/>\n<strong>Batxillerat<\/strong>: Dijous 26 de mar\u00e7 de 2026 a les 18:00h<\/div>\n<p style=\"text-align: justify;\">Les dates de cadascuna de les jornades de portes obertes (ESO, Batxillerat o CFGM\/CFGS) estan en funci\u00f3 del calendari oficial de preinscripci\u00f3 i matr\u00edcula que es publica a Catalunya anualment.<\/p>\n<p><strong>Orientativament<\/strong>, la data de celebraci\u00f3 de les portes obertes ser\u00e0:<\/p>\n<ul>\n<li>ESO (febrer\/mar\u00e7)<\/li>\n<li>Batxillerat (mar\u00e7\/abril)<\/li>\n<li>CFGM (abril)<\/li>\n<li>CFGS (abril)<\/li>\n<\/ul>\n<h2>M\u00c9S INFORMACI\u00d3<\/h2>\n<ul>\n<li>Consulti peri\u00f2dicament la web de l&#8217;Institut.<\/li>\n<\/ul>\n","protected":false},"excerpt":{"rendered":"<p>QU\u00c8 S\u00d3N? Cada any el centre organitza una s\u00e8rie de jornades de portes ofertes adre\u00e7ades a les fam\u00edlies i als alumnes que estiguin interessats en matricular-se al nostre institut. A QUI S\u2019ADRECEN? Aquestes jornades es dediquen a atendre per separat cadascun dels nivells educatius: ESO, Batxillerat, Cicles formatius de Grau mitj\u00e0 i Cicles formatius de [&hellip;]<\/p>\n","protected":false},"author":1,"featured_media":0,"parent":977,"menu_order":7,"comment_status":"closed","ping_status":"closed","template":"","meta":{"_bbp_topic_count":0,"_bbp_reply_count":0,"_bbp_total_topic_count":0,"_bbp_total_reply_count":0,"_bbp_voice_count":0,"_bbp_anonymous_reply_count":0,"_bbp_topic_count_hidden":0,"_bbp_reply_count_hidden":0,"_bbp_forum_subforum_count":0,"site-sidebar-layout":"default","site-content-layout":"","ast-site-content-layout":"default","site-content-style":"default","site-sidebar-style":"default","ast-global-header-display":"","ast-banner-title-visibility":"","ast-main-header-display":"","ast-hfb-above-header-display":"","ast-hfb-below-header-display":"","ast-hfb-mobile-header-display":"","site-post-title":"","ast-breadcrumbs-content":"","ast-featured-img":"","footer-sml-layout":"","theme-transparent-header-meta":"default","adv-header-id-meta":"","stick-header-meta":"","header-above-stick-meta":"","header-main-stick-meta":"","header-below-stick-meta":"","astra-migrate-meta-layouts":"set","ast-page-background-enabled":"default","ast-page-background-meta":{"desktop":{"background-color":"var(--ast-global-color-4)","background-image":"","background-repeat":"repeat","background-position":"center center","background-size":"auto","background-attachment":"scroll","background-type":"","background-media":"","overlay-type":"","overlay-color":"","overlay-opacity":"","overlay-gradient":""},"tablet":{"background-color":"","background-image":"","background-repeat":"repeat","background-position":"center center","background-size":"auto","background-attachment":"scroll","background-type":"","background-media":"","overlay-type":"","overlay-color":"","overlay-opacity":"","overlay-gradient":""},"mobile":{"background-color":"","background-image":"","background-repeat":"repeat","background-position":"center center","background-size":"auto","background-attachment":"scroll","background-type":"","background-media":"","overlay-type":"","overlay-color":"","overlay-opacity":"","overlay-gradient":""}},"ast-content-background-meta":{"desktop":{"background-color":"var(--ast-global-color-5)","background-image":"","background-repeat":"repeat","background-position":"center center","background-size":"auto","background-attachment":"scroll","background-type":"","background-media":"","overlay-type":"","overlay-color":"","overlay-opacity":"","overlay-gradient":""},"tablet":{"background-color":"var(--ast-global-color-5)","background-image":"","background-repeat":"repeat","background-position":"center center","background-size":"auto","background-attachment":"scroll","background-type":"","background-media":"","overlay-type":"","overlay-color":"","overlay-opacity":"","overlay-gradient":""},"mobile":{"background-color":"var(--ast-global-color-5)","background-image":"","background-repeat":"repeat","background-position":"center center","background-size":"auto","background-attachment":"scroll","background-type":"","background-media":"","overlay-type":"","overlay-color":"","overlay-opacity":"","overlay-gradient":""}},"footnotes":""},"class_list":["post-705","page","type-page","status-publish","hentry"],"post_mailing_queue_ids":[],"_links":{"self":[{"href":"https:\/\/agora.xtec.cat\/insmarianao\/wp-json\/wp\/v2\/pages\/705","targetHints":{"allow":["GET"]}}],"collection":[{"href":"https:\/\/agora.xtec.cat\/insmarianao\/wp-json\/wp\/v2\/pages"}],"about":[{"href":"https:\/\/agora.xtec.cat\/insmarianao\/wp-json\/wp\/v2\/types\/page"}],"author":[{"embeddable":true,"href":"https:\/\/agora.xtec.cat\/insmarianao\/wp-json\/wp\/v2\/users\/1"}],"replies":[{"embeddable":true,"href":"https:\/\/agora.xtec.cat\/insmarianao\/wp-json\/wp\/v2\/comments?post=705"}],"version-history":[{"count":6,"href":"https:\/\/agora.xtec.cat\/insmarianao\/wp-json\/wp\/v2\/pages\/705\/revisions"}],"predecessor-version":[{"id":5525,"href":"https:\/\/agora.xtec.cat\/insmarianao\/wp-json\/wp\/v2\/pages\/705\/revisions\/5525"}],"up":[{"embeddable":true,"href":"https:\/\/agora.xtec.cat\/insmarianao\/wp-json\/wp\/v2\/pages\/977"}],"wp:attachment":[{"href":"https:\/\/agora.xtec.cat\/insmarianao\/wp-json\/wp\/v2\/media?parent=705"}],"curies":[{"name":"wp","href":"https:\/\/api.w.org\/{rel}","templated":true}]}}