{"id":6389,"date":"2026-09-02T18:33:43","date_gmt":"2026-09-02T16:33:43","guid":{"rendered":"https:\/\/agora.xtec.cat\/insmarianao\/?page_id=6389"},"modified":"2026-09-02T18:37:07","modified_gmt":"2026-09-02T16:37:07","slug":"vacants-de-cicles-formatius-cua-virtual","status":"publish","type":"page","link":"https:\/\/agora.xtec.cat\/insmarianao\/secretaria-i-gestions\/preinscripcio-i-matricula\/vacants-de-cicles-formatius-cua-virtual\/","title":{"rendered":"Vacants de Cicles Formatius (Cua virtual)"},"content":{"rendered":"<h4>Curs 2026-2027<\/h4>\n<p style=\"text-align: justify;\">El Departament d&#8217;Educaci\u00f3 i Formaci\u00f3 Professional ha habilitat un nou sistema per distribuir les places vacants de FP dels instituts (cua virtual).<\/p>\n<p style=\"text-align: justify;\">El dia 7 es publicaran les places vacants de cada centre al web <a href=\"https:\/\/preinscripcio.gencat.cat\/ca\/inici\" target=\"_blank\" rel=\"noopener\">preinscripcio.gencat.cat<\/a><\/p>\n<p style=\"text-align: justify;\">Per accedir a aquestes possibles places vacants, caldr\u00e0 que t&#8217;apuntis al web del centre escollit (no presencialment) durant el dia 7 de setembre.<\/p>\n<p style=\"text-align: justify;\">A partir del 8 de setembre, el centre es posar\u00e0 en contacte amb tu per gestionar la teva sol\u00b7licitud, seguint l&#8217;ordre assignat pel gestor de cues.<\/p>\n<p style=\"text-align: justify;\">Al llistat ordenat que es generar\u00e0 s&#8217;inclouen les dades b\u00e0siques de contacte de les persones inscrites. A partir d\u2019aquest llistat, el centre contacta directament amb l\u2019alumnat i l\u2019at\u00e9n d&#8217;acord amb l&#8217;ordre establert a la cua.<\/p>\n<p style=\"text-align: justify;\">Quan arribi el teu torn, podr\u00e0s optar a qualsevol de les vacants disponibles en aquell moment i dels cicles formatius per als quals compleixis els requisits d&#8217;acc\u00e9s.<\/p>\n<p style=\"text-align: justify;\">L\u2019alumnat es pot inscriure a la cua virtual d&#8217;un centre que disposi de vacants i, si ho considera oport\u00fa, tamb\u00e9 pot inscriure\u2019s simult\u00e0niament a les cues d\u2019altres centres. En aquesta fase no se sol\u00b7licita pla\u00e7a per a un cicle formatiu concret, sin\u00f3 que la inscripci\u00f3 es fa a nivell de centre.<\/p>\n<p style=\"text-align: justify;\">La possibilitat d&#8217;obtenir pla\u00e7a dependr\u00e0, en primer lloc, de les vacants disponibles en cada cicle en el moment de l&#8217;atenci\u00f3 i, despr\u00e9s, de la posici\u00f3 a la cua.<\/p>\n<p><strong>Termini per inscriure&#8217;s a la cua virtual: 7 de setembre de 2026, entre les 09.00 h i les 23.59 h.<\/strong><\/p>\n<ul style=\"margin-bottom: 50px;\">\n<li><a href=\"https:\/\/aplicacions.gestioeducativa.gencat.cat\/ords\/pls\/apex\/f?p=20160079072543618:650:::NO:650:P650_CENTRE:950279C726C63CE289C53255DC3F9577A92F810C5B271613\" target=\"_blank\" rel=\"noopener\">Inscriu-te a la cua virtual de CFGM<\/a><\/li>\n<li><a href=\"https:\/\/aplicacions.gestioeducativa.gencat.cat\/ords\/pls\/apex\/f?p=20160079072543618:650:::NO:650:P650_CENTRE:950279C726C63CE289C53255DC3F9577A92F810C5B271613\" target=\"_blank\" rel=\"noopener\">Inscriu-te a la cua virtual de CFGS<\/a><\/li>\n<\/ul>\n","protected":false},"excerpt":{"rendered":"<p>Curs 2026-2027 El Departament d&#8217;Educaci\u00f3 i Formaci\u00f3 Professional ha habilitat un nou sistema per distribuir les places vacants de FP dels instituts (cua virtual). El dia 7 es publicaran les places vacants de cada centre al web preinscripcio.gencat.cat Per accedir a aquestes possibles places vacants, caldr\u00e0 que t&#8217;apuntis al web del centre escollit (no presencialment) [&hellip;]<\/p>\n","protected":false},"author":1,"featured_media":0,"parent":979,"menu_order":5,"comment_status":"closed","ping_status":"closed","template":"","meta":{"_bbp_topic_count":0,"_bbp_reply_count":0,"_bbp_total_topic_count":0,"_bbp_total_reply_count":0,"_bbp_voice_count":0,"_bbp_anonymous_reply_count":0,"_bbp_topic_count_hidden":0,"_bbp_reply_count_hidden":0,"_bbp_forum_subforum_count":0,"site-sidebar-layout":"default","site-content-layout":"","ast-site-content-layout":"default","site-content-style":"default","site-sidebar-style":"default","ast-global-header-display":"","ast-banner-title-visibility":"","ast-main-header-display":"","ast-hfb-above-header-display":"","ast-hfb-below-header-display":"","ast-hfb-mobile-header-display":"","site-post-title":"","ast-breadcrumbs-content":"","ast-featured-img":"","footer-sml-layout":"","theme-transparent-header-meta":"default","adv-header-id-meta":"","stick-header-meta":"","header-above-stick-meta":"","header-main-stick-meta":"","header-below-stick-meta":"","astra-migrate-meta-layouts":"set","ast-page-background-enabled":"default","ast-page-background-meta":{"desktop":{"background-color":"var(--ast-global-color-4)","background-image":"","background-repeat":"repeat","background-position":"center center","background-size":"auto","background-attachment":"scroll","background-type":"","background-media":"","overlay-type":"","overlay-color":"","overlay-opacity":"","overlay-gradient":""},"tablet":{"background-color":"","background-image":"","background-repeat":"repeat","background-position":"center center","background-size":"auto","background-attachment":"scroll","background-type":"","background-media":"","overlay-type":"","overlay-color":"","overlay-opacity":"","overlay-gradient":""},"mobile":{"background-color":"","background-image":"","background-repeat":"repeat","background-position":"center center","background-size":"auto","background-attachment":"scroll","background-type":"","background-media":"","overlay-type":"","overlay-color":"","overlay-opacity":"","overlay-gradient":""}},"ast-content-background-meta":{"desktop":{"background-color":"var(--ast-global-color-5)","background-image":"","background-repeat":"repeat","background-position":"center center","background-size":"auto","background-attachment":"scroll","background-type":"","background-media":"","overlay-type":"","overlay-color":"","overlay-opacity":"","overlay-gradient":""},"tablet":{"background-color":"var(--ast-global-color-5)","background-image":"","background-repeat":"repeat","background-position":"center center","background-size":"auto","background-attachment":"scroll","background-type":"","background-media":"","overlay-type":"","overlay-color":"","overlay-opacity":"","overlay-gradient":""},"mobile":{"background-color":"var(--ast-global-color-5)","background-image":"","background-repeat":"repeat","background-position":"center center","background-size":"auto","background-attachment":"scroll","background-type":"","background-media":"","overlay-type":"","overlay-color":"","overlay-opacity":"","overlay-gradient":""}},"footnotes":""},"class_list":["post-6389","page","type-page","status-publish","hentry"],"post_mailing_queue_ids":[],"_links":{"self":[{"href":"https:\/\/agora.xtec.cat\/insmarianao\/wp-json\/wp\/v2\/pages\/6389","targetHints":{"allow":["GET"]}}],"collection":[{"href":"https:\/\/agora.xtec.cat\/insmarianao\/wp-json\/wp\/v2\/pages"}],"about":[{"href":"https:\/\/agora.xtec.cat\/insmarianao\/wp-json\/wp\/v2\/types\/page"}],"author":[{"embeddable":true,"href":"https:\/\/agora.xtec.cat\/insmarianao\/wp-json\/wp\/v2\/users\/1"}],"replies":[{"embeddable":true,"href":"https:\/\/agora.xtec.cat\/insmarianao\/wp-json\/wp\/v2\/comments?post=6389"}],"version-history":[{"count":3,"href":"https:\/\/agora.xtec.cat\/insmarianao\/wp-json\/wp\/v2\/pages\/6389\/revisions"}],"predecessor-version":[{"id":6392,"href":"https:\/\/agora.xtec.cat\/insmarianao\/wp-json\/wp\/v2\/pages\/6389\/revisions\/6392"}],"up":[{"embeddable":true,"href":"https:\/\/agora.xtec.cat\/insmarianao\/wp-json\/wp\/v2\/pages\/979"}],"wp:attachment":[{"href":"https:\/\/agora.xtec.cat\/insmarianao\/wp-json\/wp\/v2\/media?parent=6389"}],"curies":[{"name":"wp","href":"https:\/\/api.w.org\/{rel}","templated":true}]}}

<h4>Curs 2026-2027</h4>
<p style="text-align: justify;">El Departament d&#8217;Educació i Formació Professional ha habilitat un nou sistema per distribuir les places vacants de FP dels instituts (cua virtual).</p>
<p style="text-align: justify;">El dia 7 es publicaran les places vacants de cada centre al web <a href="https://preinscripcio.gencat.cat/ca/inici" target="_blank" rel="noopener">preinscripcio.gencat.cat</a></p>
<p style="text-align: justify;">Per accedir a aquestes possibles places vacants, caldrà que t&#8217;apuntis al web del centre escollit (no presencialment) durant el dia 7 de setembre.</p>
<p style="text-align: justify;">A partir del 8 de setembre, el centre es posarà en contacte amb tu per gestionar la teva sol·licitud, seguint l&#8217;ordre assignat pel gestor de cues.</p>
<p style="text-align: justify;">Al llistat ordenat que es generarà s&#8217;inclouen les dades bàsiques de contacte de les persones inscrites. A partir d’aquest llistat, el centre contacta directament amb l’alumnat i l’atén d&#8217;acord amb l&#8217;ordre establert a la cua.</p>
<p style="text-align: justify;">Quan arribi el teu torn, podràs optar a qualsevol de les vacants disponibles en aquell moment i dels cicles formatius per als quals compleixis els requisits d&#8217;accés.</p>
<p style="text-align: justify;">L’alumnat es pot inscriure a la cua virtual d&#8217;un centre que disposi de vacants i, si ho considera oportú, també pot inscriure’s simultàniament a les cues d’altres centres. En aquesta fase no se sol·licita plaça per a un cicle formatiu concret, sinó que la inscripció es fa a nivell de centre.</p>
<p style="text-align: justify;">La possibilitat d&#8217;obtenir plaça dependrà, en primer lloc, de les vacants disponibles en cada cicle en el moment de l&#8217;atenció i, després, de la posició a la cua.</p>
<p><strong>Termini per inscriure&#8217;s a la cua virtual: 7 de setembre de 2026, entre les 09.00 h i les 23.59 h.</strong></p>
<ul style="margin-bottom: 50px;">
<li><a href="https://aplicacions.gestioeducativa.gencat.cat/ords/pls/apex/f?p=20160079072543618:650:::NO:650:P650_CENTRE:950279C726C63CE289C53255DC3F9577A92F810C5B271613" target="_blank" rel="noopener">Inscriu-te a la cua virtual de CFGM</a></li>
<li><a href="https://aplicacions.gestioeducativa.gencat.cat/ords/pls/apex/f?p=20160079072543618:650:::NO:650:P650_CENTRE:950279C726C63CE289C53255DC3F9577A92F810C5B271613" target="_blank" rel="noopener">Inscriu-te a la cua virtual de CFGS</a></li>
</ul>

<p>Curs 2026-2027 El Departament d&#8217;Educació i Formació Professional ha habilitat un nou sistema per distribuir les places vacants de FP dels instituts (cua virtual). El dia 7 es publicaran les places vacants de cada centre al web preinscripcio.gencat.cat Per accedir a aquestes possibles places vacants, caldrà que t&#8217;apuntis al web del centre escollit (no presencialment) [&hellip;]</p>
