{"id":1477,"date":"2023-06-23T17:59:14","date_gmt":"2023-06-23T15:59:14","guid":{"rendered":"https:\/\/agora.xtec.cat\/insmarianao\/?page_id=1477"},"modified":"2025-01-22T22:27:31","modified_gmt":"2025-01-22T21:27:31","slug":"linstitut","status":"publish","type":"page","link":"https:\/\/agora.xtec.cat\/insmarianao\/linstitut\/","title":{"rendered":"L&#8217;INSTITUT"},"content":{"rendered":"<div class=\"section-img-header\">\n<div class=\"section-icons-content\"><img decoding=\"async\" src=\"https:\/\/agora.xtec.cat\/insmarianao\/wp-content\/uploads\/usu2666\/2023\/06\/school_icon.png\" alt=\"school icon\" \/><\/div>\n<\/div>\n<ul>\n<li><a href=\"https:\/\/agora.xtec.cat\/insmarianao\/linstitut\/sobre-linstitut\/\">Sobre l&#8217;Institut<\/a><\/li>\n<li><a href=\"https:\/\/agora.xtec.cat\/insmarianao\/linstitut\/contacte\/\">Contacte<\/a><\/li>\n<li><a href=\"https:\/\/agora.xtec.cat\/insmarianao\/linstitut\/agraiments-queixes-i-suggeriments\/\">Agra\u00efments, queixes i suggeriments<\/a><\/li>\n<li><a href=\"https:\/\/agora.xtec.cat\/insmarianao\/linstitut\/documents-de-centre\/\">Documents de centre<\/a><\/li>\n<li><a href=\"https:\/\/agora.xtec.cat\/insmarianao\/linstitut\/serveis\/\">Serveis<\/a>\n<ul>\n<li style=\"list-style-type: none;\">\n<ul>\n<li><a href=\"http:\/\/www.ampainsmarianao.org\/\" target=\"_blank\" rel=\"noopener\">AMPA<\/a><\/li>\n<li><a href=\"https:\/\/agora.xtec.cat\/insmarianao\/linstitut\/serveis\/biblioteca\/\">Biblioteca<\/a><\/li>\n<li><a href=\"https:\/\/agora.xtec.cat\/insmarianao\/linstitut\/serveis\/cantina\/\">Cantina<\/a><\/li>\n<\/ul>\n<\/li>\n<\/ul>\n<\/li>\n<li><a href=\"https:\/\/agora.xtec.cat\/insmarianao\/linstitut\/prevencio-de-riscos-laborals\/\">Prevenci\u00f3 de Riscos Laborals<\/a><\/li>\n<li><a href=\"https:\/\/sites.google.com\/xtec.cat\/edc-institut-marianao\/inici\" target=\"_blank\" rel=\"noopener\">Estrat\u00e8gia Digital de Centre<\/a><\/li>\n<li><a href=\"https:\/\/agora.xtec.cat\/insmarianao\/linstitut\/grups-de-millora\/\" rel=\"noopener\">Grups de Millora<\/a><\/li>\n<li><a href=\"https:\/\/agora.xtec.cat\/insmarianao\/linstitut\/infermeria-de-linstitut-marianao\/\" rel=\"noopener\">Infermeria de l&#8217;Institut Marianao<\/a><\/li>\n<\/ul>\n","protected":false},"excerpt":{"rendered":"<p>Sobre l&#8217;Institut Contacte Agra\u00efments, queixes i suggeriments Documents de centre Serveis AMPA Biblioteca Cantina Prevenci\u00f3 de Riscos Laborals Estrat\u00e8gia Digital de Centre Grups de Millora Infermeria de l&#8217;Institut Marianao<\/p>\n","protected":false},"author":1,"featured_media":0,"parent":0,"menu_order":0,"comment_status":"closed","ping_status":"closed","template":"page-templates\/side-menu.php","meta":{"_bbp_topic_count":0,"_bbp_reply_count":0,"_bbp_total_topic_count":0,"_bbp_total_reply_count":0,"_bbp_voice_count":0,"_bbp_anonymous_reply_count":0,"_bbp_topic_count_hidden":0,"_bbp_reply_count_hidden":0,"_bbp_forum_subforum_count":0,"site-sidebar-layout":"default","site-content-layout":"","ast-site-content-layout":"","site-content-style":"default","site-sidebar-style":"default","ast-global-header-display":"","ast-banner-title-visibility":"","ast-main-header-display":"","ast-hfb-above-header-display":"","ast-hfb-below-header-display":"","ast-hfb-mobile-header-display":"","site-post-title":"","ast-breadcrumbs-content":"","ast-featured-img":"","footer-sml-layout":"","theme-transparent-header-meta":"","adv-header-id-meta":"","stick-header-meta":"","header-above-stick-meta":"","header-main-stick-meta":"","header-below-stick-meta":"","astra-migrate-meta-layouts":"default","ast-page-background-enabled":"default","ast-page-background-meta":{"desktop":{"background-color":"var(--ast-global-color-4)","background-image":"","background-repeat":"repeat","background-position":"center center","background-size":"auto","background-attachment":"scroll","background-type":"","background-media":"","overlay-type":"","overlay-color":"","overlay-opacity":"","overlay-gradient":""},"tablet":{"background-color":"","background-image":"","background-repeat":"repeat","background-position":"center center","background-size":"auto","background-attachment":"scroll","background-type":"","background-media":"","overlay-type":"","overlay-color":"","overlay-opacity":"","overlay-gradient":""},"mobile":{"background-color":"","background-image":"","background-repeat":"repeat","background-position":"center center","background-size":"auto","background-attachment":"scroll","background-type":"","background-media":"","overlay-type":"","overlay-color":"","overlay-opacity":"","overlay-gradient":""}},"ast-content-background-meta":{"desktop":{"background-color":"var(--ast-global-color-5)","background-image":"","background-repeat":"repeat","background-position":"center center","background-size":"auto","background-attachment":"scroll","background-type":"","background-media":"","overlay-type":"","overlay-color":"","overlay-opacity":"","overlay-gradient":""},"tablet":{"background-color":"var(--ast-global-color-5)","background-image":"","background-repeat":"repeat","background-position":"center center","background-size":"auto","background-attachment":"scroll","background-type":"","background-media":"","overlay-type":"","overlay-color":"","overlay-opacity":"","overlay-gradient":""},"mobile":{"background-color":"var(--ast-global-color-5)","background-image":"","background-repeat":"repeat","background-position":"center center","background-size":"auto","background-attachment":"scroll","background-type":"","background-media":"","overlay-type":"","overlay-color":"","overlay-opacity":"","overlay-gradient":""}},"footnotes":""},"class_list":["post-1477","page","type-page","status-publish","hentry"],"post_mailing_queue_ids":[],"_links":{"self":[{"href":"https:\/\/agora.xtec.cat\/insmarianao\/wp-json\/wp\/v2\/pages\/1477","targetHints":{"allow":["GET"]}}],"collection":[{"href":"https:\/\/agora.xtec.cat\/insmarianao\/wp-json\/wp\/v2\/pages"}],"about":[{"href":"https:\/\/agora.xtec.cat\/insmarianao\/wp-json\/wp\/v2\/types\/page"}],"author":[{"embeddable":true,"href":"https:\/\/agora.xtec.cat\/insmarianao\/wp-json\/wp\/v2\/users\/1"}],"replies":[{"embeddable":true,"href":"https:\/\/agora.xtec.cat\/insmarianao\/wp-json\/wp\/v2\/comments?post=1477"}],"version-history":[{"count":5,"href":"https:\/\/agora.xtec.cat\/insmarianao\/wp-json\/wp\/v2\/pages\/1477\/revisions"}],"predecessor-version":[{"id":4283,"href":"https:\/\/agora.xtec.cat\/insmarianao\/wp-json\/wp\/v2\/pages\/1477\/revisions\/4283"}],"wp:attachment":[{"href":"https:\/\/agora.xtec.cat\/insmarianao\/wp-json\/wp\/v2\/media?parent=1477"}],"curies":[{"name":"wp","href":"https:\/\/api.w.org\/{rel}","templated":true}]}}