{"id":1437,"date":"2023-06-22T19:53:16","date_gmt":"2023-06-22T17:53:16","guid":{"rendered":"https:\/\/agora.xtec.cat\/insmarianao\/?page_id=1437"},"modified":"2026-02-03T11:32:58","modified_gmt":"2026-02-03T10:32:58","slug":"convalidacions","status":"publish","type":"page","link":"https:\/\/agora.xtec.cat\/insmarianao\/formacio-professional\/convalidacions\/","title":{"rendered":"Convalidacions"},"content":{"rendered":"<div class=\"header-common-style header-convalidacions\"><\/div>\n<h2>Documents<\/h2>\n<ul>\n<li><a href=\"https:\/\/agora.xtec.cat\/insmarianao\/wp-content\/uploads\/usu2666\/2025\/09\/CONVALIDACIONS_FP_TEORIA_25.pdf\" target=\"_blank\" rel=\"noopener\">Qu\u00e8 cal saber de les convalidacions de FP?<span class=\"dashicons dashicons-pdf custom-icons\">\u00a0<\/span><\/a><\/li>\n<li><a href=\"https:\/\/agora.xtec.cat\/insmarianao\/wp-content\/uploads\/usu2666\/2023\/07\/Convalidacions_FP_carta_alumnes.pdf\" target=\"_blank\" rel=\"noopener\">Convalidacions FP (Carta alumnes)<span class=\"dashicons dashicons-pdf custom-icons\">\u00a0<\/span><\/a><\/li>\n<li><a href=\"https:\/\/agora.xtec.cat\/insmarianao\/wp-content\/uploads\/usu2666\/2024\/09\/M303-Convalidacions-fp.pdf\" target=\"_blank\" rel=\"noopener\">Document per sol\u00b7licitar convalidacions (M303)<span class=\"dashicons dashicons-pdf custom-icons\">\u00a0<\/span><\/a><\/li>\n<\/ul>\n<h2>M\u00f2duls i UF convalidables (Actualitzat a data 10\/09\/2024)<\/h2>\n<h4>Convalidacions transversals<\/h4>\n<div style=\"margin-left: 20px;\">\n<p><span style=\"text-decoration: underline;\"><strong>Nou pla<\/strong><\/span><\/p>\n<ul>\n<li><a href=\"https:\/\/agora.xtec.cat\/insmarianao\/wp-content\/uploads\/usu2666\/2024\/09\/Llengua-estrangera_2425_noupla.pdf\" target=\"_blank\" rel=\"noopener\">Llengua estrangera<span class=\"dashicons dashicons-pdf custom-icons\">\u00a0<\/span><\/a><\/li>\n<li><a href=\"https:\/\/agora.xtec.cat\/insmarianao\/wp-content\/uploads\/usu2666\/2024\/09\/IPO_DIGIT_SOST_2425_noupla-1.pdf\" target=\"_blank\" rel=\"noopener\">IPO \/ DIGIT. \/ SOST.<span class=\"dashicons dashicons-pdf custom-icons\">\u00a0<\/span><\/a><\/li>\n<\/ul>\n<p><span style=\"text-decoration: underline;\"><strong>Antic pla<\/strong><\/span><\/p>\n<ul>\n<li><a href=\"https:\/\/agora.xtec.cat\/insmarianao\/wp-content\/uploads\/usu2666\/2024\/09\/Llengua-estrangera_2425extincio-1.pdf\" target=\"_blank\" rel=\"noopener\">Llengua estrangera<span class=\"dashicons dashicons-pdf custom-icons\">\u00a0<\/span><\/a><\/li>\n<li><a href=\"https:\/\/agora.xtec.cat\/insmarianao\/wp-content\/uploads\/usu2666\/2024\/09\/FOL_EIE_RET_RAT_2425extincio-1.pdf\" target=\"_blank\" rel=\"noopener\">FOL \/ EIE<span class=\"dashicons dashicons-pdf custom-icons\">\u00a0<\/span><\/a><\/li>\n<\/ul>\n<\/div>\n<h4>Comer\u00e7 i m\u00e0rqueting<\/h4>\n<div style=\"margin-left: 20px;\">\n<p><span style=\"text-decoration: underline;\"><strong>Nou pla<\/strong><\/span><\/p>\n<ul>\n<li><a href=\"https:\/\/agora.xtec.cat\/insmarianao\/wp-content\/uploads\/usu2666\/2024\/09\/CM10-CFGM-Activitats-comercials_2425_noupla.pdf\" target=\"_blank\" rel=\"noopener\">Activitats comercials (CFPM CM10)<span class=\"dashicons dashicons-pdf custom-icons\">\u00a0<\/span><\/a><\/li>\n<li><a href=\"https:\/\/agora.xtec.cat\/insmarianao\/wp-content\/uploads\/usu2666\/2024\/09\/CMB0-CFGS-Comerc-internacional_2425_noupla.pdf\" target=\"_blank\" rel=\"noopener\">Comer\u00e7 internacional (CFPS CMB0)<span class=\"dashicons dashicons-pdf custom-icons\">\u00a0<\/span><\/a><\/li>\n<li><a href=\"https:\/\/agora.xtec.cat\/insmarianao\/wp-content\/uploads\/usu2666\/2024\/09\/CMA0-CFGS-Gestio-de-vendes-i-espais-comercials_2425_noupla.pdf\" target=\"_blank\" rel=\"noopener\">Gesti\u00f3 de vendes i espais comercials (CFPS CMA0)<span class=\"dashicons dashicons-pdf custom-icons\">\u00a0<\/span><\/a><\/li>\n<\/ul>\n<p><span style=\"text-decoration: underline;\"><strong>Antic pla<\/strong><\/span><\/p>\n<ul>\n<li><a href=\"https:\/\/agora.xtec.cat\/insmarianao\/wp-content\/uploads\/usu2666\/2024\/09\/CM10-CFGM-Activitats-comercials_2425extincio.pdf\" target=\"_blank\" rel=\"noopener\">Activitats comercials (CFPM CM10)<span class=\"dashicons dashicons-pdf custom-icons\">\u00a0<\/span><\/a><\/li>\n<li><a href=\"https:\/\/agora.xtec.cat\/insmarianao\/wp-content\/uploads\/usu2666\/2024\/09\/CMB0-CFGS-Comerc-internacional_2425extincio.pdf\" target=\"_blank\" rel=\"noopener\">Comer\u00e7 internacional (CFPS CMB0)<span class=\"dashicons dashicons-pdf custom-icons\">\u00a0<\/span><\/a><\/li>\n<li><a href=\"https:\/\/agora.xtec.cat\/insmarianao\/wp-content\/uploads\/usu2666\/2024\/09\/CMA0-CFGS-Gestio-de-vendes-i-espais-comercials_2425extincio.pdf\" target=\"_blank\" rel=\"noopener\">Gesti\u00f3 de vendes i espais comercials (CFPS CMA0)<span class=\"dashicons dashicons-pdf custom-icons\">\u00a0<\/span><\/a><\/li>\n<\/ul>\n<\/div>\n<h4>Fabricaci\u00f3 mec\u00e0nica<\/h4>\n<div style=\"margin-left: 20px;\">\n<p><span style=\"text-decoration: underline;\"><strong>Nou pla<\/strong><\/span><\/p>\n<ul>\n<li><a href=\"https:\/\/agora.xtec.cat\/insmarianao\/wp-content\/uploads\/usu2666\/2024\/09\/FM20-CFGM-Mecanitzacio_2425_noupla.pdf\" target=\"_blank\" rel=\"noopener\">Mecanitzaci\u00f3 (CFPM FM20)<span class=\"dashicons dashicons-pdf custom-icons\">\u00a0<\/span><\/a><\/li>\n<li><a href=\"https:\/\/agora.xtec.cat\/insmarianao\/wp-content\/uploads\/usu2666\/2024\/09\/FMC0-CFGS-Disseny-en-fabricacio-mecanica_2425_noupla.pdf\" target=\"_blank\" rel=\"noopener\">Disseny en fabricaci\u00f3 mec\u00e0nica (CFPS FMC0)<span class=\"dashicons dashicons-pdf custom-icons\">\u00a0<\/span><\/a><\/li>\n<li><a href=\"https:\/\/agora.xtec.cat\/insmarianao\/wp-content\/uploads\/usu2666\/2024\/09\/FMB0-CFGS-Programacio-de-la-produccio-en-fabricacio-mecanica_2425_noupla.pdf\" target=\"_blank\" rel=\"noopener\">Programaci\u00f3 de la producci\u00f3 en fabricaci\u00f3 mec\u00e0nica (CFPS FMB0)<span class=\"dashicons dashicons-pdf custom-icons\">\u00a0<\/span><\/a><\/li>\n<\/ul>\n<p><span style=\"text-decoration: underline;\"><strong>Antic pla<\/strong><\/span><\/p>\n<ul>\n<li><a href=\"https:\/\/agora.xtec.cat\/insmarianao\/wp-content\/uploads\/usu2666\/2024\/09\/FM20-CFGM-Mecanitzacio_2425extincio.pdf\" target=\"_blank\" rel=\"noopener\">Mecanitzaci\u00f3 (CFPM FM20)<span class=\"dashicons dashicons-pdf custom-icons\">\u00a0<\/span><\/a><\/li>\n<li><a href=\"https:\/\/agora.xtec.cat\/insmarianao\/wp-content\/uploads\/usu2666\/2024\/09\/FMC0-CFGS-Disseny-en-fabricacio-mecanica_2425extincio.pdf\" target=\"_blank\" rel=\"noopener\">Disseny en fabricaci\u00f3 mec\u00e0nica (CFPS FMC0)<span class=\"dashicons dashicons-pdf custom-icons\">\u00a0<\/span><\/a><\/li>\n<li><a href=\"https:\/\/agora.xtec.cat\/insmarianao\/wp-content\/uploads\/usu2666\/2024\/09\/FMB0-CFGS-Programacio-de-la-produccio-en-fabricacio-mecanica_2425extincio.pdf\" target=\"_blank\" rel=\"noopener\">Programaci\u00f3 de la producci\u00f3 en fabricaci\u00f3 mec\u00e0nica (CFPS FMB0)<span class=\"dashicons dashicons-pdf custom-icons\">\u00a0<\/span><\/a><\/li>\n<\/ul>\n<\/div>\n<h4>Inform\u00e0tica<\/h4>\n<div style=\"margin-left: 20px;\">\n<p><span style=\"text-decoration: underline;\"><strong>Nou pla<\/strong><\/span><\/p>\n<ul>\n<li><a href=\"https:\/\/agora.xtec.cat\/insmarianao\/wp-content\/uploads\/usu2666\/2024\/09\/IC10-CFGM-Sistemes-microinformatics-i-xarxes_2425_noupla.pdf\" target=\"_blank\" rel=\"noopener\">Sistemes microinform\u00e0tics i xarxes (CFPM IC10)<span class=\"dashicons dashicons-pdf custom-icons\">\u00a0<\/span><\/a><\/li>\n<li><a href=\"https:\/\/agora.xtec.cat\/insmarianao\/wp-content\/uploads\/usu2666\/2024\/09\/ICA0-CFGS-Administracio-de-sistemes-informatics-en-xarxa_2425_noupla.pdf\" target=\"_blank\" rel=\"noopener\">Administraci\u00f3 de sistemes inform\u00e0tics en xarxa (CFPS ICA0)<span class=\"dashicons dashicons-pdf custom-icons\">\u00a0<\/span><\/a><\/li>\n<li><a href=\"https:\/\/agora.xtec.cat\/insmarianao\/wp-content\/uploads\/usu2666\/2024\/09\/ICB0-CFGS-Desenvolupament-daplicacions-multiplataforma_2425_noupla.pdf\" target=\"_blank\" rel=\"noopener\">Desenvolupament d&#8217;aplicacions multiplataforma (CFPS ICB0)<span class=\"dashicons dashicons-pdf custom-icons\">\u00a0<\/span><\/a><\/li>\n<li><a href=\"https:\/\/agora.xtec.cat\/insmarianao\/wp-content\/uploads\/usu2666\/2024\/09\/ICC0-CFGS-Desenvolupament-daplicacions-web_2425_noupla.pdf\" target=\"_blank\" rel=\"noopener\">Desenvolupament d&#8217;aplicacions web (CFPS ICC0)<span class=\"dashicons dashicons-pdf custom-icons\">\u00a0<\/span><\/a><\/li>\n<\/ul>\n<p><span style=\"text-decoration: underline;\"><strong>Antic pla<\/strong><\/span><\/p>\n<ul>\n<li><a href=\"https:\/\/agora.xtec.cat\/insmarianao\/wp-content\/uploads\/usu2666\/2024\/09\/IC10-CFGM-Sistemes-microinformatics-i-xarxes_2425extincio.pdf\" target=\"_blank\" rel=\"noopener\">Sistemes microinform\u00e0tics i xarxes (CFPM IC10)<span class=\"dashicons dashicons-pdf custom-icons\">\u00a0<\/span><\/a><\/li>\n<li><a href=\"https:\/\/agora.xtec.cat\/insmarianao\/wp-content\/uploads\/usu2666\/2024\/09\/ICA0-CFGS-Administracio-de-sistemes-informatics-en-xarxa_2425extincio.pdf\" target=\"_blank\" rel=\"noopener\">Administraci\u00f3 de sistemes inform\u00e0tics en xarxa (CFPS ICA0)<span class=\"dashicons dashicons-pdf custom-icons\">\u00a0<\/span><\/a><\/li>\n<li><a href=\"https:\/\/agora.xtec.cat\/insmarianao\/wp-content\/uploads\/usu2666\/2024\/09\/ICB0-CFGS-Desenvolupament-daplicacions-multiplataforma_2425extincio.pdf\" target=\"_blank\" rel=\"noopener\">Desenvolupament d&#8217;aplicacions multiplataforma (CFPS ICB0)<span class=\"dashicons dashicons-pdf custom-icons\">\u00a0<\/span><\/a><\/li>\n<li><a href=\"https:\/\/agora.xtec.cat\/insmarianao\/wp-content\/uploads\/usu2666\/2024\/09\/ICC0-CFGS-Desenvolupament-daplicacions-web_2425extincio.pdf\" target=\"_blank\" rel=\"noopener\">Desenvolupament d&#8217;aplicacions web (CFPS ICC0)<span class=\"dashicons dashicons-pdf custom-icons\">\u00a0<\/span><\/a><\/li>\n<\/ul>\n<\/div>\n","protected":false},"excerpt":{"rendered":"<p>Documents Qu\u00e8 cal saber de les convalidacions de FP?\u00a0 Convalidacions FP (Carta alumnes)\u00a0 Document per sol\u00b7licitar convalidacions (M303)\u00a0 M\u00f2duls i UF convalidables (Actualitzat a data 10\/09\/2024) Convalidacions transversals Nou pla Llengua estrangera\u00a0 IPO \/ DIGIT. \/ SOST.\u00a0 Antic pla Llengua estrangera\u00a0 FOL \/ EIE\u00a0 Comer\u00e7 i m\u00e0rqueting Nou pla Activitats comercials (CFPM CM10)\u00a0 Comer\u00e7 internacional [&hellip;]<\/p>\n","protected":false},"author":1,"featured_media":0,"parent":1432,"menu_order":5,"comment_status":"closed","ping_status":"closed","template":"","meta":{"_bbp_topic_count":0,"_bbp_reply_count":0,"_bbp_total_topic_count":0,"_bbp_total_reply_count":0,"_bbp_voice_count":0,"_bbp_anonymous_reply_count":0,"_bbp_topic_count_hidden":0,"_bbp_reply_count_hidden":0,"_bbp_forum_subforum_count":0,"site-sidebar-layout":"default","site-content-layout":"","ast-site-content-layout":"default","site-content-style":"default","site-sidebar-style":"default","ast-global-header-display":"","ast-banner-title-visibility":"","ast-main-header-display":"","ast-hfb-above-header-display":"","ast-hfb-below-header-display":"","ast-hfb-mobile-header-display":"","site-post-title":"","ast-breadcrumbs-content":"","ast-featured-img":"","footer-sml-layout":"","theme-transparent-header-meta":"default","adv-header-id-meta":"","stick-header-meta":"","header-above-stick-meta":"","header-main-stick-meta":"","header-below-stick-meta":"","astra-migrate-meta-layouts":"set","ast-page-background-enabled":"default","ast-page-background-meta":{"desktop":{"background-color":"var(--ast-global-color-4)","background-image":"","background-repeat":"repeat","background-position":"center center","background-size":"auto","background-attachment":"scroll","background-type":"","background-media":"","overlay-type":"","overlay-color":"","overlay-opacity":"","overlay-gradient":""},"tablet":{"background-color":"","background-image":"","background-repeat":"repeat","background-position":"center center","background-size":"auto","background-attachment":"scroll","background-type":"","background-media":"","overlay-type":"","overlay-color":"","overlay-opacity":"","overlay-gradient":""},"mobile":{"background-color":"","background-image":"","background-repeat":"repeat","background-position":"center center","background-size":"auto","background-attachment":"scroll","background-type":"","background-media":"","overlay-type":"","overlay-color":"","overlay-opacity":"","overlay-gradient":""}},"ast-content-background-meta":{"desktop":{"background-color":"var(--ast-global-color-5)","background-image":"","background-repeat":"repeat","background-position":"center center","background-size":"auto","background-attachment":"scroll","background-type":"","background-media":"","overlay-type":"","overlay-color":"","overlay-opacity":"","overlay-gradient":""},"tablet":{"background-color":"var(--ast-global-color-5)","background-image":"","background-repeat":"repeat","background-position":"center center","background-size":"auto","background-attachment":"scroll","background-type":"","background-media":"","overlay-type":"","overlay-color":"","overlay-opacity":"","overlay-gradient":""},"mobile":{"background-color":"var(--ast-global-color-5)","background-image":"","background-repeat":"repeat","background-position":"center center","background-size":"auto","background-attachment":"scroll","background-type":"","background-media":"","overlay-type":"","overlay-color":"","overlay-opacity":"","overlay-gradient":""}},"footnotes":""},"class_list":["post-1437","page","type-page","status-publish","hentry"],"post_mailing_queue_ids":[],"_links":{"self":[{"href":"https:\/\/agora.xtec.cat\/insmarianao\/wp-json\/wp\/v2\/pages\/1437","targetHints":{"allow":["GET"]}}],"collection":[{"href":"https:\/\/agora.xtec.cat\/insmarianao\/wp-json\/wp\/v2\/pages"}],"about":[{"href":"https:\/\/agora.xtec.cat\/insmarianao\/wp-json\/wp\/v2\/types\/page"}],"author":[{"embeddable":true,"href":"https:\/\/agora.xtec.cat\/insmarianao\/wp-json\/wp\/v2\/users\/1"}],"replies":[{"embeddable":true,"href":"https:\/\/agora.xtec.cat\/insmarianao\/wp-json\/wp\/v2\/comments?post=1437"}],"version-history":[{"count":7,"href":"https:\/\/agora.xtec.cat\/insmarianao\/wp-json\/wp\/v2\/pages\/1437\/revisions"}],"predecessor-version":[{"id":5607,"href":"https:\/\/agora.xtec.cat\/insmarianao\/wp-json\/wp\/v2\/pages\/1437\/revisions\/5607"}],"up":[{"embeddable":true,"href":"https:\/\/agora.xtec.cat\/insmarianao\/wp-json\/wp\/v2\/pages\/1432"}],"wp:attachment":[{"href":"https:\/\/agora.xtec.cat\/insmarianao\/wp-json\/wp\/v2\/media?parent=1437"}],"curies":[{"name":"wp","href":"https:\/\/api.w.org\/{rel}","templated":true}]}}