{"id":1432,"date":"2023-06-22T19:46:12","date_gmt":"2023-06-22T17:46:12","guid":{"rendered":"https:\/\/agora.xtec.cat\/insmarianao\/?page_id=1432"},"modified":"2026-02-02T19:19:57","modified_gmt":"2026-02-02T18:19:57","slug":"formacio-professional","status":"publish","type":"page","link":"https:\/\/agora.xtec.cat\/insmarianao\/formacio-professional\/","title":{"rendered":"FORMACI\u00d3 PROFESSIONAL"},"content":{"rendered":"<div class=\"header-common-style header-fp\"><\/div>\n<ul>\n<li><a href=\"https:\/\/agora.xtec.cat\/insmarianao\/formacio-professional\/informacio-general-fp\/\">Informaci\u00f3 general FP<\/a><\/li>\n<li><a href=\"https:\/\/agora.xtec.cat\/insmarianao\/formacio-professional\/comerc-i-marqueting\/\">Comer\u00e7 i M\u00e0rqueting<\/a><\/li>\n<li><a href=\"https:\/\/agora.xtec.cat\/insmarianao\/formacio-professional\/fabricacio-mecanica\/\">Fabricaci\u00f3 Mec\u00e0nica<\/a><\/li>\n<li><a href=\"https:\/\/agora.xtec.cat\/insmarianao\/formacio-professional\/informatica\/\">Inform\u00e0tica<\/a><\/li>\n<li><a href=\"https:\/\/agora.xtec.cat\/insmarianao\/formacio-professional\/programes-de-formacio-i-insercio-pfi\/\">Programes de Formaci\u00f3 i Inserci\u00f3 (PFI)<\/a><\/li>\n<li><a href=\"https:\/\/agora.xtec.cat\/insmarianao\/formacio-professional\/convalidacions\/\">Convalidacions<\/a><\/li>\n<li><a href=\"https:\/\/agora.xtec.cat\/insmarianao\/formacio-professional\/practiques-en-empresa\/\">Pr\u00e0ctiques en empresa<\/a><\/li>\n<li><a href=\"https:\/\/fpdual.institutmarianao.cat\/\" target=\"_blank\" rel=\"noopener\">FP DUAL<\/a><\/li>\n<li><a href=\"https:\/\/agora.xtec.cat\/insmarianao\/formacio-professional\/insercio-laboral\/\">Inserci\u00f3 Laboral<\/a><\/li>\n<li><a href=\"https:\/\/agora.xtec.cat\/insmarianao\/formacio-professional\/empreses-collaboradores\/\">Empreses col\u00b7laboradores<\/a><\/li>\n<li><a href=\"https:\/\/agora.xtec.cat\/insmarianao\/formacio-professional\/calendari-de-cicles\/\">Calendari de Cicles Curs 2024-2025<\/a><\/li>\n<li><a href=\"https:\/\/agora.xtec.cat\/insmarianao\/formacio-professional\/borsa-de-treball\/\">Borsa de treball<\/a><\/li>\n<\/ul>\n","protected":false},"excerpt":{"rendered":"<p>Informaci\u00f3 general FP Comer\u00e7 i M\u00e0rqueting Fabricaci\u00f3 Mec\u00e0nica Inform\u00e0tica Programes de Formaci\u00f3 i Inserci\u00f3 (PFI) Convalidacions Pr\u00e0ctiques en empresa FP DUAL Inserci\u00f3 Laboral Empreses col\u00b7laboradores Calendari de Cicles Curs 2024-2025 Borsa de treball<\/p>\n","protected":false},"author":1,"featured_media":0,"parent":0,"menu_order":0,"comment_status":"closed","ping_status":"closed","template":"","meta":{"_bbp_topic_count":0,"_bbp_reply_count":0,"_bbp_total_topic_count":0,"_bbp_total_reply_count":0,"_bbp_voice_count":0,"_bbp_anonymous_reply_count":0,"_bbp_topic_count_hidden":0,"_bbp_reply_count_hidden":0,"_bbp_forum_subforum_count":0,"site-sidebar-layout":"default","site-content-layout":"","ast-site-content-layout":"default","site-content-style":"default","site-sidebar-style":"default","ast-global-header-display":"","ast-banner-title-visibility":"","ast-main-header-display":"","ast-hfb-above-header-display":"","ast-hfb-below-header-display":"","ast-hfb-mobile-header-display":"","site-post-title":"","ast-breadcrumbs-content":"","ast-featured-img":"","footer-sml-layout":"","theme-transparent-header-meta":"default","adv-header-id-meta":"","stick-header-meta":"","header-above-stick-meta":"","header-main-stick-meta":"","header-below-stick-meta":"","astra-migrate-meta-layouts":"set","ast-page-background-enabled":"default","ast-page-background-meta":{"desktop":{"background-color":"var(--ast-global-color-4)","background-image":"","background-repeat":"repeat","background-position":"center center","background-size":"auto","background-attachment":"scroll","background-type":"","background-media":"","overlay-type":"","overlay-color":"","overlay-opacity":"","overlay-gradient":""},"tablet":{"background-color":"","background-image":"","background-repeat":"repeat","background-position":"center center","background-size":"auto","background-attachment":"scroll","background-type":"","background-media":"","overlay-type":"","overlay-color":"","overlay-opacity":"","overlay-gradient":""},"mobile":{"background-color":"","background-image":"","background-repeat":"repeat","background-position":"center center","background-size":"auto","background-attachment":"scroll","background-type":"","background-media":"","overlay-type":"","overlay-color":"","overlay-opacity":"","overlay-gradient":""}},"ast-content-background-meta":{"desktop":{"background-color":"var(--ast-global-color-5)","background-image":"","background-repeat":"repeat","background-position":"center center","background-size":"auto","background-attachment":"scroll","background-type":"","background-media":"","overlay-type":"","overlay-color":"","overlay-opacity":"","overlay-gradient":""},"tablet":{"background-color":"var(--ast-global-color-5)","background-image":"","background-repeat":"repeat","background-position":"center center","background-size":"auto","background-attachment":"scroll","background-type":"","background-media":"","overlay-type":"","overlay-color":"","overlay-opacity":"","overlay-gradient":""},"mobile":{"background-color":"var(--ast-global-color-5)","background-image":"","background-repeat":"repeat","background-position":"center center","background-size":"auto","background-attachment":"scroll","background-type":"","background-media":"","overlay-type":"","overlay-color":"","overlay-opacity":"","overlay-gradient":""}},"footnotes":""},"class_list":["post-1432","page","type-page","status-publish","hentry"],"post_mailing_queue_ids":[],"_links":{"self":[{"href":"https:\/\/agora.xtec.cat\/insmarianao\/wp-json\/wp\/v2\/pages\/1432","targetHints":{"allow":["GET"]}}],"collection":[{"href":"https:\/\/agora.xtec.cat\/insmarianao\/wp-json\/wp\/v2\/pages"}],"about":[{"href":"https:\/\/agora.xtec.cat\/insmarianao\/wp-json\/wp\/v2\/types\/page"}],"author":[{"embeddable":true,"href":"https:\/\/agora.xtec.cat\/insmarianao\/wp-json\/wp\/v2\/users\/1"}],"replies":[{"embeddable":true,"href":"https:\/\/agora.xtec.cat\/insmarianao\/wp-json\/wp\/v2\/comments?post=1432"}],"version-history":[{"count":6,"href":"https:\/\/agora.xtec.cat\/insmarianao\/wp-json\/wp\/v2\/pages\/1432\/revisions"}],"predecessor-version":[{"id":5587,"href":"https:\/\/agora.xtec.cat\/insmarianao\/wp-json\/wp\/v2\/pages\/1432\/revisions\/5587"}],"wp:attachment":[{"href":"https:\/\/agora.xtec.cat\/insmarianao\/wp-json\/wp\/v2\/media?parent=1432"}],"curies":[{"name":"wp","href":"https:\/\/api.w.org\/{rel}","templated":true}]}}