{"id":46,"date":"0201-02-17T20:38:45","date_gmt":"0201-02-17T20:38:45","guid":{"rendered":"http:\/\/agora.xtec.cat\/insmariadebell-lloc\/?page_id=46"},"modified":"2025-12-11T18:21:26","modified_gmt":"2025-12-11T17:21:26","slug":"organigrama","status":"publish","type":"page","link":"https:\/\/agora.xtec.cat\/insmariadebell-lloc\/linstitut\/organigrama\/","title":{"rendered":"Organigrama"},"content":{"rendered":"<p style=\"text-align: justify;\">Els \u00f2rgans de gesti\u00f3 i l&#8217;estructura organitzativa de l&#8217;institut v\u00e9nen regulats per la normativa vigent.<\/p>\n<p style=\"text-align: justify;\">La consecuci\u00f3 dels objectius que es planteja el centre implica el bon funcionament de l&#8217;estructura organitzativa que ho ha de fer possible.<\/p>\n<p style=\"text-align: justify;\">Els \u00f2rgans de gesti\u00f3 del centre s\u00f3n els seg\u00fcents: <a href=\"https:\/\/agora.xtec.cat\/insmariadebell-lloc\/linstitut\/consell-escolar\/membres\/\">Consell escolar<\/a>, <a href=\"https:\/\/agora.xtec.cat\/insmariadebell-lloc\/linstitut\/organigrama\/equip-directiu\/\">Equip directiu<\/a>, <a href=\"https:\/\/agora.xtec.cat\/insmariadebell-lloc\/linstitut\/organigrama\/equip-de-coordinacio\/\">Equip de coordinaci\u00f3<\/a>, <a href=\"https:\/\/agora.xtec.cat\/insmariadebell-lloc\/linstitut\/organigrama\/equips-docents-2\/\">Equips docents<\/a><\/p>\n\n\n<p><\/p>\n","protected":false},"excerpt":{"rendered":"<p>Els \u00f2rgans de gesti\u00f3 i l&#8217;estructura organitzativa de l&#8217;institut v\u00e9nen regulats per la normativa vigent. La consecuci\u00f3 dels objectius que es planteja el centre implica el bon funcionament de l&#8217;estructura organitzativa que ho ha de fer possible. Els \u00f2rgans de gesti\u00f3 del centre s\u00f3n els seg\u00fcents: Consell escolar, Equip directiu, Equip de coordinaci\u00f3, Equips docents<\/p>\n","protected":false},"author":1,"featured_media":0,"parent":19,"menu_order":50,"comment_status":"closed","ping_status":"closed","template":"","meta":{"_bbp_topic_count":0,"_bbp_reply_count":0,"_bbp_total_topic_count":0,"_bbp_total_reply_count":0,"_bbp_voice_count":0,"_bbp_anonymous_reply_count":0,"_bbp_topic_count_hidden":0,"_bbp_reply_count_hidden":0,"_bbp_forum_subforum_count":0,"site-sidebar-layout":"default","site-content-layout":"","ast-site-content-layout":"default","site-content-style":"default","site-sidebar-style":"default","ast-global-header-display":"","ast-banner-title-visibility":"","ast-main-header-display":"","ast-hfb-above-header-display":"","ast-hfb-below-header-display":"","ast-hfb-mobile-header-display":"","site-post-title":"","ast-breadcrumbs-content":"","ast-featured-img":"","footer-sml-layout":"","theme-transparent-header-meta":"","adv-header-id-meta":"","stick-header-meta":"","header-above-stick-meta":"","header-main-stick-meta":"","header-below-stick-meta":"","astra-migrate-meta-layouts":"set","ast-page-background-enabled":"default","ast-page-background-meta":{"desktop":{"background-color":"var(--ast-global-color-4)","background-image":"","background-repeat":"repeat","background-position":"center center","background-size":"auto","background-attachment":"scroll","background-type":"","background-media":"","overlay-type":"","overlay-color":"","overlay-opacity":"","overlay-gradient":""},"tablet":{"background-color":"","background-image":"","background-repeat":"repeat","background-position":"center center","background-size":"auto","background-attachment":"scroll","background-type":"","background-media":"","overlay-type":"","overlay-color":"","overlay-opacity":"","overlay-gradient":""},"mobile":{"background-color":"","background-image":"","background-repeat":"repeat","background-position":"center center","background-size":"auto","background-attachment":"scroll","background-type":"","background-media":"","overlay-type":"","overlay-color":"","overlay-opacity":"","overlay-gradient":""}},"ast-content-background-meta":{"desktop":{"background-color":"var(--ast-global-color-5)","background-image":"","background-repeat":"repeat","background-position":"center center","background-size":"auto","background-attachment":"scroll","background-type":"","background-media":"","overlay-type":"","overlay-color":"","overlay-opacity":"","overlay-gradient":""},"tablet":{"background-color":"var(--ast-global-color-5)","background-image":"","background-repeat":"repeat","background-position":"center center","background-size":"auto","background-attachment":"scroll","background-type":"","background-media":"","overlay-type":"","overlay-color":"","overlay-opacity":"","overlay-gradient":""},"mobile":{"background-color":"var(--ast-global-color-5)","background-image":"","background-repeat":"repeat","background-position":"center center","background-size":"auto","background-attachment":"scroll","background-type":"","background-media":"","overlay-type":"","overlay-color":"","overlay-opacity":"","overlay-gradient":""}},"footnotes":""},"class_list":["post-46","page","type-page","status-publish","hentry"],"post_mailing_queue_ids":[],"_links":{"self":[{"href":"https:\/\/agora.xtec.cat\/insmariadebell-lloc\/wp-json\/wp\/v2\/pages\/46","targetHints":{"allow":["GET"]}}],"collection":[{"href":"https:\/\/agora.xtec.cat\/insmariadebell-lloc\/wp-json\/wp\/v2\/pages"}],"about":[{"href":"https:\/\/agora.xtec.cat\/insmariadebell-lloc\/wp-json\/wp\/v2\/types\/page"}],"author":[{"embeddable":true,"href":"https:\/\/agora.xtec.cat\/insmariadebell-lloc\/wp-json\/wp\/v2\/users\/1"}],"replies":[{"embeddable":true,"href":"https:\/\/agora.xtec.cat\/insmariadebell-lloc\/wp-json\/wp\/v2\/comments?post=46"}],"version-history":[{"count":6,"href":"https:\/\/agora.xtec.cat\/insmariadebell-lloc\/wp-json\/wp\/v2\/pages\/46\/revisions"}],"predecessor-version":[{"id":4439,"href":"https:\/\/agora.xtec.cat\/insmariadebell-lloc\/wp-json\/wp\/v2\/pages\/46\/revisions\/4439"}],"up":[{"embeddable":true,"href":"https:\/\/agora.xtec.cat\/insmariadebell-lloc\/wp-json\/wp\/v2\/pages\/19"}],"wp:attachment":[{"href":"https:\/\/agora.xtec.cat\/insmariadebell-lloc\/wp-json\/wp\/v2\/media?parent=46"}],"curies":[{"name":"wp","href":"https:\/\/api.w.org\/{rel}","templated":true}]}}