{"id":21,"date":"2019-02-06T16:14:14","date_gmt":"2019-02-06T15:14:14","guid":{"rendered":"http:\/\/agora.xtec.cat\/insmariadebell-lloc\/?page_id=21"},"modified":"2023-11-14T16:55:30","modified_gmt":"2023-11-14T15:55:30","slug":"on-som","status":"publish","type":"page","link":"https:\/\/agora.xtec.cat\/insmariadebell-lloc\/linstitut\/on-som\/","title":{"rendered":"On som"},"content":{"rendered":"<p style=\"color: #666666;\"><strong>Ins. Maria de Bell-lloc<\/strong><br \/>\nAv. Castell de Montbui, 11<br \/>\n08415 Bigues i Riells del Fai<br \/>\nTel: 93 865 68 90<br \/>\nCorreu electr\u00f2nic del <strong>centre<\/strong>: secretaria@mariabell-lloc.cat<br \/>\nCorreu electr\u00f2nic de l&#8217;<strong>AFA<\/strong>: ampa.ies.biguesiriells@gmail.com<\/p>\n<p>&nbsp;<\/p>\n<p><strong>Com arribar-hi:<br \/>\n<\/strong><\/p>\n<p><iframe loading=\"lazy\" src=\"https:\/\/www.google.com\/maps\/embed?pb=!1m18!1m12!1m3!1d8429.282505382213!2d2.2015055081044514!3d41.67299342092747!2m3!1f0!2f0!3f0!3m2!1i1024!2i768!4f13.1!3m3!1m2!1s0x12a4c23be9638207%3A0xe93c0ae3ff33ccb6!2sInstitut+Maria+de+Bell-lloc!5e0!3m2!1sca!2ses!4v1549566562383\" width=\"400\" height=\"300\" frameborder=\"0\"><\/iframe><a href=\"https:\/\/agora.xtec.cat\/insmariadebell-lloc\/wp-content\/uploads\/usu1991\/2019\/02\/punt.png\"><img loading=\"lazy\" decoding=\"async\" class=\"alignleft wp-image-692\" src=\"https:\/\/agora.xtec.cat\/insmariadebell-lloc\/wp-content\/uploads\/usu1991\/2019\/02\/punt-150x150.png\" alt=\"\" width=\"82\" height=\"82\" srcset=\"https:\/\/agora.xtec.cat\/insmariadebell-lloc\/wp-content\/uploads\/usu1991\/2019\/02\/punt-150x150.png 150w, https:\/\/agora.xtec.cat\/insmariadebell-lloc\/wp-content\/uploads\/usu1991\/2019\/02\/punt.png 300w\" sizes=\"auto, (max-width: 82px) 100vw, 82px\" \/><\/a><\/p>\n<ul>\n<li>Autob\u00fas: L\u00ednia E7<\/li>\n<\/ul>\n","protected":false},"excerpt":{"rendered":"<p>Ins. Maria de Bell-lloc Av. Castell de Montbui, 11 08415 Bigues i Riells del Fai Tel: 93 865 68 90 Correu electr\u00f2nic del centre: secretaria@mariabell-lloc.cat Correu electr\u00f2nic de l&#8217;AFA: ampa.ies.biguesiriells@gmail.com &nbsp; Com arribar-hi: Autob\u00fas: L\u00ednia E7<\/p>\n","protected":false},"author":1,"featured_media":0,"parent":19,"menu_order":10,"comment_status":"closed","ping_status":"closed","template":"page-templates\/side-menu.php","meta":{"_bbp_topic_count":0,"_bbp_reply_count":0,"_bbp_total_topic_count":0,"_bbp_total_reply_count":0,"_bbp_voice_count":0,"_bbp_anonymous_reply_count":0,"_bbp_topic_count_hidden":0,"_bbp_reply_count_hidden":0,"_bbp_forum_subforum_count":0,"site-sidebar-layout":"default","site-content-layout":"","ast-site-content-layout":"","site-content-style":"default","site-sidebar-style":"default","ast-global-header-display":"","ast-banner-title-visibility":"","ast-main-header-display":"","ast-hfb-above-header-display":"","ast-hfb-below-header-display":"","ast-hfb-mobile-header-display":"","site-post-title":"","ast-breadcrumbs-content":"","ast-featured-img":"","footer-sml-layout":"","theme-transparent-header-meta":"","adv-header-id-meta":"","stick-header-meta":"","header-above-stick-meta":"","header-main-stick-meta":"","header-below-stick-meta":"","astra-migrate-meta-layouts":"default","ast-page-background-enabled":"default","ast-page-background-meta":{"desktop":{"background-color":"var(--ast-global-color-4)","background-image":"","background-repeat":"repeat","background-position":"center center","background-size":"auto","background-attachment":"scroll","background-type":"","background-media":"","overlay-type":"","overlay-color":"","overlay-opacity":"","overlay-gradient":""},"tablet":{"background-color":"","background-image":"","background-repeat":"repeat","background-position":"center center","background-size":"auto","background-attachment":"scroll","background-type":"","background-media":"","overlay-type":"","overlay-color":"","overlay-opacity":"","overlay-gradient":""},"mobile":{"background-color":"","background-image":"","background-repeat":"repeat","background-position":"center center","background-size":"auto","background-attachment":"scroll","background-type":"","background-media":"","overlay-type":"","overlay-color":"","overlay-opacity":"","overlay-gradient":""}},"ast-content-background-meta":{"desktop":{"background-color":"var(--ast-global-color-5)","background-image":"","background-repeat":"repeat","background-position":"center center","background-size":"auto","background-attachment":"scroll","background-type":"","background-media":"","overlay-type":"","overlay-color":"","overlay-opacity":"","overlay-gradient":""},"tablet":{"background-color":"var(--ast-global-color-5)","background-image":"","background-repeat":"repeat","background-position":"center center","background-size":"auto","background-attachment":"scroll","background-type":"","background-media":"","overlay-type":"","overlay-color":"","overlay-opacity":"","overlay-gradient":""},"mobile":{"background-color":"var(--ast-global-color-5)","background-image":"","background-repeat":"repeat","background-position":"center center","background-size":"auto","background-attachment":"scroll","background-type":"","background-media":"","overlay-type":"","overlay-color":"","overlay-opacity":"","overlay-gradient":""}},"footnotes":""},"class_list":["post-21","page","type-page","status-publish","hentry"],"post_mailing_queue_ids":[],"_links":{"self":[{"href":"https:\/\/agora.xtec.cat\/insmariadebell-lloc\/wp-json\/wp\/v2\/pages\/21","targetHints":{"allow":["GET"]}}],"collection":[{"href":"https:\/\/agora.xtec.cat\/insmariadebell-lloc\/wp-json\/wp\/v2\/pages"}],"about":[{"href":"https:\/\/agora.xtec.cat\/insmariadebell-lloc\/wp-json\/wp\/v2\/types\/page"}],"author":[{"embeddable":true,"href":"https:\/\/agora.xtec.cat\/insmariadebell-lloc\/wp-json\/wp\/v2\/users\/1"}],"replies":[{"embeddable":true,"href":"https:\/\/agora.xtec.cat\/insmariadebell-lloc\/wp-json\/wp\/v2\/comments?post=21"}],"version-history":[{"count":5,"href":"https:\/\/agora.xtec.cat\/insmariadebell-lloc\/wp-json\/wp\/v2\/pages\/21\/revisions"}],"predecessor-version":[{"id":3747,"href":"https:\/\/agora.xtec.cat\/insmariadebell-lloc\/wp-json\/wp\/v2\/pages\/21\/revisions\/3747"}],"up":[{"embeddable":true,"href":"https:\/\/agora.xtec.cat\/insmariadebell-lloc\/wp-json\/wp\/v2\/pages\/19"}],"wp:attachment":[{"href":"https:\/\/agora.xtec.cat\/insmariadebell-lloc\/wp-json\/wp\/v2\/media?parent=21"}],"curies":[{"name":"wp","href":"https:\/\/api.w.org\/{rel}","templated":true}]}}