{"id":700,"date":"2018-07-26T18:46:29","date_gmt":"2018-07-26T16:46:29","guid":{"rendered":"http:\/\/agora.xtec.cat\/insmariacanela\/?page_id=700"},"modified":"2026-02-04T13:07:04","modified_gmt":"2026-02-04T12:07:04","slug":"visual-i-plastica","status":"publish","type":"page","link":"https:\/\/agora.xtec.cat\/insmariacanela\/projectes\/experiencies-cientificotecniques\/visual-i-plastica\/","title":{"rendered":"Visual i pl\u00e0stica"},"content":{"rendered":"<p><span style=\"color: #339966;\"><strong>Primer i quart d&#8217;ESO:<\/strong><\/span><\/p>\n<p><a href=\"https:\/\/agora.xtec.cat\/insmariacanela\/wp-content\/uploads\/usu413\/2019\/03\/1-1.jpg\"><img loading=\"lazy\" decoding=\"async\" class=\"alignnone wp-image-1266\" src=\"https:\/\/agora.xtec.cat\/insmariacanela\/wp-content\/uploads\/usu413\/2019\/03\/1-1-1024x768.jpg\" alt=\"\" width=\"400\" height=\"300\" srcset=\"https:\/\/agora.xtec.cat\/insmariacanela\/wp-content\/uploads\/usu413\/2019\/03\/1-1-1024x768.jpg 1024w, https:\/\/agora.xtec.cat\/insmariacanela\/wp-content\/uploads\/usu413\/2019\/03\/1-1-300x225.jpg 300w, https:\/\/agora.xtec.cat\/insmariacanela\/wp-content\/uploads\/usu413\/2019\/03\/1-1-768x576.jpg 768w, https:\/\/agora.xtec.cat\/insmariacanela\/wp-content\/uploads\/usu413\/2019\/03\/1-1-200x150.jpg 200w, https:\/\/agora.xtec.cat\/insmariacanela\/wp-content\/uploads\/usu413\/2019\/03\/1-1.jpg 1419w\" sizes=\"auto, (max-width: 400px) 100vw, 400px\" \/>\u00a0<\/a> <a href=\"https:\/\/agora.xtec.cat\/insmariacanela\/wp-content\/uploads\/usu413\/2019\/03\/2.jpg\"><img loading=\"lazy\" decoding=\"async\" class=\"alignnone wp-image-1267\" src=\"https:\/\/agora.xtec.cat\/insmariacanela\/wp-content\/uploads\/usu413\/2019\/03\/2-1024x768.jpg\" alt=\"\" width=\"403\" height=\"302\" srcset=\"https:\/\/agora.xtec.cat\/insmariacanela\/wp-content\/uploads\/usu413\/2019\/03\/2-1024x768.jpg 1024w, https:\/\/agora.xtec.cat\/insmariacanela\/wp-content\/uploads\/usu413\/2019\/03\/2-300x225.jpg 300w, https:\/\/agora.xtec.cat\/insmariacanela\/wp-content\/uploads\/usu413\/2019\/03\/2-768x576.jpg 768w, https:\/\/agora.xtec.cat\/insmariacanela\/wp-content\/uploads\/usu413\/2019\/03\/2-200x150.jpg 200w, https:\/\/agora.xtec.cat\/insmariacanela\/wp-content\/uploads\/usu413\/2019\/03\/2.jpg 1856w\" sizes=\"auto, (max-width: 403px) 100vw, 403px\" \/><\/a><\/p>\n<p><em><a href=\"https:\/\/photos.app.goo.gl\/enFRQpVQwiktd2GB3\"><span style=\"color: #339966;\"><strong>FOTOGRAFIES DE VISUAL I PL\u00c0STICA:<\/strong><\/span><\/a><\/em><\/p>\n<ul>\n<li><em><a href=\"https:\/\/photos.app.goo.gl\/enFRQpVQwiktd2GB3\">Fotografies de les pr\u00e0ctiques de Visual i Pl\u00e0stica<\/a><\/em><\/li>\n<\/ul>\n<p><span style=\"color: #339966;\"><strong>Participaci\u00f3 de 1r d&#8217;ESO en les activitats del 25\u00e8 aniversari de LA MARAT\u00d3 DE TV3: <\/strong><\/span><em>Participaci\u00f3 coordinada des de l\u2019Ajuntament i els centres educatius de Martorell amb la col\u00b7laboraci\u00f3 del AMPA.\u00a0<\/em><\/p>\n<ul>\n<li><em><a href=\"https:\/\/photos.google.com\/share\/AF1QipNNVSvcvgKnFrrIX_998pIXIdskZj-aLjx9op9ZPZms7SMBI6UQcPf6PsVCOf809g?key=cnBvMzVSdHhFbXBHSncyOVp0SThFci1PaFpDVnJR\">Fotograf\u00edes de la col.laboraci\u00f3 a la Marat\u00f3 de TV3<\/a>\u00a0 \u00a0<\/em><\/li>\n<\/ul>\n<p><span style=\"color: #339966;\"><strong>Premi de cartells NADALEM 2019 a l&#8217;artista local menor de 16 anys Judith Chac\u00f3n Valenzuela. Optativa de visual i plastica 4t d&#8217;ESO.<\/strong><\/span><\/p>\n<ul>\n<li><a href=\"https:\/\/photos.app.goo.gl\/eFQ3iMMod62hzwT17\"><i>Fotografies del l&#8217;Entrega de premis Nadalem 2019<\/i><\/a><\/li>\n<\/ul>\n<p><strong><span style=\"color: #339966;\">Pr\u00e0ctica de videoclip anual al 3r trimestre amb diferents t\u00e8cniques audiovisuals (1rs d&#8217;ESO):<\/span><\/strong><\/p>\n<div class=\"ast-oembed-container \" style=\"height: 100%;\"><iframe loading=\"lazy\" title=\"Stopmotion 2020 1rs d&#039;ESO - Institut Maria Canela\" width=\"500\" height=\"281\" src=\"https:\/\/www.youtube.com\/embed\/q1HXdydsyz0?feature=oembed\" frameborder=\"0\" allow=\"accelerometer; autoplay; clipboard-write; encrypted-media; gyroscope; picture-in-picture; web-share\" referrerpolicy=\"strict-origin-when-cross-origin\" allowfullscreen><\/iframe><\/div>\n<div class=\"ast-oembed-container \" style=\"height: 100%;\"><iframe loading=\"lazy\" title=\"Whiteboard animation: Eppur si muove\" width=\"500\" height=\"281\" src=\"https:\/\/www.youtube.com\/embed\/8hpS6eywWVs?feature=oembed\" frameborder=\"0\" allow=\"accelerometer; autoplay; clipboard-write; encrypted-media; gyroscope; picture-in-picture; web-share\" referrerpolicy=\"strict-origin-when-cross-origin\" allowfullscreen><\/iframe><\/div>\n<div class=\"ast-oembed-container \" style=\"height: 100%;\"><iframe loading=\"lazy\" title=\"Mou el teu cos\" width=\"500\" height=\"281\" src=\"https:\/\/www.youtube.com\/embed\/QbrxYECGCes?feature=oembed\" frameborder=\"0\" allow=\"accelerometer; autoplay; clipboard-write; encrypted-media; gyroscope; picture-in-picture; web-share\" referrerpolicy=\"strict-origin-when-cross-origin\" allowfullscreen><\/iframe><\/div>\n<div class=\"ast-oembed-container \" style=\"height: 100%;\"><iframe loading=\"lazy\" title=\"VIDEOCLIP - Si jo fos un drac\" width=\"500\" height=\"281\" src=\"https:\/\/www.youtube.com\/embed\/N1AsBzdHdds?feature=oembed\" frameborder=\"0\" allow=\"accelerometer; autoplay; clipboard-write; encrypted-media; gyroscope; picture-in-picture; web-share\" referrerpolicy=\"strict-origin-when-cross-origin\" allowfullscreen><\/iframe><\/div>\n<div class=\"ast-oembed-container \" style=\"height: 100%;\"><iframe loading=\"lazy\" title=\"VIDEOCLIP - Whiteboard stop-motion (La pissarra m\u00e0gica)\" width=\"500\" height=\"375\" src=\"https:\/\/www.youtube.com\/embed\/0UKWz1B8r08?feature=oembed\" frameborder=\"0\" allow=\"accelerometer; autoplay; clipboard-write; encrypted-media; gyroscope; picture-in-picture; web-share\" referrerpolicy=\"strict-origin-when-cross-origin\" allowfullscreen><\/iframe><\/div>\n<div class=\"ast-oembed-container \" style=\"height: 100%;\"><iframe loading=\"lazy\" title=\"VIDEOCLIP - Pixilation (Moviment imparable)\" width=\"500\" height=\"281\" src=\"https:\/\/www.youtube.com\/embed\/qQWcpq2Mb2o?feature=oembed\" frameborder=\"0\" allow=\"accelerometer; autoplay; clipboard-write; encrypted-media; gyroscope; picture-in-picture; web-share\" referrerpolicy=\"strict-origin-when-cross-origin\" allowfullscreen><\/iframe><\/div>\n<div class=\"ast-oembed-container \" style=\"height: 100%;\"><iframe loading=\"lazy\" title=\"VIDEOCLIP - Perspectiva for\u00e7ada\" width=\"500\" height=\"375\" src=\"https:\/\/www.youtube.com\/embed\/dr2BBt2-Xt0?feature=oembed\" frameborder=\"0\" allow=\"accelerometer; autoplay; clipboard-write; encrypted-media; gyroscope; picture-in-picture; web-share\" referrerpolicy=\"strict-origin-when-cross-origin\" allowfullscreen><\/iframe><\/div>\n<p>PR\u00c0CTIQUES:<\/p>\n<p><a href=\"http:\/\/agora.xtec.cat\/insmariacanela\/wp-content\/uploads\/usu413\/2018\/07\/vip2-1024x729.jpg\"><img loading=\"lazy\" decoding=\"async\" class=\"alignnone size-large wp-image-722\" src=\"http:\/\/agora.xtec.cat\/insmariacanela\/wp-content\/uploads\/usu413\/2018\/07\/vip2-1024x729-1024x729.jpg\" alt=\"\" width=\"1024\" height=\"729\" srcset=\"https:\/\/agora.xtec.cat\/insmariacanela\/wp-content\/uploads\/usu413\/2018\/07\/vip2-1024x729.jpg 1024w, https:\/\/agora.xtec.cat\/insmariacanela\/wp-content\/uploads\/usu413\/2018\/07\/vip2-1024x729-300x214.jpg 300w, https:\/\/agora.xtec.cat\/insmariacanela\/wp-content\/uploads\/usu413\/2018\/07\/vip2-1024x729-768x547.jpg 768w\" sizes=\"auto, (max-width: 1024px) 100vw, 1024px\" \/><\/a><\/p>\n","protected":false},"excerpt":{"rendered":"<p>Primer i quart d&#8217;ESO: \u00a0 FOTOGRAFIES DE VISUAL I PL\u00c0STICA: Fotografies de les pr\u00e0ctiques de Visual i Pl\u00e0stica Participaci\u00f3 de 1r d&#8217;ESO en les activitats del 25\u00e8 aniversari de LA MARAT\u00d3 DE TV3: Participaci\u00f3 coordinada des de l\u2019Ajuntament i els centres educatius de Martorell amb la col\u00b7laboraci\u00f3 del AMPA.\u00a0 Fotograf\u00edes de la col.laboraci\u00f3 a la [&hellip;]<\/p>\n","protected":false},"author":1,"featured_media":0,"parent":641,"menu_order":4,"comment_status":"closed","ping_status":"closed","template":"","meta":{"_bbp_topic_count":0,"_bbp_reply_count":0,"_bbp_total_topic_count":0,"_bbp_total_reply_count":0,"_bbp_voice_count":0,"_bbp_anonymous_reply_count":0,"_bbp_topic_count_hidden":0,"_bbp_reply_count_hidden":0,"_bbp_forum_subforum_count":0,"site-sidebar-layout":"default","site-content-layout":"","ast-site-content-layout":"default","site-content-style":"default","site-sidebar-style":"default","ast-global-header-display":"","ast-banner-title-visibility":"","ast-main-header-display":"","ast-hfb-above-header-display":"","ast-hfb-below-header-display":"","ast-hfb-mobile-header-display":"","site-post-title":"","ast-breadcrumbs-content":"","ast-featured-img":"","footer-sml-layout":"","theme-transparent-header-meta":"","adv-header-id-meta":"","stick-header-meta":"","header-above-stick-meta":"","header-main-stick-meta":"","header-below-stick-meta":"","astra-migrate-meta-layouts":"set","ast-page-background-enabled":"default","ast-page-background-meta":{"desktop":{"background-color":"var(--ast-global-color-4)","background-image":"","background-repeat":"repeat","background-position":"center center","background-size":"auto","background-attachment":"scroll","background-type":"","background-media":"","overlay-type":"","overlay-color":"","overlay-opacity":"","overlay-gradient":""},"tablet":{"background-color":"","background-image":"","background-repeat":"repeat","background-position":"center center","background-size":"auto","background-attachment":"scroll","background-type":"","background-media":"","overlay-type":"","overlay-color":"","overlay-opacity":"","overlay-gradient":""},"mobile":{"background-color":"","background-image":"","background-repeat":"repeat","background-position":"center center","background-size":"auto","background-attachment":"scroll","background-type":"","background-media":"","overlay-type":"","overlay-color":"","overlay-opacity":"","overlay-gradient":""}},"ast-content-background-meta":{"desktop":{"background-color":"var(--ast-global-color-5)","background-image":"","background-repeat":"repeat","background-position":"center center","background-size":"auto","background-attachment":"scroll","background-type":"","background-media":"","overlay-type":"","overlay-color":"","overlay-opacity":"","overlay-gradient":""},"tablet":{"background-color":"var(--ast-global-color-5)","background-image":"","background-repeat":"repeat","background-position":"center center","background-size":"auto","background-attachment":"scroll","background-type":"","background-media":"","overlay-type":"","overlay-color":"","overlay-opacity":"","overlay-gradient":""},"mobile":{"background-color":"var(--ast-global-color-5)","background-image":"","background-repeat":"repeat","background-position":"center center","background-size":"auto","background-attachment":"scroll","background-type":"","background-media":"","overlay-type":"","overlay-color":"","overlay-opacity":"","overlay-gradient":""}},"footnotes":""},"class_list":["post-700","page","type-page","status-publish","hentry"],"post_mailing_queue_ids":[],"_links":{"self":[{"href":"https:\/\/agora.xtec.cat\/insmariacanela\/wp-json\/wp\/v2\/pages\/700","targetHints":{"allow":["GET"]}}],"collection":[{"href":"https:\/\/agora.xtec.cat\/insmariacanela\/wp-json\/wp\/v2\/pages"}],"about":[{"href":"https:\/\/agora.xtec.cat\/insmariacanela\/wp-json\/wp\/v2\/types\/page"}],"author":[{"embeddable":true,"href":"https:\/\/agora.xtec.cat\/insmariacanela\/wp-json\/wp\/v2\/users\/1"}],"replies":[{"embeddable":true,"href":"https:\/\/agora.xtec.cat\/insmariacanela\/wp-json\/wp\/v2\/comments?post=700"}],"version-history":[{"count":3,"href":"https:\/\/agora.xtec.cat\/insmariacanela\/wp-json\/wp\/v2\/pages\/700\/revisions"}],"predecessor-version":[{"id":5949,"href":"https:\/\/agora.xtec.cat\/insmariacanela\/wp-json\/wp\/v2\/pages\/700\/revisions\/5949"}],"up":[{"embeddable":true,"href":"https:\/\/agora.xtec.cat\/insmariacanela\/wp-json\/wp\/v2\/pages\/641"}],"wp:attachment":[{"href":"https:\/\/agora.xtec.cat\/insmariacanela\/wp-json\/wp\/v2\/media?parent=700"}],"curies":[{"name":"wp","href":"https:\/\/api.w.org\/{rel}","templated":true}]}}