{"id":387,"date":"2018-07-22T13:35:26","date_gmt":"2018-07-22T11:35:26","guid":{"rendered":"http:\/\/agora.xtec.cat\/insmariacanela\/?page_id=387"},"modified":"2026-02-19T16:09:49","modified_gmt":"2026-02-19T15:09:49","slug":"consell-escolar","status":"publish","type":"page","link":"https:\/\/agora.xtec.cat\/insmariacanela\/organitzacio-2\/consell-escolar\/","title":{"rendered":"Consell escolar 2025\/26"},"content":{"rendered":"\n<p class=\"has-ast-global-color-0-background-color has-background\"><strong>Equip directiu<\/strong><\/p>\n\n\n\n<p><strong>\u00a0<\/strong>Carme Mas (directora)<\/p>\n\n\n\n<p>Laura Soul\u00e8re (cap d&#8217;estudis)<\/p>\n\n\n\n<p>Gemma Gallart (secretaria)<\/p>\n\n\n\n<p class=\"has-black-color has-ast-global-color-0-background-color has-text-color has-background has-link-color wp-elements-dc500b33d30c559916d1830fc9e55649\"><strong>Sector professorat<\/strong><\/p>\n\n\n\n<p>Helena Mart\u00ednez<\/p>\n\n\n\n<p><span style=\"color: #000000;\"><span style=\"color: #333399;\"><span style=\"color: #000000;\">Ingrid Alemany<\/span><\/span><\/span> <\/p>\n\n\n\n<p><span style=\"color: #000000;\">M\u00edriam Andreu <\/span><\/p>\n\n\n\n<p><span style=\"color: #000000;\"><span data-sheets-root=\"1\">Roger Arqu\u00e9\u00a0<\/span><\/span><\/p>\n\n\n\n<p><span style=\"color: #000000;\">B\u00e1rbara Bail\u00e9n\u00a0<\/span><\/p>\n\n\n\n<p class=\"has-ast-global-color-8-color has-ast-global-color-0-background-color has-text-color has-background has-link-color wp-elements-8fb25720c59449ef30752b2e3027fd31\"><strong>Sector alumnat<\/strong><\/p>\n\n\n\n<p class=\"has-ast-global-color-8-color has-text-color has-link-color wp-elements-87eb99ac4cf32127e92ea10c947d0602\"><span style=\"color: #333399;\"><span style=\"color: #000000;\">Iker Cruz<\/span><\/span><\/p>\n\n\n\n<p class=\"has-ast-global-color-8-color has-text-color has-link-color wp-elements-31f3d5a10e4b9047dcde04df66f82833\"><span style=\"color: #333399;\"><span style=\"color: #000000;\">Mateu S\u00e1enz de Pablo<\/span><\/span><\/p>\n\n\n\n<p class=\"has-black-color has-ast-global-color-0-background-color has-text-color has-background has-link-color wp-elements-ca1dbb2c17cec07d38c0aa98f1664d41\"><strong>Representant de l&#8217;AFA<\/strong><\/p>\n\n\n\n<p><span style=\"color: #000000;\">Jaume Encinas<\/span><\/p>\n\n\n\n<p class=\"has-black-color has-ast-global-color-0-background-color has-text-color has-background has-link-color wp-elements-9e52f129f7af781985c19ac00bd0a2dd\"><strong>Representant PAS\/PAE<\/strong><\/p>\n\n\n\n<p><span style=\"color: #333399;\"><span style=\"color: #000000;\">Marcel Noguera<\/span><\/span><\/p>\n\n\n\n<p class=\"has-black-color has-ast-global-color-0-background-color has-text-color has-background has-link-color wp-elements-61a98a0c6c5a653e35e56734243668c2\"><strong>Representant Ajuntament<\/strong><\/p>\n\n\n\n<p><span style=\"color: #333399;\"><span style=\"color: #000000;\">Soledad Rosende<\/span><\/span><\/p>\n\n\n\n<p class=\"has-ast-global-color-0-background-color has-background\"><strong>Representants Fam\u00edlies<\/strong><\/p>\n\n\n\n<p>Marta Campmany<\/p>\n\n\n\n<p>Urko Ellacuria<\/p>\n\n\n\n<p><\/p>\n","protected":false},"excerpt":{"rendered":"<p>Equip directiu \u00a0Carme Mas (directora) Laura Soul\u00e8re (cap d&#8217;estudis) Gemma Gallart (secretaria) Sector professorat Helena Mart\u00ednez Ingrid Alemany M\u00edriam Andreu Roger Arqu\u00e9\u00a0 B\u00e1rbara Bail\u00e9n\u00a0 Sector alumnat Iker Cruz Mateu S\u00e1enz de Pablo Representant de l&#8217;AFA Jaume Encinas Representant PAS\/PAE Marcel Noguera Representant Ajuntament Soledad Rosende Representants Fam\u00edlies Marta Campmany Urko Ellacuria<\/p>\n","protected":false},"author":1,"featured_media":0,"parent":63,"menu_order":4,"comment_status":"closed","ping_status":"closed","template":"","meta":{"_bbp_topic_count":0,"_bbp_reply_count":0,"_bbp_total_topic_count":0,"_bbp_total_reply_count":0,"_bbp_voice_count":0,"_bbp_anonymous_reply_count":0,"_bbp_topic_count_hidden":0,"_bbp_reply_count_hidden":0,"_bbp_forum_subforum_count":0,"site-sidebar-layout":"default","site-content-layout":"","ast-site-content-layout":"default","site-content-style":"default","site-sidebar-style":"default","ast-global-header-display":"","ast-banner-title-visibility":"","ast-main-header-display":"","ast-hfb-above-header-display":"","ast-hfb-below-header-display":"","ast-hfb-mobile-header-display":"","site-post-title":"","ast-breadcrumbs-content":"","ast-featured-img":"","footer-sml-layout":"","theme-transparent-header-meta":"","adv-header-id-meta":"","stick-header-meta":"","header-above-stick-meta":"","header-main-stick-meta":"","header-below-stick-meta":"","astra-migrate-meta-layouts":"set","ast-page-background-enabled":"default","ast-page-background-meta":{"desktop":{"background-color":"var(--ast-global-color-4)","background-image":"","background-repeat":"repeat","background-position":"center center","background-size":"auto","background-attachment":"scroll","background-type":"","background-media":"","overlay-type":"","overlay-color":"","overlay-opacity":"","overlay-gradient":""},"tablet":{"background-color":"","background-image":"","background-repeat":"repeat","background-position":"center center","background-size":"auto","background-attachment":"scroll","background-type":"","background-media":"","overlay-type":"","overlay-color":"","overlay-opacity":"","overlay-gradient":""},"mobile":{"background-color":"","background-image":"","background-repeat":"repeat","background-position":"center center","background-size":"auto","background-attachment":"scroll","background-type":"","background-media":"","overlay-type":"","overlay-color":"","overlay-opacity":"","overlay-gradient":""}},"ast-content-background-meta":{"desktop":{"background-color":"var(--ast-global-color-5)","background-image":"","background-repeat":"repeat","background-position":"center center","background-size":"auto","background-attachment":"scroll","background-type":"","background-media":"","overlay-type":"","overlay-color":"","overlay-opacity":"","overlay-gradient":""},"tablet":{"background-color":"var(--ast-global-color-5)","background-image":"","background-repeat":"repeat","background-position":"center center","background-size":"auto","background-attachment":"scroll","background-type":"","background-media":"","overlay-type":"","overlay-color":"","overlay-opacity":"","overlay-gradient":""},"mobile":{"background-color":"var(--ast-global-color-5)","background-image":"","background-repeat":"repeat","background-position":"center center","background-size":"auto","background-attachment":"scroll","background-type":"","background-media":"","overlay-type":"","overlay-color":"","overlay-opacity":"","overlay-gradient":""}},"footnotes":""},"class_list":["post-387","page","type-page","status-publish","hentry"],"post_mailing_queue_ids":[],"_links":{"self":[{"href":"https:\/\/agora.xtec.cat\/insmariacanela\/wp-json\/wp\/v2\/pages\/387","targetHints":{"allow":["GET"]}}],"collection":[{"href":"https:\/\/agora.xtec.cat\/insmariacanela\/wp-json\/wp\/v2\/pages"}],"about":[{"href":"https:\/\/agora.xtec.cat\/insmariacanela\/wp-json\/wp\/v2\/types\/page"}],"author":[{"embeddable":true,"href":"https:\/\/agora.xtec.cat\/insmariacanela\/wp-json\/wp\/v2\/users\/1"}],"replies":[{"embeddable":true,"href":"https:\/\/agora.xtec.cat\/insmariacanela\/wp-json\/wp\/v2\/comments?post=387"}],"version-history":[{"count":5,"href":"https:\/\/agora.xtec.cat\/insmariacanela\/wp-json\/wp\/v2\/pages\/387\/revisions"}],"predecessor-version":[{"id":6067,"href":"https:\/\/agora.xtec.cat\/insmariacanela\/wp-json\/wp\/v2\/pages\/387\/revisions\/6067"}],"up":[{"embeddable":true,"href":"https:\/\/agora.xtec.cat\/insmariacanela\/wp-json\/wp\/v2\/pages\/63"}],"wp:attachment":[{"href":"https:\/\/agora.xtec.cat\/insmariacanela\/wp-json\/wp\/v2\/media?parent=387"}],"curies":[{"name":"wp","href":"https:\/\/api.w.org\/{rel}","templated":true}]}}