{"id":385,"date":"2018-07-22T13:35:04","date_gmt":"2018-07-22T11:35:04","guid":{"rendered":"http:\/\/agora.xtec.cat\/insmariacanela\/?page_id=385"},"modified":"2025-09-28T11:15:46","modified_gmt":"2025-09-28T09:15:46","slug":"tutors-i-professorat","status":"publish","type":"page","link":"https:\/\/agora.xtec.cat\/insmariacanela\/organitzacio-2\/tutors-i-professorat\/","title":{"rendered":"Tutories i professorat"},"content":{"rendered":"<p><span style=\"color: #339966;\"><strong>Curs 2025-26<\/strong><\/span><\/p>\n<pre><span style=\"color: #000000;\"><strong><em>Tutories\n<\/em><\/strong><\/span>\n<span style=\"color: #000000;\"><span style=\"color: #339966;\">1r A: <span style=\"color: #333333;\">Mari Carmen Gallardo<\/span><\/span><\/span>\n<span style=\"color: #000000;\"><span style=\"color: #339966;\">1r B: <span style=\"color: #333333;\">Emili Rueda \n<\/span><\/span><\/span><span style=\"color: #000000;\"><span style=\"color: #339966;\">2n A:<\/span> Toni Moya<\/span>\n<span style=\"color: #000000;\"><span style=\"color: #339966;\">2n B:<\/span> M\u00edriam Tajahuerce<\/span>\n<span style=\"color: #000000;\"><span style=\"color: #339966;\">3r A:<\/span> Ramon Muntadas<\/span>\n<span style=\"color: #000000;\"><span style=\"color: #333399;\"><span style=\"color: #339966;\">3r B:<\/span><span style=\"color: #000000;\"> Jes\u00fas R. Mart\u00ednez<\/span><\/span><\/span>\n<span style=\"color: #000000;\"><span style=\"color: #339966;\">4t A: <\/span><span style=\"color: #339966;\"><span style=\"color: #000000;\">Anna Mart\u00ednez<\/span><\/span><\/span>\n<span style=\"color: #000000;\"><span style=\"color: #339966;\">4t B:<\/span> Sara P\u00e9rez<\/span>\n<span style=\"color: #000000;\"><span style=\"color: #339966;\">Aula Oberta (3r-4t):<\/span> Roser Font<\/span>\n<span style=\"color: #339966;\">Tutoria Aula d'Acollida:<\/span> <span style=\"color: #000000;\">B\u00e0rbara Bail\u00e9n<\/span>\n<span style=\"color: #ffffff;\"><span style=\"color: #339966;\">Tutoria SIEI:<\/span> <span style=\"color: #000000;\">M\u00edriam Garcia\n\n<\/span><\/span><\/pre>\n<p><span style=\"color: #000000;\"><strong><em>Mat\u00e8ries comunes i espec\u00edfiques Curs 2025-2026:<\/em><\/strong><\/span><\/p>\n<p style=\"text-align: left;\"><a href=\"https:\/\/agora.xtec.cat\/insmariacanela\/wp-content\/uploads\/usu413\/2025\/09\/Maria-Canela-25-26-e1759048218277.jpg\"><img loading=\"lazy\" decoding=\"async\" class=\"size-medium wp-image-5427 alignleft\" src=\"https:\/\/agora.xtec.cat\/insmariacanela\/wp-content\/uploads\/usu413\/2025\/09\/Maria-Canela-25-26-e1759048218277-300x150.jpg\" alt=\"\" width=\"300\" height=\"150\" srcset=\"https:\/\/agora.xtec.cat\/insmariacanela\/wp-content\/uploads\/usu413\/2025\/09\/Maria-Canela-25-26-e1759048218277-300x150.jpg 300w, https:\/\/agora.xtec.cat\/insmariacanela\/wp-content\/uploads\/usu413\/2025\/09\/Maria-Canela-25-26-e1759048218277-1024x510.jpg 1024w, https:\/\/agora.xtec.cat\/insmariacanela\/wp-content\/uploads\/usu413\/2025\/09\/Maria-Canela-25-26-e1759048218277-768x383.jpg 768w, https:\/\/agora.xtec.cat\/insmariacanela\/wp-content\/uploads\/usu413\/2025\/09\/Maria-Canela-25-26-e1759048218277-1536x766.jpg 1536w, https:\/\/agora.xtec.cat\/insmariacanela\/wp-content\/uploads\/usu413\/2025\/09\/Maria-Canela-25-26-e1759048218277-2048x1021.jpg 2048w\" sizes=\"auto, (max-width: 300px) 100vw, 300px\" \/><\/a><\/p>\n\n\n<p><\/p>\n","protected":false},"excerpt":{"rendered":"<p>Curs 2025-26 Tutories 1r A: Mari Carmen Gallardo 1r B: Emili Rueda 2n A: Toni Moya 2n B: M\u00edriam Tajahuerce 3r A: Ramon Muntadas 3r B: Jes\u00fas R. Mart\u00ednez 4t A: Anna Mart\u00ednez 4t B: Sara P\u00e9rez Aula Oberta (3r-4t): Roser Font Tutoria Aula d&#8217;Acollida: B\u00e0rbara Bail\u00e9n Tutoria SIEI: M\u00edriam Garcia Mat\u00e8ries comunes i espec\u00edfiques [&hellip;]<\/p>\n","protected":false},"author":1,"featured_media":0,"parent":63,"menu_order":3,"comment_status":"closed","ping_status":"closed","template":"","meta":{"_bbp_topic_count":0,"_bbp_reply_count":0,"_bbp_total_topic_count":0,"_bbp_total_reply_count":0,"_bbp_voice_count":0,"_bbp_anonymous_reply_count":0,"_bbp_topic_count_hidden":0,"_bbp_reply_count_hidden":0,"_bbp_forum_subforum_count":0,"site-sidebar-layout":"default","site-content-layout":"","ast-site-content-layout":"default","site-content-style":"default","site-sidebar-style":"default","ast-global-header-display":"","ast-banner-title-visibility":"","ast-main-header-display":"","ast-hfb-above-header-display":"","ast-hfb-below-header-display":"","ast-hfb-mobile-header-display":"","site-post-title":"","ast-breadcrumbs-content":"","ast-featured-img":"","footer-sml-layout":"","theme-transparent-header-meta":"","adv-header-id-meta":"","stick-header-meta":"","header-above-stick-meta":"","header-main-stick-meta":"","header-below-stick-meta":"","astra-migrate-meta-layouts":"set","ast-page-background-enabled":"default","ast-page-background-meta":{"desktop":{"background-color":"var(--ast-global-color-4)","background-image":"","background-repeat":"repeat","background-position":"center center","background-size":"auto","background-attachment":"scroll","background-type":"","background-media":"","overlay-type":"","overlay-color":"","overlay-opacity":"","overlay-gradient":""},"tablet":{"background-color":"","background-image":"","background-repeat":"repeat","background-position":"center center","background-size":"auto","background-attachment":"scroll","background-type":"","background-media":"","overlay-type":"","overlay-color":"","overlay-opacity":"","overlay-gradient":""},"mobile":{"background-color":"","background-image":"","background-repeat":"repeat","background-position":"center center","background-size":"auto","background-attachment":"scroll","background-type":"","background-media":"","overlay-type":"","overlay-color":"","overlay-opacity":"","overlay-gradient":""}},"ast-content-background-meta":{"desktop":{"background-color":"var(--ast-global-color-5)","background-image":"","background-repeat":"repeat","background-position":"center center","background-size":"auto","background-attachment":"scroll","background-type":"","background-media":"","overlay-type":"","overlay-color":"","overlay-opacity":"","overlay-gradient":""},"tablet":{"background-color":"var(--ast-global-color-5)","background-image":"","background-repeat":"repeat","background-position":"center center","background-size":"auto","background-attachment":"scroll","background-type":"","background-media":"","overlay-type":"","overlay-color":"","overlay-opacity":"","overlay-gradient":""},"mobile":{"background-color":"var(--ast-global-color-5)","background-image":"","background-repeat":"repeat","background-position":"center center","background-size":"auto","background-attachment":"scroll","background-type":"","background-media":"","overlay-type":"","overlay-color":"","overlay-opacity":"","overlay-gradient":""}},"footnotes":""},"class_list":["post-385","page","type-page","status-publish","hentry"],"post_mailing_queue_ids":[],"_links":{"self":[{"href":"https:\/\/agora.xtec.cat\/insmariacanela\/wp-json\/wp\/v2\/pages\/385","targetHints":{"allow":["GET"]}}],"collection":[{"href":"https:\/\/agora.xtec.cat\/insmariacanela\/wp-json\/wp\/v2\/pages"}],"about":[{"href":"https:\/\/agora.xtec.cat\/insmariacanela\/wp-json\/wp\/v2\/types\/page"}],"author":[{"embeddable":true,"href":"https:\/\/agora.xtec.cat\/insmariacanela\/wp-json\/wp\/v2\/users\/1"}],"replies":[{"embeddable":true,"href":"https:\/\/agora.xtec.cat\/insmariacanela\/wp-json\/wp\/v2\/comments?post=385"}],"version-history":[{"count":6,"href":"https:\/\/agora.xtec.cat\/insmariacanela\/wp-json\/wp\/v2\/pages\/385\/revisions"}],"predecessor-version":[{"id":5435,"href":"https:\/\/agora.xtec.cat\/insmariacanela\/wp-json\/wp\/v2\/pages\/385\/revisions\/5435"}],"up":[{"embeddable":true,"href":"https:\/\/agora.xtec.cat\/insmariacanela\/wp-json\/wp\/v2\/pages\/63"}],"wp:attachment":[{"href":"https:\/\/agora.xtec.cat\/insmariacanela\/wp-json\/wp\/v2\/media?parent=385"}],"curies":[{"name":"wp","href":"https:\/\/api.w.org\/{rel}","templated":true}]}}