{"id":1922,"date":"2020-10-18T23:15:28","date_gmt":"2020-10-18T21:15:28","guid":{"rendered":"http:\/\/agora.xtec.cat\/insmariacanela\/?page_id=1922"},"modified":"2026-01-28T20:02:30","modified_gmt":"2026-01-28T19:02:30","slug":"projecte-siei","status":"publish","type":"page","link":"https:\/\/agora.xtec.cat\/insmariacanela\/projectes\/projecte-siei\/","title":{"rendered":"SIEI (Suport intensiu a l&#8217; escolaritzaci\u00f3 inclusiva)"},"content":{"rendered":"\n<p><strong>Suport Intensiu Escolaritzaci\u00f3 Inclusiva:<\/strong> Els suports intensius per a escolaritzaci\u00f3 inclusiva (SIEI), s\u00f3n dotacions extraordin\u00e0ries de professionals que s&#8217;incorporen a les plantilles d\u2019escoles i instituts com a recursos intensius per atendre els alumnes amb necessitats educatives especials que ho necessitin.<\/p>\n\n\n\n<p><span style=\"color: #339966;\"><strong>Orientadora i coordinadora:<\/strong><\/span> M\u00edriam Garc\u00eda<br><span style=\"color: #339966;\"><strong>Orientadora:<\/strong><\/span> S\u00edlvia Moreno<br><span style=\"color: #339966;\"><strong>Educadora:<\/strong> <\/span>Ver\u00f3nica Garc\u00eda<\/p>\n\n\n\n<p class=\"has-ast-global-color-0-background-color has-background\"><strong>PROJECTE<\/strong><\/p>\n\n\n\n<p>1. Elecci\u00f3 del tema sobre qual versar\u00e0 el projecte. Els alumnes fan propostes sobre la tem\u00e0tica que els agradaria investigar i n\u2019escullen una.<\/p>\n\n\n\n<p>2. Recerca d&#8217;informaci\u00f3 sobre el tema escollit.<\/p>\n\n\n\n<p>3. Posada en com\u00fa de la informaci\u00f3 trobada i elaboraci\u00f3 de les diferents propostes d\u2019aprenentatge (presentaci\u00f3 multim\u00e8dia, murals, maquetes, etc.).<\/p>\n\n\n\n<p>4. Presentaci\u00f3 oral de les propostes d\u2019aprenentatge.<\/p>\n\n\n\n<p>5. Avaluaci\u00f3, autoavaluaci\u00f3 i coavaluaci\u00f3 del projecte.<\/p>\n\n\n\n<p class=\"has-ast-global-color-0-background-color has-background\"><strong>TALLER DE CUINA<\/strong><\/p>\n\n\n\n<p>1. Els alumnes fan propostes sobre receptes que els agradaria elaborar.<\/p>\n\n\n\n<p>2. Recerca d\u2019informaci\u00f3 sobre la viabilitat de la recepta, els ingredients, l\u2019elaboraci\u00f3, l\u2019origen de cada producte, l\u2019etiquetatge, el funcionament d\u2019un mercat i realitzaci\u00f3 d\u2019una recepta relacionada amb una festivitat.<\/p>\n\n\n\n<p>3. Realitzaci\u00f3 de les compres dels ingredients.<\/p>\n\n\n\n<p>4. Preparaci\u00f3 de les receptes (preparaci\u00f3 i processat dels aliments).<\/p>\n\n\n\n<p>5. Treball de l\u2019origen dels aliments, el funcionament i horaris del mercat municipal.<\/p>\n\n\n\n<p>5. Avaluaci\u00f3 i autoavaluaci\u00f3 realitzant el dossier posterior a la compra i a la realitzaci\u00f3 de la recepta.<\/p>\n\n\n\n<p>Durant el <strong>primer trimestre<\/strong> els nostres alumnes han apr\u00e8s a elaborar <strong>diferents receptes:<\/strong> Amanida de llenties, massa de pizza amb el seu farcit, entrep\u00e0 de truita i unes galetes de Nadal (Alemanya).<\/p>\n\n\n\n<p>Despr\u00e9s de les vacances han apr\u00e8s a elaborar una Arepa (Colombia). Aquest any, per fomentar la seva autonomia, estem introduint receptes que puguin fer-se f\u00e0cilment ells mateixos a casa.<\/p>\n\n\n\n<p>Tamb\u00e9 estem realitzant<strong> sortides fora de Martorell<\/strong>, fent \u00fas del transport p\u00fablic. I dins de Martorell a peu, per con\u00e8ixer els diferents serveis que hi ha a la ciutat.<\/p>\n\n\n\r\n\t<div class=\"slideshow_container slideshow_container_style-light\" style=\" \" data-slideshow-id=\"5053\" data-style-name=\"style-light\" data-style-version=\"2.3.1\" >\r\n\r\n\t\t\t\t\t<div class=\"slideshow_loading_icon\"><\/div>\r\n\t\t\r\n\t\t<div class=\"slideshow_content\" style=\"display: none;\">\r\n\r\n\t\t\t<div class=\"slideshow_view\">\r\n\t\t\t\t<div class=\"slideshow_slide slideshow_slide_image\">\r\n\t\t\t\t\t\t\t\t\t\t\t<img src=\"https:\/\/agora.xtec.cat\/insmariacanela\/wp-content\/uploads\/usu413\/2025\/02\/Copia-de-IMG_8124-w1-1.jpg\" alt=\"C\u00f2pia de IMG_8124 w1\" width=\"1024\" height=\"1365\" \/>\r\n\t\t\t\t\t\t\t\t\t\t<div class=\"slideshow_description_box slideshow_transparent\">\r\n\t\t\t\t\t\t<div class=\"slideshow_title\">C\u00f2pia de IMG_8124 w1<\/div>\t\t\t\t\t\t\t\t\t\t\t<\/div>\r\n\t\t\t\t<\/div>\r\n\r\n\t\t\t\t\t\t<div style=\"clear: both;\"><\/div><\/div><div class=\"slideshow_view\">\r\n\t\t\t\t<div class=\"slideshow_slide slideshow_slide_image\">\r\n\t\t\t\t\t\t\t\t\t\t\t<img src=\"https:\/\/agora.xtec.cat\/insmariacanela\/wp-content\/uploads\/usu413\/2025\/02\/Copia-de-IMG_1664-w2.jpg\" alt=\"C\u00f2pia de IMG_1664 w2\" width=\"1024\" height=\"1365\" \/>\r\n\t\t\t\t\t\t\t\t\t\t<div class=\"slideshow_description_box slideshow_transparent\">\r\n\t\t\t\t\t\t<div class=\"slideshow_title\">C\u00f2pia de IMG_1664 w2<\/div>\t\t\t\t\t\t\t\t\t\t\t<\/div>\r\n\t\t\t\t<\/div>\r\n\r\n\t\t\t\t\t\t<div style=\"clear: both;\"><\/div><\/div><div class=\"slideshow_view\">\r\n\t\t\t\t<div class=\"slideshow_slide slideshow_slide_image\">\r\n\t\t\t\t\t\t\t\t\t\t\t<img src=\"https:\/\/agora.xtec.cat\/insmariacanela\/wp-content\/uploads\/usu413\/2025\/02\/Copia-de-IMG_1109-w3.jpg\" alt=\"C\u00f2pia de IMG_1109 w3\" width=\"1024\" height=\"1365\" \/>\r\n\t\t\t\t\t\t\t\t\t\t<div class=\"slideshow_description_box slideshow_transparent\">\r\n\t\t\t\t\t\t<div class=\"slideshow_title\">C\u00f2pia de IMG_1109 w3<\/div>\t\t\t\t\t\t\t\t\t\t\t<\/div>\r\n\t\t\t\t<\/div>\r\n\r\n\t\t\t\t\t\t<div style=\"clear: both;\"><\/div><\/div><div class=\"slideshow_view\">\r\n\t\t\t\t<div class=\"slideshow_slide slideshow_slide_image\">\r\n\t\t\t\t\t\t\t\t\t\t\t<img src=\"https:\/\/agora.xtec.cat\/insmariacanela\/wp-content\/uploads\/usu413\/2025\/02\/Copia-de-IMG_1106-w5.jpg\" alt=\"C\u00f2pia de IMG_1106 w5\" width=\"1024\" height=\"1365\" \/>\r\n\t\t\t\t\t\t\t\t\t\t<div class=\"slideshow_description_box slideshow_transparent\">\r\n\t\t\t\t\t\t<div class=\"slideshow_title\">C\u00f2pia de IMG_1106 w5<\/div>\t\t\t\t\t\t\t\t\t\t\t<\/div>\r\n\t\t\t\t<\/div>\r\n\r\n\t\t\t\t\t\t<div style=\"clear: both;\"><\/div><\/div><div class=\"slideshow_view\">\r\n\t\t\t\t<div class=\"slideshow_slide slideshow_slide_image\">\r\n\t\t\t\t\t\t\t\t\t\t\t<img src=\"https:\/\/agora.xtec.cat\/insmariacanela\/wp-content\/uploads\/usu413\/2025\/02\/Copia-de-IMG_8124-w1.jpg\" alt=\"C\u00f2pia de IMG_8124 w1\" width=\"1024\" height=\"1365\" \/>\r\n\t\t\t\t\t\t\t\t\t\t<div class=\"slideshow_description_box slideshow_transparent\">\r\n\t\t\t\t\t\t<div class=\"slideshow_title\">C\u00f2pia de IMG_8124 w1<\/div>\t\t\t\t\t\t\t\t\t\t\t<\/div>\r\n\t\t\t\t<\/div>\r\n\r\n\t\t\t\t\t\t<div style=\"clear: both;\"><\/div><\/div>\r\n\t\t<\/div>\r\n\r\n\t\t<div class=\"slideshow_controlPanel slideshow_transparent\" style=\"display: none;\"><ul><li class=\"slideshow_togglePlay\" data-play-text=\"Visualitza\" data-pause-text=\"Pausa\"><\/li><\/ul><\/div>\r\n\r\n\t\t<div class=\"slideshow_button slideshow_previous slideshow_transparent\" role=\"button\" data-previous-text=\"Anterior\" style=\"display: none;\"><\/div>\r\n\t\t<div class=\"slideshow_button slideshow_next slideshow_transparent\" role=\"button\" data-next-text=\"Seg\u00fcent\" style=\"display: none;\"><\/div>\r\n\r\n\t\t<div class=\"slideshow_pagination\" style=\"display: none;\" data-go-to-text=\"V\u00e9s a la diapositiva\"><div class=\"slideshow_pagination_center\"><\/div><\/div>\r\n\r\n\t\t<!-- WordPress Slideshow Version 2.3.1 -->\r\n\r\n\t\t\t<\/div>\r\n\r\n\n\n\n\n<p>&nbsp;<\/p>\n","protected":false},"excerpt":{"rendered":"<p>Suport Intensiu Escolaritzaci\u00f3 Inclusiva: Els suports intensius per a escolaritzaci\u00f3 inclusiva (SIEI), s\u00f3n dotacions extraordin\u00e0ries de professionals que s&#8217;incorporen a les plantilles d\u2019escoles i instituts com a recursos intensius per atendre els alumnes amb necessitats educatives especials que ho necessitin. Orientadora i coordinadora: M\u00edriam Garc\u00edaOrientadora: S\u00edlvia MorenoEducadora: Ver\u00f3nica Garc\u00eda PROJECTE 1. Elecci\u00f3 del tema sobre [&hellip;]<\/p>\n","protected":false},"author":1,"featured_media":0,"parent":627,"menu_order":7,"comment_status":"closed","ping_status":"closed","template":"","meta":{"_bbp_topic_count":0,"_bbp_reply_count":0,"_bbp_total_topic_count":0,"_bbp_total_reply_count":0,"_bbp_voice_count":0,"_bbp_anonymous_reply_count":0,"_bbp_topic_count_hidden":0,"_bbp_reply_count_hidden":0,"_bbp_forum_subforum_count":0,"site-sidebar-layout":"default","site-content-layout":"","ast-site-content-layout":"default","site-content-style":"default","site-sidebar-style":"default","ast-global-header-display":"","ast-banner-title-visibility":"","ast-main-header-display":"","ast-hfb-above-header-display":"","ast-hfb-below-header-display":"","ast-hfb-mobile-header-display":"","site-post-title":"","ast-breadcrumbs-content":"","ast-featured-img":"","footer-sml-layout":"","theme-transparent-header-meta":"","adv-header-id-meta":"","stick-header-meta":"","header-above-stick-meta":"","header-main-stick-meta":"","header-below-stick-meta":"","astra-migrate-meta-layouts":"set","ast-page-background-enabled":"default","ast-page-background-meta":{"desktop":{"background-color":"var(--ast-global-color-4)","background-image":"","background-repeat":"repeat","background-position":"center center","background-size":"auto","background-attachment":"scroll","background-type":"","background-media":"","overlay-type":"","overlay-color":"","overlay-opacity":"","overlay-gradient":""},"tablet":{"background-color":"","background-image":"","background-repeat":"repeat","background-position":"center center","background-size":"auto","background-attachment":"scroll","background-type":"","background-media":"","overlay-type":"","overlay-color":"","overlay-opacity":"","overlay-gradient":""},"mobile":{"background-color":"","background-image":"","background-repeat":"repeat","background-position":"center center","background-size":"auto","background-attachment":"scroll","background-type":"","background-media":"","overlay-type":"","overlay-color":"","overlay-opacity":"","overlay-gradient":""}},"ast-content-background-meta":{"desktop":{"background-color":"var(--ast-global-color-5)","background-image":"","background-repeat":"repeat","background-position":"center center","background-size":"auto","background-attachment":"scroll","background-type":"","background-media":"","overlay-type":"","overlay-color":"","overlay-opacity":"","overlay-gradient":""},"tablet":{"background-color":"var(--ast-global-color-5)","background-image":"","background-repeat":"repeat","background-position":"center center","background-size":"auto","background-attachment":"scroll","background-type":"","background-media":"","overlay-type":"","overlay-color":"","overlay-opacity":"","overlay-gradient":""},"mobile":{"background-color":"var(--ast-global-color-5)","background-image":"","background-repeat":"repeat","background-position":"center center","background-size":"auto","background-attachment":"scroll","background-type":"","background-media":"","overlay-type":"","overlay-color":"","overlay-opacity":"","overlay-gradient":""}},"footnotes":""},"class_list":["post-1922","page","type-page","status-publish","hentry"],"post_mailing_queue_ids":[],"_links":{"self":[{"href":"https:\/\/agora.xtec.cat\/insmariacanela\/wp-json\/wp\/v2\/pages\/1922","targetHints":{"allow":["GET"]}}],"collection":[{"href":"https:\/\/agora.xtec.cat\/insmariacanela\/wp-json\/wp\/v2\/pages"}],"about":[{"href":"https:\/\/agora.xtec.cat\/insmariacanela\/wp-json\/wp\/v2\/types\/page"}],"author":[{"embeddable":true,"href":"https:\/\/agora.xtec.cat\/insmariacanela\/wp-json\/wp\/v2\/users\/1"}],"replies":[{"embeddable":true,"href":"https:\/\/agora.xtec.cat\/insmariacanela\/wp-json\/wp\/v2\/comments?post=1922"}],"version-history":[{"count":6,"href":"https:\/\/agora.xtec.cat\/insmariacanela\/wp-json\/wp\/v2\/pages\/1922\/revisions"}],"predecessor-version":[{"id":5833,"href":"https:\/\/agora.xtec.cat\/insmariacanela\/wp-json\/wp\/v2\/pages\/1922\/revisions\/5833"}],"up":[{"embeddable":true,"href":"https:\/\/agora.xtec.cat\/insmariacanela\/wp-json\/wp\/v2\/pages\/627"}],"wp:attachment":[{"href":"https:\/\/agora.xtec.cat\/insmariacanela\/wp-json\/wp\/v2\/media?parent=1922"}],"curies":[{"name":"wp","href":"https:\/\/api.w.org\/{rel}","templated":true}]}}